{"id":99954,"date":"2026-03-20T10:51:19","date_gmt":"2026-03-20T10:51:19","guid":{"rendered":"https:\/\/soydeaqui.ddns.net\/pachuca\/index.php\/producto\/dvr-movil-multiplataforma-4-canales-ahd-2-megapixel-4-canales-ip-almacenamiento-en-hdd-h-265-soporta-4g-wifi-gps\/"},"modified":"2026-03-20T10:51:35","modified_gmt":"2026-03-20T10:51:35","slug":"dvr-movil-multiplataforma-4-canales-ahd-2-megapixel-4-canales-ip-almacenamiento-en-hdd-h-265-soporta-4g-wifi-gps","status":"publish","type":"product","link":"https:\/\/soydeaqui.ddns.net\/pachuca\/index.php\/producto\/dvr-movil-multiplataforma-4-canales-ahd-2-megapixel-4-canales-ip-almacenamiento-en-hdd-h-265-soporta-4g-wifi-gps\/","title":{"rendered":"DVR M\u00f3vil \/ Multiplataforma \/ 4 Canales AHD 2 Megapixel + 4 canales IP \/ Almacenamiento en HDD \/ H.265 \/ Soporta 4G \/ WiFi \/ GPS"},"content":{"rendered":"<div style='width: 100%; max-width: 1200px; margin: 0 auto; font-family: sans-serif; line-height: 1.6; color: inherit;'>\n<div style='width: 100%;'>\n<p><a href='https:\/\/soporte.syscom.mx\/es\/collections\/2973654-epcom-xmr-videovigilancia-movil'> <img style='width: 100%; height: auto; border: 1px solid rgba(150&comma;150&comma;150&comma;0.3); border-radius: 8px;' src='https:\/\/ftp3.syscom.mx\/usuarios\/aberumen\/Banners\/clic%20manuales.jpg' alt='Clic manuales'> <\/a><\/p>\n<p> <\/p>\n<h3> <img style='width: 100%; height: auto; border: 1px solid rgba(150&comma;150&comma;150&comma;0.3); border-radius: 8px;' src='https:\/\/ftp3.syscom.mx\/usuarios\/aberumen\/Banners\/Banner-inteligencia-artificial%20Streamax.jpg' alt='Banner inteligencia artificial'> <\/h3>\n<p><span style='color: #7e8c8d; font-size: 14pt;'><strong>La seguridad en el transporte p\u00fablico&comma; traslado de mercanc\u00eda&comma; taxis&comma;etc.&comma; es un motivo de preocupaci\u00f3n en caso de accidentes de tr\u00e1nsito o la protecci\u00f3n contra posibles asaltos; los medios de transporte hacen necesaria la existencia de un sistema de gesti\u00f3n central que brinde protecci\u00f3n contra actividades delictivas como hurtos&comma; arrebatos&comma; entre otros.<\/strong><\/span><\/p>\n<div style='display: flex; flex-wrap: wrap; gap: 30px; margin-bottom: 30px;'>\n<div style='flex: 1 1 300px; min-width: 280px;'>\n<div style='border: 1px solid rgba(150&comma; 150&comma; 150&comma; 0.4); border-radius: 8px; overflow: hidden; display: flex; flex-direction: column;'>\n<div style='padding: 15px; border-bottom: 1px solid rgba(150&comma; 150&comma; 150&comma; 0.2); font-weight: bold; font-size: 18px; color: inherit;'>Descripci\u00f3n general<\/div>\n<div style='padding: 15px; color: inherit;'>\n<p>Una alternativa avanzada para la gesti\u00f3n de flotillas. Dispositivo dise\u00f1ado para revolucionar la administraci\u00f3n de veh\u00edculos.<\/p>\n<p>El MDVR con un dise\u00f1o de hardware de vanguardia son soluciones altamente competitivas en el mercado&comma; ofreciendo un rendimiento excepcional&comma; resistencia y funcionalidad para satisfacer las variadas necesidades de la industria que buscan soluciones para la administraci\u00f3n de flotillas de veh\u00edculos.<\/p>\n<\/p><\/div>\n<\/p><\/div>\n<\/p><\/div>\n<div style='flex: 1 1 300px; min-width: 280px;'>\n<div style='border: 1px solid rgba(150&comma; 150&comma; 150&comma; 0.4); border-radius: 8px; overflow: hidden; display: flex; flex-direction: column;'>\n<div style='padding: 15px; border-bottom: 1px solid rgba(150&comma; 150&comma; 150&comma; 0.2); font-weight: bold; font-size: 18px; color: inherit;'>IA ADAS y DSM embebido<\/div>\n<div style='padding: 15px; color: inherit;'>\n<p>El MDVR XMR401NAHDS equipado con un avanzado chip interno impulsado por tecnolog\u00eda de inteligencia artificial (IA) que proporciona un rendimiento excepcional para respaldar y analizar la tecnolog\u00eda ADAS y DSM.<\/p>\n<\/p><\/div>\n<\/p><\/div>\n<\/p><\/div>\n<div style='flex: 1 1 300px; min-width: 280px;'>\n<div style='border: 1px solid rgba(150&comma; 150&comma; 150&comma; 0.4); border-radius: 8px; overflow: hidden; display: flex; flex-direction: column;'>\n<div style='padding: 15px; border-bottom: 1px solid rgba(150&comma; 150&comma; 150&comma; 0.2); font-weight: bold; font-size: 18px; color: inherit;'>Caracter\u00edsticas destacadas<\/div>\n<div style='padding: 15px; color: inherit;'>\n<ul style='padding-left: 20px; margin: 0; font-size: 14px; list-style-type: disc;'>\n<li style='margin-bottom: 5px;'>Soporta 4 canales an\u00e1logos <strong>AHD<\/strong> hasta <strong>2MP<\/strong> + 4 canales <strong>IP<\/strong> hasta <strong>2MP<\/strong><\/li>\n<li style='margin-bottom: 5px;'>Almacenamiento:\n<ul style='padding-left: 20px; margin: 0; font-size: 14px; list-style-type: disc;'>\n<li style='margin-bottom: 5px;'>1 x 3.5 SATA HDD.<\/li>\n<li style='margin-bottom: 5px;'>1 x M.2 SSD.<\/li>\n<\/ul>\n<\/li>\n<\/ul><\/div>\n<\/p><\/div>\n<\/p><\/div>\n<\/p><\/div>\n<div style='margin-bottom: 30px;'>\n<div style='border: 1px solid rgba(150&comma; 150&comma; 150&comma; 0.4); border-radius: 8px; overflow: hidden;'>\n<div style='padding: 15px; background-color: #808080; border-bottom: 1px solid #a80000; font-weight: bold; font-size: 18px; color: inherit;'>Caracter\u00edsticas generales<\/div>\n<div style='padding: 15px; color: inherit;'>\n<ul style='padding-left: 20px; margin: 0; font-size: 14px; list-style-type: disc;'>\n<li style='margin-bottom: 5px;'>Incluye m\u00f3dulos 4G&comma; GPS y WIFI.<\/li>\n<li style='margin-bottom: 5px;'>Voltaje de entrada 8~36 Vcc.<\/li>\n<li style='margin-bottom: 5px;'>Rango de temperatura -40 a 70\u00b0C<\/li>\n<li style='margin-bottom: 5px;'>G-sensor incluido.<\/li>\n<\/ul><\/div>\n<\/p><\/div>\n<\/p><\/div>\n<div style='width: 100%; margin: 30px 0;'> <img style='width: 100%; height: auto; border: 1px solid rgba(150&comma;150&comma;150&comma;0.3); border-radius: 8px;' src='https:\/\/ftp3.syscom.mx\/usuarios\/aberumen\/Banners\/LOGOS-MOVILES.png' alt='Logos m\u00f3viles'> <\/div>\n<div style='display: flex; flex-wrap: wrap; gap: 30px; margin-top: 30px;'>\n<div style='flex: 1 1 400px; min-width: 300px;'>\n<div style='position: relative; padding-bottom: 56.25%; height: 0; overflow: hidden; margin-bottom: 30px;'>   <\/div>\n<\/p><\/div>\n<div style='flex: 1 1 400px; min-width: 300px;'>\n<div style='position: relative; padding-bottom: 56.25%; height: 0; overflow: hidden; margin-bottom: 30px;'>   <\/div>\n<\/p><\/div>\n<\/p><\/div>\n<\/p><\/div>\n","protected":false},"excerpt":{"rendered":"<p>DVR M\u00f3vil \/ Multiplataforma \/ 4 Canales AHD 2 Megapixel + 4 canales IP \/ Almacenamiento en HDD \/ H.265 \/ Soporta 4G \/ WiFi \/ GPS<\/p>\n","protected":false},"featured_media":99953,"comment_status":"open","ping_status":"closed","template":"","meta":[],"product_brand":[],"product_cat":[2244,1406],"product_tag":[1409,2245,1474,1345],"class_list":{"0":"post-99954","1":"product","2":"type-product","3":"status-publish","4":"has-post-thumbnail","6":"product_cat-mdvr-mnvr","7":"product_cat-videograbadoras-moviles-videovigilancia","8":"product_tag-dash-cams-y-body-cams","9":"product_tag-mdvr-mnvr","10":"product_tag-streamax","11":"product_tag-videograbadoras-moviles","13":"first","14":"instock","15":"sale","16":"shipping-taxable","17":"purchasable","18":"product-type-simple"},"_links":{"self":[{"href":"https:\/\/soydeaqui.ddns.net\/pachuca\/index.php\/wp-json\/wp\/v2\/product\/99954","targetHints":{"allow":["GET"]}}],"collection":[{"href":"https:\/\/soydeaqui.ddns.net\/pachuca\/index.php\/wp-json\/wp\/v2\/product"}],"about":[{"href":"https:\/\/soydeaqui.ddns.net\/pachuca\/index.php\/wp-json\/wp\/v2\/types\/product"}],"replies":[{"embeddable":true,"href":"https:\/\/soydeaqui.ddns.net\/pachuca\/index.php\/wp-json\/wp\/v2\/comments?post=99954"}],"wp:featuredmedia":[{"embeddable":true,"href":"https:\/\/soydeaqui.ddns.net\/pachuca\/index.php\/wp-json\/wp\/v2\/media\/99953"}],"wp:attachment":[{"href":"https:\/\/soydeaqui.ddns.net\/pachuca\/index.php\/wp-json\/wp\/v2\/media?parent=99954"}],"wp:term":[{"taxonomy":"product_brand","embeddable":true,"href":"https:\/\/soydeaqui.ddns.net\/pachuca\/index.php\/wp-json\/wp\/v2\/product_brand?post=99954"},{"taxonomy":"product_cat","embeddable":true,"href":"https:\/\/soydeaqui.ddns.net\/pachuca\/index.php\/wp-json\/wp\/v2\/product_cat?post=99954"},{"taxonomy":"product_tag","embeddable":true,"href":"https:\/\/soydeaqui.ddns.net\/pachuca\/index.php\/wp-json\/wp\/v2\/product_tag?post=99954"}],"curies":[{"name":"wp","href":"https:\/\/api.w.org\/{rel}","templated":true}]}}