{"id":99792,"date":"2026-03-20T10:43:46","date_gmt":"2026-03-20T10:43:46","guid":{"rendered":"https:\/\/soydeaqui.ddns.net\/pachuca\/index.php\/producto\/punta-de-poste-ip-ptz-2-megapixel-25x-zoom-250-mts-ir-3d-dnr-alarmas-y-audio-i-o-eis-hi-poe-ip66-micro-sd-24-vca\/"},"modified":"2026-03-20T10:43:48","modified_gmt":"2026-03-20T10:43:48","slug":"punta-de-poste-ip-ptz-2-megapixel-25x-zoom-250-mts-ir-3d-dnr-alarmas-y-audio-i-o-eis-hi-poe-ip66-micro-sd-24-vca","status":"publish","type":"product","link":"https:\/\/soydeaqui.ddns.net\/pachuca\/index.php\/producto\/punta-de-poste-ip-ptz-2-megapixel-25x-zoom-250-mts-ir-3d-dnr-alarmas-y-audio-i-o-eis-hi-poe-ip66-micro-sd-24-vca\/","title":{"rendered":"Punta de Poste IP PTZ 2 Megapixel \/ 25X Zoom \/ 250 mts IR \/ 3D-DNR \/ \/ Alarmas y Audio I\/O \/ EIS \/ Hi-PoE \/ IP66 \/ Micro SD \/ 24 VCA"},"content":{"rendered":"<div style='width: 100%; max-width: 1200px; margin: 0 auto; font-family: sans-serif; line-height: 1.6; color: inherit; background-color: transparent;'>\n<p style='text-align: center;'><img style='width: 100%; max-width: 45%; height: auto; border: 1px solid rgba(150&comma;150&comma;150&comma;0.3); border-radius: 8px;' src='https:\/\/ftp3.syscom.mx\/usuarios\/jsosa\/HIKVISION\/imagenes\/logo\/hikvision%20see%20far.png' alt='Logo Hikvision'><\/p>\n<div style='display: flex; flex-wrap: wrap; gap: 30px; margin-top: 30px;'>\n<div style='flex: 1 1 300px; min-width: 280px;'>\n<h3 style='font-size: 22px; border-bottom: 2px solid currentColor; padding-bottom: 5px; margin-top: 0; color: inherit; opacity: 0.8;'>Caracter\u00edsticas principales<\/h3>\n<ul style='padding-left: 20px; font-size: 15px; color: inherit;'>\n<li style='margin-bottom: 5px;'>Tecnolog\u00eda 4MP (2560 x 1440p)<\/li>\n<li style='margin-bottom: 5px;'>CMOS 1\/1.8&#8242; Scan Progresivo<\/li>\n<li style='margin-bottom: 5px;'>Iluminaci\u00f3n M\u00ednima: Color: 0.005 Lux @ (F1.5&comma; AGC ON)<\/li>\n<li style='margin-bottom: 5px;'>Velocidad de Shutter: 1-1\/10&comma;000s<\/li>\n<li style='margin-bottom: 5px;'>D\u00eda \/ Noche real (Filtro ICR)<\/li>\n<li style='margin-bottom: 5px;'>Lente: 6 &#8211; 240mm&comma; 40x<\/li>\n<li style='margin-bottom: 5px;'>\u00c1ngulo de visi\u00f3n: 59.1\u00b0 a 1.8\u00b0<\/li>\n<li style='margin-bottom: 5px;'>Distancia IR: 250 mts. con tecnolog\u00eda Smart IR<\/li>\n<li style='margin-bottom: 5px;'>Funciones: WDR&comma; 3D DNR&comma; BLC&comma; ROI&comma; HLC&comma; Defog<\/li>\n<\/ul><\/div>\n<div style='flex: 1 1 300px; min-width: 280px;'>\n<h3 style='font-size: 22px; border-bottom: 2px solid currentColor; padding-bottom: 5px; margin-top: 0; color: inherit; opacity: 0.8;'>Caracter\u00edsticas F\u00edsicas y El\u00e9ctricas<\/h3>\n<ul style='padding-left: 20px; font-size: 15px; color: inherit;'>\n<li style='margin-bottom: 5px;'>Aplicaci\u00f3n: Interior \/ Exterior<\/li>\n<li style='margin-bottom: 5px;'>Protecci\u00f3n: IP66<\/li>\n<li style='margin-bottom: 5px;'>Temperatura de Operaci\u00f3n: -40\u00b0C a 65\u00baC<\/li>\n<li style='margin-bottom: 5px;'>Alimentaci\u00f3n: 36 VCD&comma; 24 VCA&comma; Hi-PoE&comma; Max. 60 W<\/li>\n<li style='margin-bottom: 5px;'>Dimensiones: 332 x 203 x 222 mm<\/li>\n<li style='margin-bottom: 5px;'>Peso: 7.7kg<\/li>\n<li style='margin-bottom: 5px;'>No incluye fuente de alimentaci\u00f3n<\/li>\n<\/ul><\/div>\n<div style='flex: 1 1 300px; min-width: 280px;'>\n<h3 style='font-size: 22px; border-bottom: 2px solid currentColor; padding-bottom: 5px; margin-top: 0; color: inherit; opacity: 0.8;'>Compresi\u00f3n y Resoluci\u00f3n<\/h3>\n<ul style='padding-left: 20px; font-size: 15px; color: inherit;'>\n<li style='margin-bottom: 5px;'>H.265+ \/ H.265 \/ H.264+ \/ H.264 \/ MJPEG<\/li>\n<li style='margin-bottom: 5px;'>Resoluci\u00f3n m\u00e1xima: 2560x1440p<\/li>\n<li style='margin-bottom: 5px;'>Flujo Principal: 60Hz: 30fps (1920 x 1080 \/ 1280 x 720)<\/li>\n<li style='margin-bottom: 5px;'>Flujo Secundario: 60Hz: 30fps (704 x 480 \/ 640 x 480 \/ 352 x 240)<\/li>\n<\/ul>\n<h3 style='font-size: 22px; border-bottom: 2px solid currentColor; padding-bottom: 5px; margin-top: 25px; color: inherit; opacity: 0.8;'>Funciones de Red y Almacenamiento<\/h3>\n<ul style='padding-left: 20px; font-size: 15px; color: inherit;'>\n<li style='margin-bottom: 5px;'>Protocolos: IPv4\/IPv6&comma; HTTP&comma; HTTPS&comma; 802.1x&comma; Qos&comma; FTP&comma; SMTP&comma; UPnP&comma; SNMP&comma; DNS&comma; DDNS&comma; NTP&comma; RTSP&comma; RTP&comma; TCP&comma; UDP&comma; IGMP&comma; ICMP&comma; DHCP&comma; PPPoE<\/li>\n<li style='margin-bottom: 5px;'>Standards: ONVIF (Profile S&comma; Profile G&comma; Profile T) \/ ISAPI \/ SDK<\/li>\n<\/ul><\/div>\n<\/p><\/div>\n<hr style='border: 0; border-top: 1px solid rgba(150&comma; 150&comma; 150&comma; 0.3); margin: 30px 0;'>\n<div style='margin-top: 30px;'>\n<h3 style='font-size: 22px; border-bottom: 2px solid currentColor; padding-bottom: 5px; margin-top: 0; color: inherit; opacity: 0.8;'>Interfaces<\/h3>\n<ul style='padding-left: 20px; font-size: 15px; color: inherit;'>\n<li style='margin-bottom: 5px;'>Red: 1 RJ45 (10M \/ 100M)<\/li>\n<li style='margin-bottom: 5px;'>Entrada de Alarma: 7<\/li>\n<li style='margin-bottom: 5px;'>Salida de Alarma: 2<\/li>\n<li style='margin-bottom: 5px;'>Entrada de Audio: 1<\/li>\n<li style='margin-bottom: 5px;'>Salida de Audio: 1<\/li>\n<\/ul><\/div>\n<hr style='border: 0; border-top: 1px solid rgba(150&comma; 150&comma; 150&comma; 0.3); margin: 30px 0;'>\n<div style='margin-top: 30px;'> <img style='width: 100%; height: auto; border: 1px solid rgba(150&comma;150&comma;150&comma;0.3); border-radius: 8px;' src='https:\/\/ftp3.syscom.mx\/usuarios\/jsosa\/HIKVISION\/imagenes\/banners\/solution%20complete.png' alt='Soluci\u00f3n completa'> <\/div>\n<\/p><\/div>\n","protected":false},"excerpt":{"rendered":"<p>Punta de Poste IP PTZ 2 Megapixel \/ 25X Zoom \/ 250 mts IR \/ 3D-DNR \/ \/ Alarmas y Audio I\/O \/ EIS \/ Hi-PoE \/ IP66 \/ Micro SD \/ 24 VCA<\/p>\n","protected":false},"featured_media":99791,"comment_status":"open","ping_status":"closed","template":"","meta":[],"product_brand":[],"product_cat":[1224],"product_tag":[122,54,1225],"class_list":{"0":"post-99792","1":"product","2":"type-product","3":"status-publish","4":"has-post-thumbnail","6":"product_cat-ptz","7":"product_tag-camaras-ip-y-nvrs","8":"product_tag-hikvision","9":"product_tag-ptz","11":"first","12":"outofstock","13":"sale","14":"shipping-taxable","15":"purchasable","16":"product-type-simple"},"_links":{"self":[{"href":"https:\/\/soydeaqui.ddns.net\/pachuca\/index.php\/wp-json\/wp\/v2\/product\/99792","targetHints":{"allow":["GET"]}}],"collection":[{"href":"https:\/\/soydeaqui.ddns.net\/pachuca\/index.php\/wp-json\/wp\/v2\/product"}],"about":[{"href":"https:\/\/soydeaqui.ddns.net\/pachuca\/index.php\/wp-json\/wp\/v2\/types\/product"}],"replies":[{"embeddable":true,"href":"https:\/\/soydeaqui.ddns.net\/pachuca\/index.php\/wp-json\/wp\/v2\/comments?post=99792"}],"wp:featuredmedia":[{"embeddable":true,"href":"https:\/\/soydeaqui.ddns.net\/pachuca\/index.php\/wp-json\/wp\/v2\/media\/99791"}],"wp:attachment":[{"href":"https:\/\/soydeaqui.ddns.net\/pachuca\/index.php\/wp-json\/wp\/v2\/media?parent=99792"}],"wp:term":[{"taxonomy":"product_brand","embeddable":true,"href":"https:\/\/soydeaqui.ddns.net\/pachuca\/index.php\/wp-json\/wp\/v2\/product_brand?post=99792"},{"taxonomy":"product_cat","embeddable":true,"href":"https:\/\/soydeaqui.ddns.net\/pachuca\/index.php\/wp-json\/wp\/v2\/product_cat?post=99792"},{"taxonomy":"product_tag","embeddable":true,"href":"https:\/\/soydeaqui.ddns.net\/pachuca\/index.php\/wp-json\/wp\/v2\/product_tag?post=99792"}],"curies":[{"name":"wp","href":"https:\/\/api.w.org\/{rel}","templated":true}]}}