{"id":99693,"date":"2026-03-20T10:39:01","date_gmt":"2026-03-20T10:39:01","guid":{"rendered":"https:\/\/soydeaqui.ddns.net\/pachuca\/index.php\/producto\/camara-unifi-protect-g6-bullet-color-blanco-poe-1-8-4k-ai-multi-tops-vision-nocturna-ir-30m-proteccion-ip66-reconocimiento-facial-y-placa-montaje-en-pared-techo-poste\/"},"modified":"2026-03-20T10:39:14","modified_gmt":"2026-03-20T10:39:14","slug":"camara-unifi-protect-g6-bullet-color-blanco-poe-1-8-4k-ai-multi-tops-vision-nocturna-ir-30m-proteccion-ip66-reconocimiento-facial-y-placa-montaje-en-pared-techo-poste","status":"publish","type":"product","link":"https:\/\/soydeaqui.ddns.net\/pachuca\/index.php\/producto\/camara-unifi-protect-g6-bullet-color-blanco-poe-1-8-4k-ai-multi-tops-vision-nocturna-ir-30m-proteccion-ip66-reconocimiento-facial-y-placa-montaje-en-pared-techo-poste\/","title":{"rendered":"C\u00e1mara UniFi Protect G6 Bullet Color Blanco, PoE, 1.8&#8243; 4K, AI Multi-TOPS, Visi\u00f3n Nocturna IR 30m, Protecci\u00f3n IP66, Reconocimiento Facial y Placa, Montaje en Pared, Techo, Poste"},"content":{"rendered":"<div style=\"width: 100%; max-width: 1200px; margin: 0 auto; font-family: sans-serif; line-height: 1.6; color: inherit;\"><!-- T\u00edtulos originales --><\/p>\n<div style=\"display: flex; flex-direction: column; margin-bottom: 20px;\">\n<h1 style=\"font-size: 24px; font-weight: bold; margin: 5px 0; color: inherit; opacity: 0.8;\">UniFi G6 Bullet<\/h1>\n<h2 style=\"font-size: 20px; font-weight: bold; margin: 5px 0; color: inherit; opacity: 0.8;\">UVC-G6-BULLET-W<\/h2>\n<p style=\"font-size: 14px; margin: 5px 0; color: inherit; opacity: 0.7;\">C&aacute;mara PoE 4K para todo clima con un sensor de imagen de 1\/1.8&#39; de 8MP&comma; Motor AI Multi-TOPS y visi&oacute;n nocturna IR de largo alcance.<\/p>\n<\/div>\n<p><!-- Im\u00e1genes --><\/p>\n<div style=\"display: flex; flex-wrap: wrap; gap: 20px; margin-bottom: 30px;\">\n<div style=\"flex: 1 1 300px; min-width: 280px;\"><img decoding=\"async\" style=\"width: 100%; height: auto; border: 1px solid rgba(150&comma; 150&comma; 150&comma; 0.3); border-radius: 8px;\" src=\"https:\/\/images.svc.ui.com\/?u=https%3A%2F%2Fcdn.ecomm.ui.com%2Fproducts%2F5dc40311-0e08-4eaa-b901-472cc707b436%2F6ff951af-fd0f-442a-9dc6-1c1f40017fef.png&#038;q=75&#038;w=1000\" alt=\"\" class=\"fr-fic fr-dii\"><\/div>\n<div style=\"flex: 1 1 300px; min-width: 280px;\"><img decoding=\"async\" style=\"width: 100%; height: auto; border: 1px solid rgba(150&comma; 150&comma; 150&comma; 0.3); border-radius: 8px;\" src=\"https:\/\/images.svc.ui.com\/?u=https%3A%2F%2Fcdn.ecomm.ui.com%2Fproducts%2F5dc40311-0e08-4eaa-b901-472cc707b436%2Fbaa99033-a7f1-41c4-b18a-e7614658705e.png&#038;q=75&#038;w=1000\" alt=\"\" class=\"fr-fic fr-dii\"><\/div>\n<\/div>\n<p><!-- Secci\u00f3n de caracter\u00edsticas --><\/p>\n<div style=\"display: flex; flex-wrap: wrap; gap: 30px; margin-bottom: 30px;\">\n<div style=\"flex: 1 1 300px; min-width: 280px;\">\n<h3 style=\"font-size: 22px; border-bottom: 2px solid currentColor; padding-bottom: 5px; margin-top: 0; color: inherit; opacity: 0.8;\">Caracter&iacute;sticas F&iacute;sicas<\/h3>\n<ul style=\"padding-left: 20px; font-size: 15px; color: inherit;\">\n<li style=\"margin-bottom: 5px;\"><strong>Dimensiones:<\/strong> Sin montaje: &Oslash;82 x 88&comma;8 mm (3&comma;2 x 3&comma;5&#39;) \/ Con montaje: &Oslash;82 x 153 mm (3&comma;2 x 6&#39;)<\/li>\n<li style=\"margin-bottom: 5px;\"><strong>Visi&oacute;n Nocturna IR:<\/strong> 30 m (98 pies)<\/li>\n<li style=\"margin-bottom: 5px;\"><strong>Reconocimiento Facial:<\/strong> S&iacute;<\/li>\n<li style=\"margin-bottom: 5px;\"><strong>Reconocimiento de Placa:<\/strong> S&iacute;<\/li>\n<li style=\"margin-bottom: 5px;\"><strong>Detecciones Inteligentes:<\/strong> Personas&comma; Veh&iacute;culos&comma; Animales<\/li>\n<li style=\"margin-bottom: 5px;\"><strong>Resoluci&oacute;n:<\/strong> 4K<\/li>\n<li style=\"margin-bottom: 5px;\"><strong>Campo de Vista:<\/strong> H: 109.9&deg;&comma; V: 56.7&deg;&comma; D: 134.1&deg;<\/li>\n<li style=\"margin-bottom: 5px;\"><strong>Audio:<\/strong> Micr&oacute;fono<\/li>\n<li style=\"margin-bottom: 5px;\"><strong>Impermeabilizaci&oacute;n:<\/strong> IP66<\/li>\n<li style=\"margin-bottom: 5px;\"><strong>Resistencia a la Manipulaci&oacute;n:<\/strong> IK04<\/li>\n<li style=\"margin-bottom: 5px;\"><strong>Montaje:<\/strong> Pared&comma; techo&comma; soporte de poste (Incluido) Caja de conexiones&comma; base en &aacute;ngulo (Opcional)<\/li>\n<li style=\"margin-bottom: 5px;\"><strong>Aplicaci&oacute;n Compatible:<\/strong> UniFi Protect<\/li>\n<\/ul>\n<\/div>\n<div style=\"flex: 1 1 300px; min-width: 280px;\">\n<h3 style=\"font-size: 22px; border-bottom: 2px solid currentColor; padding-bottom: 5px; margin-top: 0; color: inherit; opacity: 0.8;\">Especificaciones de Rendimiento<\/h3>\n<ul style=\"padding-left: 20px; font-size: 15px; color: inherit;\">\n<li style=\"margin-bottom: 5px;\"><strong>Interfaz de Redes:<\/strong> 10\/100 MbE RJ45<\/li>\n<li style=\"margin-bottom: 5px;\"><strong>Configuraci&oacute;n de Imagen:<\/strong> Color&comma; brillo&comma; nitidez&comma; contraste&comma; balance de blancos&comma; control de exposici&oacute;n&comma; 2DNR&comma; 3DNR&comma; NR por movimiento&comma; enmascaramiento&comma; superposici&oacute;n de texto&comma; HDR<\/li>\n<li style=\"margin-bottom: 5px;\"><strong>Max. Tasa de Marco:<\/strong> 30 FPS<\/li>\n<li style=\"margin-bottom: 5px;\"><strong>Resoluci&oacute;n:<\/strong> 8MP 3840 x 2160 (16:9)<\/li>\n<\/ul>\n<\/div>\n<div style=\"flex: 1 1 300px; min-width: 280px;\">\n<h3 style=\"font-size: 22px; border-bottom: 2px solid currentColor; padding-bottom: 5px; margin-top: 0; color: inherit; opacity: 0.8;\">Especificaciones T&eacute;cnicas<\/h3>\n<ul style=\"padding-left: 20px; font-size: 15px; color: inherit;\">\n<li style=\"margin-bottom: 5px;\"><strong>&Oacute;ptica:<\/strong> Sensor 1\/1.8&#39; 8MP<\/li>\n<li style=\"margin-bottom: 5px;\"><strong>Lente:<\/strong> Distancia focal fija<\/li>\n<li style=\"margin-bottom: 5px;\"><strong>Modo Nocturno:<\/strong> Iluminaci&oacute;n LED IR incorporada y filtro de corte IR<\/li>\n<li style=\"margin-bottom: 5px;\"><strong>Consumo M&aacute;ximo:<\/strong> 9.9W<\/li>\n<li style=\"margin-bottom: 5px;\"><strong>Rango de Voltaje:<\/strong> 37&ndash;57V DC<\/li>\n<li style=\"margin-bottom: 5px;\"><strong>M&eacute;todo de Potencia:<\/strong> PoE<\/li>\n<li style=\"margin-bottom: 5px;\"><strong>Procesador:<\/strong> Quad-core Arm&reg; Cortex&reg;-A53<\/li>\n<\/ul>\n<\/div>\n<div style=\"flex: 1 1 300px; min-width: 280px;\">\n<h3 style=\"font-size: 22px; border-bottom: 2px solid currentColor; padding-bottom: 5px; margin-top: 0; color: inherit; opacity: 0.8;\">Especificaciones F&iacute;sicas Detalladas<\/h3>\n<ul style=\"padding-left: 20px; font-size: 15px; color: inherit;\">\n<li style=\"margin-bottom: 5px;\"><strong>Di&aacute;metro del Monte:<\/strong> 1.5&ndash;2&#39; (38&ndash;50 mm)<\/li>\n<li style=\"margin-bottom: 5px;\"><strong>Peso:<\/strong> Sin montaje: 587 g (1.3 lb) \/ Con montaje: 737 g (1.6 lb)<\/li>\n<li style=\"margin-bottom: 5px;\"><strong>Material:<\/strong> Policarbonato&comma; aleaci&oacute;n de aluminio<\/li>\n<li style=\"margin-bottom: 5px;\"><strong>Temperatura de Operaci&oacute;n:<\/strong> -20 a 50&deg; C (-4 a 122&deg; F)<\/li>\n<li style=\"margin-bottom: 5px;\"><strong>Humedad de Operaci&oacute;n:<\/strong> 0 a 90% sin condensaci&oacute;n<\/li>\n<li style=\"margin-bottom: 5px;\"><strong>NDAA Cumple:<\/strong> S&iacute;<\/li>\n<li style=\"margin-bottom: 5px;\"><strong>Certificaciones:<\/strong> CE&comma; FCC&comma; IC<\/li>\n<\/ul>\n<\/div>\n<\/div>\n<p><!-- Contenido del paquete --><\/p>\n<div style=\"margin-top: 40px;\">\n<h3 style=\"font-size: 22px; border-bottom: 2px solid currentColor; padding-bottom: 5px; margin-top: 0; color: inherit; opacity: 0.8;\">Contenido del paquete<\/h3>\n<div style=\"display: flex; flex-wrap: wrap; gap: 20px; margin-top: 20px;\">\n<div style=\"flex: 1 1 300px; min-width: 280px;\"><img decoding=\"async\" style=\"width: 100%; height: auto; border: 1px solid rgba(150&comma; 150&comma; 150&comma; 0.3); border-radius: 8px;\" src=\"https:\/\/images.svc.ui.com\/?u=https%3A%2F%2Fcdn.ecomm.ui.com%2Fproducts%2F5dc40311-0e08-4eaa-b901-472cc707b436%2F025c3b1f-9bb3-4743-b07b-5e16db6fe92e.png&#038;q=75&#038;w=1000\" alt=\"\" class=\"fr-fic fr-dii\"><\/div>\n<\/div>\n<\/div>\n<p><!-- Separador final --><\/p>\n<hr style=\"border: 0; border-top: 1px solid rgba(150&comma; 150&comma; 150&comma; 0.3); margin: 30px 0;\"><\/div>\n","protected":false},"excerpt":{"rendered":"<p>C\u00e1mara UniFi Protect G6 Bullet Color Blanco, PoE, 1.8&#8243; 4K, AI Multi-TOPS, Visi\u00f3n Nocturna IR 30m, Protecci\u00f3n IP66, Reconocimiento Facial y Placa, Montaje en Pared, Techo, Poste<\/p>\n","protected":false},"featured_media":99692,"comment_status":"open","ping_status":"closed","template":"","meta":[],"product_brand":[],"product_cat":[438],"product_tag":[439,122,166],"class_list":{"0":"post-99693","1":"product","2":"type-product","3":"status-publish","4":"has-post-thumbnail","6":"product_cat-bala","7":"product_tag-bala","8":"product_tag-camaras-ip-y-nvrs","9":"product_tag-ubiquiti","11":"first","12":"outofstock","13":"sale","14":"shipping-taxable","15":"purchasable","16":"product-type-simple"},"_links":{"self":[{"href":"https:\/\/soydeaqui.ddns.net\/pachuca\/index.php\/wp-json\/wp\/v2\/product\/99693","targetHints":{"allow":["GET"]}}],"collection":[{"href":"https:\/\/soydeaqui.ddns.net\/pachuca\/index.php\/wp-json\/wp\/v2\/product"}],"about":[{"href":"https:\/\/soydeaqui.ddns.net\/pachuca\/index.php\/wp-json\/wp\/v2\/types\/product"}],"replies":[{"embeddable":true,"href":"https:\/\/soydeaqui.ddns.net\/pachuca\/index.php\/wp-json\/wp\/v2\/comments?post=99693"}],"wp:featuredmedia":[{"embeddable":true,"href":"https:\/\/soydeaqui.ddns.net\/pachuca\/index.php\/wp-json\/wp\/v2\/media\/99692"}],"wp:attachment":[{"href":"https:\/\/soydeaqui.ddns.net\/pachuca\/index.php\/wp-json\/wp\/v2\/media?parent=99693"}],"wp:term":[{"taxonomy":"product_brand","embeddable":true,"href":"https:\/\/soydeaqui.ddns.net\/pachuca\/index.php\/wp-json\/wp\/v2\/product_brand?post=99693"},{"taxonomy":"product_cat","embeddable":true,"href":"https:\/\/soydeaqui.ddns.net\/pachuca\/index.php\/wp-json\/wp\/v2\/product_cat?post=99693"},{"taxonomy":"product_tag","embeddable":true,"href":"https:\/\/soydeaqui.ddns.net\/pachuca\/index.php\/wp-json\/wp\/v2\/product_tag?post=99693"}],"curies":[{"name":"wp","href":"https:\/\/api.w.org\/{rel}","templated":true}]}}