{"id":99070,"date":"2026-03-20T10:10:30","date_gmt":"2026-03-20T10:10:30","guid":{"rendered":"https:\/\/soydeaqui.ddns.net\/pachuca\/index.php\/producto\/camara-ip-de-2-megapixel-1080p-para-dvrs-moviles-xmr-epcom-solucion-para-el-conteo-de-personas\/"},"modified":"2026-03-20T10:10:37","modified_gmt":"2026-03-20T10:10:37","slug":"camara-ip-de-2-megapixel-1080p-para-dvrs-moviles-xmr-epcom-solucion-para-el-conteo-de-personas","status":"publish","type":"product","link":"https:\/\/soydeaqui.ddns.net\/pachuca\/index.php\/producto\/camara-ip-de-2-megapixel-1080p-para-dvrs-moviles-xmr-epcom-solucion-para-el-conteo-de-personas\/","title":{"rendered":"C\u00e1mara IP de 2 Megapixel (1080p) para DVRs M\u00f3viles XMR EPCOM \/ Soluci\u00f3n para el Conteo de Personas"},"content":{"rendered":"<div style='width: 100%; max-width: 1200px; margin: 0 auto; font-family: sans-serif; line-height: 1.6; color: inherit; background-color: transparent;'>\n<p style='color: rgba(128&comma; 128&comma; 128&comma; 0.8); font-size: 16px; margin: 0 0 10px 0;'><strong>Seguridad Sobre Ruedas<\/strong><\/p>\n<h4 style='font-size: 20px; margin: 0 0 20px 0; color: inherit; line-height: 1.4;'>Los datos acerca del flujo de personas resulta fundamental para organizar el transporte p\u00fablico de manera eficiente&comma; tanto en t\u00e9rminos operativos como de planificaci\u00f3n.<\/h4>\n<div style='margin-bottom: 30px;'>\n<div style='position: relative; width: 100%;'> <img style='width: 100%; height: auto; border: 1px solid rgba(150&comma;150&comma;150&comma;0.3); border-radius: 8px; display: block;' src='https:\/\/ftp3.syscom.mx\/usuarios\/aberumen\/Banners\/funcion-conteo.jpg' alt='Funci\u00f3n de conteo'> <\/div>\n<\/p><\/div>\n<div style='display: flex; flex-wrap: wrap; gap: 20px; margin-bottom: 30px;'>\n<div style='flex: 1 1 300px; min-width: 280px;'>\n<div style='border-left: 5px solid rgba(8&comma;8&comma;8&comma;0.8); border-radius: 8px; padding: 15px; background-color: rgba(128&comma;128&comma;128&comma;0.1); box-shadow: 0 2px 8px rgba(0&comma;0&comma;0&comma;0.1);'> <strong style='font-size: 16px; margin-bottom: 10px; display: block; color: inherit;'>Caracter\u00edsticas principales:<\/strong> <\/p>\n<ul style='padding-left: 20px; font-size: 14px; margin: 0; color: inherit;'>\n<li style='margin-bottom: 5px;'>C\u00e1mara IP de 2MP<\/li>\n<li style='margin-bottom: 5px;'>Conector tipo aviaci\u00f3n de 6 pines.<\/li>\n<li style='margin-bottom: 5px;'>Resoluci\u00f3n: 2MP<\/li>\n<li style='margin-bottom: 5px;'>Lente: 2.7mm<\/li>\n<li style='margin-bottom: 5px;'>Formato de compresi\u00f3n de video <strong style='color: inherit;'>H.264<\/strong><\/li>\n<\/ul><\/div>\n<\/p><\/div>\n<div style='flex: 1 1 300px; min-width: 280px;'>\n<div style='border-left: 5px solid rgba(8&comma;8&comma;8&comma;0.8); border-radius: 8px; padding: 15px; background-color: rgba(128&comma;128&comma;128&comma;0.1); box-shadow: 0 2px 8px rgba(0&comma;0&comma;0&comma;0.1);'> <strong style='font-size: 16px; margin-bottom: 10px; display: block; color: inherit;'>Caracter\u00edsticas F\u00edsicas y El\u00e9ctricas:<\/strong> <\/p>\n<ul style='padding-left: 20px; font-size: 14px; margin: 0; color: inherit;'>\n<li style='margin-bottom: 5px;'>Voltaje de entrada 12 Vcc.<\/li>\n<li style='margin-bottom: 5px;'>Temperatura -30~70\u00b0C.<\/li>\n<\/ul><\/div>\n<\/p><\/div>\n<div style='flex: 1 1 300px; min-width: 280px;'>\n<div style='border-left: 5px solid rgba(8&comma;8&comma;8&comma;0.8); border-radius: 8px; padding: 15px; background-color: rgba(128&comma;128&comma;128&comma;0.1); box-shadow: 0 2px 8px rgba(0&comma;0&comma;0&comma;0.1);'> <strong style='font-size: 16px; margin-bottom: 10px; display: block; color: inherit;'>Caracter\u00edsticas Destacadas:<\/strong> <\/p>\n<ul style='padding-left: 20px; font-size: 14px; margin: 0; color: inherit;'>\n<li style='margin-bottom: 5px;'>Compatible con <strong style='color: inherit;'>plataforma Ceiba2.<\/strong><\/li>\n<li style='margin-bottom: 5px;'><strong style='color: inherit;'>Compatible con MDVR modelos<\/strong>&comma; XMR401NAHD&comma; XMR401NAHDS&comma; XMR406NAHD&comma; XMRN404AHDS&comma; XMRX3NPRO<\/li>\n<\/ul><\/div>\n<\/p><\/div>\n<\/p><\/div>\n<hr style='border: 0; border-top: 1px solid rgba(150&comma; 150&comma; 150&comma; 0.3); margin: 30px 0;'> <\/div>\n","protected":false},"excerpt":{"rendered":"<p>C\u00e1mara IP de 2 Megapixel (1080p) para DVRs M\u00f3viles XMR EPCOM \/ Soluci\u00f3n para el Conteo de Personas<\/p>\n","protected":false},"featured_media":99069,"comment_status":"open","ping_status":"closed","template":"","meta":[],"product_brand":[],"product_cat":[1408,1406],"product_tag":[93,1409,1474,1345],"class_list":{"0":"post-99070","1":"product","2":"type-product","3":"status-publish","4":"has-post-thumbnail","6":"product_cat-accesorios-dash-cams-y-body-cams","7":"product_cat-videograbadoras-moviles-videovigilancia","8":"product_tag-accesorios","9":"product_tag-dash-cams-y-body-cams","10":"product_tag-streamax","11":"product_tag-videograbadoras-moviles","13":"first","14":"instock","15":"sale","16":"shipping-taxable","17":"purchasable","18":"product-type-simple"},"_links":{"self":[{"href":"https:\/\/soydeaqui.ddns.net\/pachuca\/index.php\/wp-json\/wp\/v2\/product\/99070","targetHints":{"allow":["GET"]}}],"collection":[{"href":"https:\/\/soydeaqui.ddns.net\/pachuca\/index.php\/wp-json\/wp\/v2\/product"}],"about":[{"href":"https:\/\/soydeaqui.ddns.net\/pachuca\/index.php\/wp-json\/wp\/v2\/types\/product"}],"replies":[{"embeddable":true,"href":"https:\/\/soydeaqui.ddns.net\/pachuca\/index.php\/wp-json\/wp\/v2\/comments?post=99070"}],"wp:featuredmedia":[{"embeddable":true,"href":"https:\/\/soydeaqui.ddns.net\/pachuca\/index.php\/wp-json\/wp\/v2\/media\/99069"}],"wp:attachment":[{"href":"https:\/\/soydeaqui.ddns.net\/pachuca\/index.php\/wp-json\/wp\/v2\/media?parent=99070"}],"wp:term":[{"taxonomy":"product_brand","embeddable":true,"href":"https:\/\/soydeaqui.ddns.net\/pachuca\/index.php\/wp-json\/wp\/v2\/product_brand?post=99070"},{"taxonomy":"product_cat","embeddable":true,"href":"https:\/\/soydeaqui.ddns.net\/pachuca\/index.php\/wp-json\/wp\/v2\/product_cat?post=99070"},{"taxonomy":"product_tag","embeddable":true,"href":"https:\/\/soydeaqui.ddns.net\/pachuca\/index.php\/wp-json\/wp\/v2\/product_tag?post=99070"}],"curies":[{"name":"wp","href":"https:\/\/api.w.org\/{rel}","templated":true}]}}