{"id":99016,"date":"2026-03-20T10:07:57","date_gmt":"2026-03-20T10:07:57","guid":{"rendered":"https:\/\/soydeaqui.ddns.net\/pachuca\/index.php\/producto\/splitter-hdmi-1x4-1-entrada-a-4-salidas-simultaneas-4k60hz-extractor-de-audio-down-scaler-hdr-444-edid-18gbps\/"},"modified":"2026-03-20T10:07:57","modified_gmt":"2026-03-20T10:07:57","slug":"splitter-hdmi-1x4-1-entrada-a-4-salidas-simultaneas-4k60hz-extractor-de-audio-down-scaler-hdr-444-edid-18gbps","status":"publish","type":"product","link":"https:\/\/soydeaqui.ddns.net\/pachuca\/index.php\/producto\/splitter-hdmi-1x4-1-entrada-a-4-salidas-simultaneas-4k60hz-extractor-de-audio-down-scaler-hdr-444-edid-18gbps\/","title":{"rendered":"Splitter HDMI 1&#215;4 | 1 Entrada a 4 salidas (Simultaneas) |\u00a04K@60Hz | Extractor de Audio | Down Scaler | HDR  4:4:4 | EDID | 18Gbps"},"content":{"rendered":"<div style='width: 100%; max-width: 1200px; margin: 0 auto; font-family: sans-serif; line-height: 1.6; color: inherit; background-color: transparent;'> <!-- Imagen 1 --> <\/p>\n<div style='margin-bottom: 30px;'> <img style='width: 100%; height: auto; border: 1px solid rgba(150&comma;150&comma;150&comma;0.3); border-radius: 8px;' src='https:\/\/ftp3.syscom.mx\/usuarios\/luis.vargas\/EpcomProAudio\/Video\/epcomup.jpg' alt=''> <\/div>\n<p> <!-- T\u00edtulo y descripci\u00f3n --> <\/p>\n<div style='margin-bottom: 30px;'>\n<h1 style='text-align: center; color: inherit; font-size: 28px; margin-top: 0; margin-bottom: 15px;'>EPC-B14SA<\/h1>\n<p style='text-align: center; margin: 0 auto; max-width: 800px; font-size: 15px; color: inherit;'> El divisor HDMI 2.0 1&#215;4 conecta simult\u00e1neamente una fuente HDMI a una pantalla HDMI de cuatro rutas. Admite resoluci\u00f3n de hasta 4K2K@60Hz (4:4:4) y HDCP 2.2. Este producto admite la extracci\u00f3n de audio desde una fuente HDMI a una salida \u00f3ptica y anal\u00f3gica. Se puede seleccionar COPIA&comma; modos AUTO y configuraci\u00f3n EDID. La salida admite la funci\u00f3n de derivaci\u00f3n y reducci\u00f3n de escala (4K->1080P). <\/p>\n<\/p><\/div>\n<p> <!-- Imagen 2 --> <\/p>\n<div style='margin-bottom: 30px;'> <img style='width: 80%; height: auto; border: 1px solid rgba(150&comma;150&comma;150&comma;0.3); border-radius: 8px; margin-left: 10%;' src='https:\/\/ftp3.syscom.mx\/usuarios\/luis.vargas\/EpcomProAudio\/Video\/EPC-B14SA\/EPC-B14SA-1.png' alt=''> <\/div>\n<p> <!-- Imagen 3 --> <\/p>\n<div style='margin-bottom: 30px;'> <img style='width: 60%; height: auto; border: 1px solid rgba(150&comma;150&comma;150&comma;0.3); border-radius: 8px; margin-left: 20%;' src='https:\/\/ftp3.syscom.mx\/usuarios\/luis.vargas\/EpcomProAudio\/Video\/EPC-B14SA\/EPC-B14SA.png' alt=''> <\/div>\n<p> <!-- Caracter\u00edsticas --> <\/p>\n<div style='margin-bottom: 30px;'>\n<h2 style='text-align: center; font-size: 22px; border-bottom: 2px solid currentColor; padding-bottom: 5px; margin-top: 0; margin-bottom: 20px; color: inherit; opacity: 0.8;'>Caracter\u00edsticas<\/h2>\n<div style='display: flex; flex-wrap: wrap; gap: 20px;'> <!-- Caracter\u00edsticas izquierda --> <\/p>\n<div style='flex: 1 1 300px; min-width: 250px;'>\n<div style='border-left: 5px solid #439cc7; border-radius: 5px; padding: 0 10px; margin-bottom: 15px;'>\n<ul style='padding-left: 20px; margin: 0; font-size: 14px; list-style-type: disc; color: inherit;'>\n<li style='margin-bottom: 8px;'>Compatible con HDMI 2.0b&comma; HDCP2.2\/HDCP1.4.<\/li>\n<li style='margin-bottom: 8px;'>Soporta resoluci\u00f3n HDMI m\u00e1xima hasta 4K2K@50\/60Hz (4:4:4)<\/li>\n<li style='margin-bottom: 8px;'>Admita salida de extracto de audio digital y anal\u00f3gico desde una fuente HDMI.<\/li>\n<li style='margin-bottom: 8px;'>Admite derivaci\u00f3n de salida y funci\u00f3n de reducci\u00f3n de escala 4K->1080P<\/li>\n<li style='margin-bottom: 8px;'>Soporte de audio anal\u00f3gico PCM 2.0.<\/li>\n<li style='margin-bottom: 8px;'>Admite formato de paso de audio \u00f3ptico sobre LPCM 2.0\/2.1\/5.1CH&comma; Dolby 5.1&comma; Dolby True HD&comma; DolbyDD+&comma; DTS 5.1&comma; DTS-ES 6\/DTS-HDMA 5.1&comma; DTS HD-HRA 5.1.<\/li>\n<\/ul><\/div>\n<\/p><\/div>\n<p> <!-- Caracter\u00edsticas derecha --> <\/p>\n<div style='flex: 1 1 300px; min-width: 250px;'>\n<div style='border-left: 5px solid #439cc7; border-radius: 5px; padding: 0 10px; margin-bottom: 15px;'>\n<ul style='padding-left: 20px; margin: 0; font-size: 14px; list-style-type: disc; color: inherit;'>\n<li style='margin-bottom: 8px;'>EDID se puede seleccionar en los modos COPIA y AUTO mediante el interruptor de dial en el panel.<\/li>\n<li style='margin-bottom: 8px;'>COPIAR: Copia la configuraci\u00f3n EDID del puerto OUT 1 a todos los puertos de salida. Si no se detecta ning\u00fan EDID compatible con HDMI OUT 1&comma; la unidad copiar\u00e1 HDMI OUT 2. Si no se detecta ning\u00fan EDID compatible con HDMI OUT 1 ~ 2&comma; la unidad copiar\u00e1 HDMI OUT 3&#8230;etc. El orden de prioridad es OUT 1 a OUT 4.<\/li>\n<li style='margin-bottom: 8px;'>AUTO: compara la configuraci\u00f3n EDID de OUT 1~OUT 4 y env\u00eda la mejor resoluci\u00f3n a todas las salidas).<\/li>\n<\/ul><\/div>\n<\/p><\/div>\n<\/p><\/div>\n<\/p><\/div>\n<\/p><\/div>\n","protected":false},"excerpt":{"rendered":"<p>Splitter HDMI 1&#215;4 | 1 Entrada a 4 salidas (Simultaneas) |\u00a04K@60Hz | Extractor de Audio | Down Scaler | HDR  4:4:4 | EDID | 18Gbps<\/p>\n","protected":false},"featured_media":99015,"comment_status":"open","ping_status":"closed","template":"","meta":[],"product_brand":[],"product_cat":[2073,2074,2077,2075,2072,2076],"product_tag":[417,2079,2080,2083,110,2081,2078,2082],"class_list":{"0":"post-99016","1":"product","2":"type-product","3":"status-publish","4":"has-post-thumbnail","6":"product_cat-convertidores","7":"product_cat-divisores","8":"product_cat-dvi","9":"product_cat-hdmi","10":"product_cat-kits-extensores","11":"product_cat-vga","12":"product_tag-accesorios-generales","13":"product_tag-convertidores","14":"product_tag-divisores","15":"product_tag-dvi","16":"product_tag-epcom-proaudio","17":"product_tag-hdmi","18":"product_tag-kits-extensores","19":"product_tag-vga","21":"first","22":"outofstock","23":"sale","24":"shipping-taxable","25":"purchasable","26":"product-type-simple"},"_links":{"self":[{"href":"https:\/\/soydeaqui.ddns.net\/pachuca\/index.php\/wp-json\/wp\/v2\/product\/99016","targetHints":{"allow":["GET"]}}],"collection":[{"href":"https:\/\/soydeaqui.ddns.net\/pachuca\/index.php\/wp-json\/wp\/v2\/product"}],"about":[{"href":"https:\/\/soydeaqui.ddns.net\/pachuca\/index.php\/wp-json\/wp\/v2\/types\/product"}],"replies":[{"embeddable":true,"href":"https:\/\/soydeaqui.ddns.net\/pachuca\/index.php\/wp-json\/wp\/v2\/comments?post=99016"}],"wp:featuredmedia":[{"embeddable":true,"href":"https:\/\/soydeaqui.ddns.net\/pachuca\/index.php\/wp-json\/wp\/v2\/media\/99015"}],"wp:attachment":[{"href":"https:\/\/soydeaqui.ddns.net\/pachuca\/index.php\/wp-json\/wp\/v2\/media?parent=99016"}],"wp:term":[{"taxonomy":"product_brand","embeddable":true,"href":"https:\/\/soydeaqui.ddns.net\/pachuca\/index.php\/wp-json\/wp\/v2\/product_brand?post=99016"},{"taxonomy":"product_cat","embeddable":true,"href":"https:\/\/soydeaqui.ddns.net\/pachuca\/index.php\/wp-json\/wp\/v2\/product_cat?post=99016"},{"taxonomy":"product_tag","embeddable":true,"href":"https:\/\/soydeaqui.ddns.net\/pachuca\/index.php\/wp-json\/wp\/v2\/product_tag?post=99016"}],"curies":[{"name":"wp","href":"https:\/\/api.w.org\/{rel}","templated":true}]}}