{"id":99013,"date":"2026-03-20T10:07:50","date_gmt":"2026-03-20T10:07:50","guid":{"rendered":"https:\/\/soydeaqui.ddns.net\/pachuca\/index.php\/producto\/nvr-4-megapixel-compatible-con-camaras-acusense-4-canales-ip-4-puertos-poe-1-bahia-de-disco-duro-salida-de-video-full-hd\/"},"modified":"2026-03-20T10:07:54","modified_gmt":"2026-03-20T10:07:54","slug":"nvr-4-megapixel-compatible-con-camaras-acusense-4-canales-ip-4-puertos-poe-1-bahia-de-disco-duro-salida-de-video-full-hd","status":"publish","type":"product","link":"https:\/\/soydeaqui.ddns.net\/pachuca\/index.php\/producto\/nvr-4-megapixel-compatible-con-camaras-acusense-4-canales-ip-4-puertos-poe-1-bahia-de-disco-duro-salida-de-video-full-hd\/","title":{"rendered":"NVR 4 Megapixel (Compatible con C\u00e1maras ACUSENSE) \/ 4 canales IP \/ 4 Puertos PoE \/1 Bah\u00eda de Disco Duro \/ Salida de V\u00eddeo Full HD"},"content":{"rendered":"<div style=\"width: 100%; max-width: 1200px; margin: 0 auto; font-family: sans-serif; line-height: 1.6; color: inherit; background-color: transparent;\"><!-- Banner Inicial --> <\/p>\n<p style=\"text-align: center; margin: 0; padding: 20px 0; display: flex; justify-content: center;\"><img decoding=\"async\" style=\"width: 45%; height: auto;\" src=\"https:\/\/ftp3.syscom.mx\/usuarios\/jsosa\/HIKVISION\/imagenes\/logo\/hikvision%20see%20far.png\" alt=\"Banner Inicial\" \/><\/p>\n<p> <!-- T\u00edtulo de Especificaciones --> <\/p>\n<div style=\"text-align: center; margin: 40px 0 20px;\">\n<h1 style=\"font-size: 28px; color: inherit; margin: 0; font-weight: bold;\">Especif&iacute;caciones<\/h1>\n<\/p><\/div>\n<p> <!-- Secci\u00f3n 1: Caracter\u00edsticas Principales y F\u00edsicas --> <\/p>\n<div style=\"display: flex; flex-wrap: wrap; gap: 30px; margin-bottom: 30px;\"><!-- Caracter\u00edsticas Principales --> <\/p>\n<div style=\"flex: 1 1 300px; min-width: 280px;\">\n<div style=\"border: 1px solid rgba(150&comma;150&comma;150&comma;0.4); border-radius: 8px; overflow: hidden; display: flex; flex-direction: column; background-color: rgba(255&comma;255&comma;255&comma;0.05);\">\n<div style=\"padding: 15px; border-bottom: 1px solid rgba(150&comma;150&comma;150&comma;0.2); font-weight: bold; font-size: 18px; background: #df001e; color: #ffffff;\">Caracter&iacute;sticas Principales<\/div>\n<div style=\"padding: 15px; color: inherit;\">\n<ul style=\"padding-left: 20px; margin: 0; font-size: 14px; list-style-type: disc;\">\n<li style=\"box-sizing: border-box; border: 0px solid; margin: 0px 0px 8px; padding: 0px; letter-spacing: 0.01em;\">Compresi&oacute;n de video: H.265+ \/ H.265 \/ H.264+ \/ H.264<\/li>\n<li style=\"box-sizing: border-box; border: 0px solid; margin: 0px 0px 8px; padding: 0px; letter-spacing: 0.01em;\">4 Puertos PoE (soporta est&aacute;ndar af \/ at).<\/li>\n<li style=\"box-sizing: border-box; border: 0px solid; margin: 0px 0px 8px; padding: 0px; letter-spacing: 0.01em;\">50 watts total en sus puertos PoE+.<\/li>\n<li style=\"box-sizing: border-box; border: 0px solid; margin: 0px 0px 8px; padding: 0px; letter-spacing: 0.01em;\">Soporta mouse USB para operar (incluido).<\/li>\n<li style=\"box-sizing: border-box; border: 0px solid; margin: 0px 0px 8px; padding: 0px; letter-spacing: 0.01em;\">Soporta 1 disco duro de hasta&nbsp; 6 TB (no incluido) <span style=\"font-family: verdana&comma; geneva&comma; sans-serif; letter-spacing: 0.14px;\">.&nbsp;<\/span><span style=\"box-sizing: border-box; border: 0px solid; margin: 0px; padding: 0px; font-weight: bolder;\">Conexion de disco duro directo en tablilla&comma; no requiere cables.<\/span><\/li>\n<li style=\"box-sizing: border-box; border: 0px solid; margin: 0px 0px 8px; padding: 0px; letter-spacing: 0.01em;\">Soporta DDNS (Hik-Connect&comma; DynDNS&comma; No-IP&comma; etc).<\/li>\n<li style=\"box-sizing: border-box; border: 0px solid; margin: 0px 0px 8px; padding: 0px; letter-spacing: 0.01em;\">Soporta Hik-Connect (P2P)&nbsp;<a style=\"box-sizing: border-box; border: 0px solid; margin: 0px; padding: 0px; color: #df001e; text-decoration-line: none;\" href=\"https:\/\/appstore.hikvision.com\/\" target=\"_blank\" rel=\"noopener\">https:\/\/appstore.hikvision.com\/<\/a><\/li>\n<\/ul><\/div>\n<\/p><\/div>\n<\/p><\/div>\n<p> <!-- Caracter\u00edsticas F\u00edsicas y El\u00e9ctricas --> <\/p>\n<div style=\"flex: 1 1 300px; min-width: 280px;\">\n<div style=\"border: 1px solid rgba(150&comma;150&comma;150&comma;0.4); border-radius: 8px; overflow: hidden; display: flex; flex-direction: column; background-color: rgba(255&comma;255&comma;255&comma;0.05);\">\n<div style=\"padding: 15px; border-bottom: 1px solid rgba(150&comma;150&comma;150&comma;0.2); font-weight: bold; font-size: 18px; background: #df001e; color: #ffffff;\">Caracter&iacute;sticas F&iacute;sicas y El&eacute;ctricas<\/div>\n<div style=\"padding: 15px; color: inherit;\">\n<ul style=\"padding-left: 20px; margin: 0; font-size: 14px; list-style-type: disc;\">\n<li style=\"margin-bottom: 5px;\">Dimensiones: 263 &times; 223 &times; 48 mm<\/li>\n<li style=\"margin-bottom: 5px;\">Alimentaci&oacute;n: 50 W<\/li>\n<li style=\"margin-bottom: 5px;\">Temperatura de operaci&oacute;n: -10&deg;C a 55&deg;C<\/li>\n<li style=\"margin-bottom: 5px;\">Peso: 1.5 Kg sin HDD<\/li>\n<\/ul><\/div>\n<\/p><\/div>\n<\/p><\/div>\n<\/p><\/div>\n<p> <!-- Secci\u00f3n 2: Interfaces y Funciones --> <\/p>\n<div style=\"display: flex; flex-wrap: wrap; gap: 30px; margin-bottom: 30px;\"><!-- Interfaces Entradas y Salidas --> <\/p>\n<div style=\"flex: 1 1 300px; min-width: 280px;\">\n<div style=\"border: 1px solid rgba(150&comma;150&comma;150&comma;0.4); border-radius: 8px; overflow: hidden; display: flex; flex-direction: column; background-color: rgba(255&comma;255&comma;255&comma;0.05);\">\n<div style=\"padding: 15px; border-bottom: 1px solid rgba(150&comma;150&comma;150&comma;0.2); font-weight: bold; font-size: 18px; background: #df001e; color: #ffffff;\">Interfaces Entradas y Salidas<\/div>\n<div style=\"padding: 15px; color: inherit;\">\n<ul style=\"padding-left: 20px; margin: 0; font-size: 14px; list-style-type: disc;\">\n<li style=\"margin-bottom: 5px;\"><strong>Salida&nbsp;<\/strong><span style=\"box-sizing: border-box; border: 0px solid; margin: 0px; padding: 0px; font-weight: bolder; color: #111827; letter-spacing: 0.14px; background-color: #ffffff;\">&nbsp;simult&aacute;nea HDMI y VGA<\/span><\/li>\n<li style=\"box-sizing: border-box; border: 0px solid; margin: 0px 0px 8px; padding: 0px; letter-spacing: 0.01em;\">Resoluci&oacute;n HDMI: 4K \/ 1080p \/ 720p.<\/li>\n<li style=\"box-sizing: border-box; border: 0px solid; margin: 0px 0px 8px; padding: 0px; letter-spacing: 0.01em;\">Resoluci&oacute;n VGA: 1080p \/ 720p.<\/li>\n<li style=\"box-sizing: border-box; border: 0px solid; margin: 0px 0px 8px; padding: 0px; letter-spacing: 0.01em;\">Entrada de Audio: 1.<\/li>\n<li style=\"box-sizing: border-box; border: 0px solid; margin: 0px 0px 8px; padding: 0px; letter-spacing: 0.01em;\">Salida de Audio: 1.<\/li>\n<li style=\"box-sizing: border-box; border: 0px solid; margin: 0px 0px 8px; padding: 0px; letter-spacing: 0.01em;\">Entrada de Alarma: N\/A.<\/li>\n<li style=\"box-sizing: border-box; border: 0px solid; margin: 0px 0px 8px; padding: 0px; letter-spacing: 0.01em;\">Salida de Alarma: N\/A.<\/li>\n<\/ul><\/div>\n<\/p><\/div>\n<\/p><\/div>\n<p> <!-- Funci\u00f3n de Grabaci\u00f3n y Visualizaci\u00f3n --> <\/p>\n<div style=\"flex: 1 1 300px; min-width: 280px;\">\n<div style=\"border: 1px solid rgba(150&comma;150&comma;150&comma;0.4); border-radius: 8px; overflow: hidden; display: flex; flex-direction: column; background-color: rgba(255&comma;255&comma;255&comma;0.05);\">\n<div style=\"padding: 15px; border-bottom: 1px solid rgba(150&comma;150&comma;150&comma;0.2); font-weight: bold; font-size: 18px; background: #df001e; color: #ffffff;\">Funci&oacute;n de Grabaci&oacute;n y Visualizaci&oacute;n<\/div>\n<div style=\"padding: 15px; color: inherit;\">\n<ul style=\"padding-left: 20px; margin: 0; font-size: 14px; list-style-type: disc;\">\n<li style=\"margin-bottom: 5px;\">Detecci&oacute;n de movimiento multizona<\/li>\n<li style=\"margin-bottom: 5px;\">Zoom digital en visualizaci&oacute;n y grabaci&oacute;n<\/li>\n<li style=\"margin-bottom: 5px;\">Dual stream (main stream y sub stream)<\/li>\n<li style=\"margin-bottom: 5px;\">Soporta avance r&aacute;pido&comma; lento&comma; cuadro a cuadro&comma; etc.<\/li>\n<li style=\"margin-bottom: 5px;\">Soporta tecnolog&iacute;a de discos duros S.M.A.R.T.<\/li>\n<li style=\"margin-bottom: 5px;\">Soporta m&uacute;ltiples tipos de grabaci&oacute;n&comma; incluyendo tiempo real&comma; grabaci&oacute;n manual&comma; videosensor&comma; videosensor y alarma&comma; videosensor o alarma<\/li>\n<li style=\"margin-bottom: 5px;\">Soporta grabaci&oacute;n c&iacute;clica (sobreescritura) y no c&iacute;clica<\/li>\n<\/ul><\/div>\n<\/p><\/div>\n<\/p><\/div>\n<\/p><\/div>\n<p> <!-- Secci\u00f3n 3: Procesamiento y Resoluci\u00f3n --> <\/p>\n<div style=\"display: flex; flex-wrap: wrap; gap: 30px; margin-bottom: 30px;\"><!-- Capacidad de Procesamiento --> <\/p>\n<div style=\"flex: 1 1 300px; min-width: 280px;\">\n<div style=\"border: 1px solid rgba(150&comma;150&comma;150&comma;0.4); border-radius: 8px; overflow: hidden; display: flex; flex-direction: column; background-color: rgba(255&comma;255&comma;255&comma;0.05);\">\n<div style=\"padding: 15px; border-bottom: 1px solid rgba(150&comma;150&comma;150&comma;0.2); font-weight: bold; font-size: 18px; background: #df001e; color: #ffffff;\">Capacidad de Procesamiento y Funciones de red<\/div>\n<div style=\"padding: 15px; color: inherit;\">\n<ul style=\"padding-left: 20px; margin: 0; font-size: 14px; list-style-type: disc;\">\n<li style=\"margin-bottom: 5px;\">Throughput entrada: 40 Mbps<\/li>\n<li style=\"margin-bottom: 5px;\">Throughput salida: 80 Mbps<\/li>\n<li style=\"margin-bottom: 5px;\">1 Puerto red 10 \/ 100 \/ 1000 Mbps (LAN)<\/li>\n<\/ul><\/div>\n<\/p><\/div>\n<\/p><\/div>\n<p> <!-- Resoluci\u00f3n de Grabaci\u00f3n por Canal --> <\/p>\n<div style=\"flex: 1 1 300px; min-width: 280px;\">\n<div style=\"border: 1px solid rgba(150&comma;150&comma;150&comma;0.4); border-radius: 8px; overflow: hidden; display: flex; flex-direction: column; background-color: rgba(255&comma;255&comma;255&comma;0.05);\">\n<div style=\"padding: 15px; border-bottom: 1px solid rgba(150&comma;150&comma;150&comma;0.2); font-weight: bold; font-size: 18px; background: #df001e; color: #ffffff;\">Resoluci&oacute;n de Grabaci&oacute;n por Canal (Recomendado con H.265)<\/div>\n<div style=\"padding: 15px; color: inherit;\">\n<ul style=\"padding-left: 20px; margin: 0; font-size: 14px; list-style-type: disc;\">\n<li style=\"box-sizing: border-box; border: 0px solid; margin: 0px 0px 8px; padding: 0px; letter-spacing: 0.01em;\">2 MP (1080P): 4 Canales &#8211; 30 IPS.<\/li>\n<li style=\"box-sizing: border-box; border: 0px solid; margin: 0px 0px 8px; padding: 0px; letter-spacing: 0.01em;\">4 MP: 4 Canales &#8211; 30 IPS.<\/li>\n<li style=\"box-sizing: border-box; border: 0px solid; margin: 0px 0px 8px; padding: 0px; letter-spacing: 0.01em;\">5 MP: 4 Canales &#8211; 30 IPS.<\/li>\n<li style=\"box-sizing: border-box; border: 0px solid; margin: 0px 0px 8px; padding: 0px; letter-spacing: 0.01em;\">6 MP: 4 Canales &#8211; 30 IPS.<\/li>\n<li style=\"box-sizing: border-box; border: 0px solid; margin: 0px 0px 8px; padding: 0px; letter-spacing: 0.01em;\">4K (8 MP): 4 Canales &#8211; 30 IPS.<\/li>\n<li style=\"margin-bottom: 5px;\">Reproducci&oacute;n s&iacute;ncrona en canales: 4 Canales<\/li>\n<\/ul><\/div>\n<\/p><\/div>\n<\/p><\/div>\n<\/p><\/div>\n<p> <!-- Caracter\u00edsticas Destacadas --> <\/p>\n<div style=\"border: 1px solid rgba(150&comma;150&comma;150&comma;0.4); border-radius: 8px; overflow: hidden; margin-bottom: 30px; background-color: rgba(255&comma;255&comma;255&comma;0.05);\">\n<div style=\"padding: 15px; border-bottom: 1px solid rgba(150&comma;150&comma;150&comma;0.2); font-weight: bold; font-size: 18px; background: #df001e; color: #ffffff;\">Caracter&iacute;sticas destacadas<\/div>\n<div style=\"padding: 15px; color: inherit;\">\n<h4 style=\"box-sizing: border-box; border: 0px solid; margin: 0px 0px 15px; padding: 0px; font-size: 16px; font-weight: inherit; letter-spacing: -0.02em; color: inherit; background-color: #ffffff; opacity: 0.9;\">ACUSENSE (Filtro de Falsas Alarmas):<\/h4>\n<ul style=\"box-sizing: border-box; border: 0px solid; margin: 0px 0px 20px; padding: 0px 0px 0px 20px; list-style: none; color: inherit; font-weight: 400; background-color: #ffffff; font-size: 14px;\">\n<li style=\"box-sizing: border-box; border: 0px solid; margin: 0px 0px 5px; padding: 0px; letter-spacing: 0.01em;\">Soporta hasta 4 canales con la tecnolog&iacute;a ACUSENSE realizado por c&aacute;maras: <a style=\"box-sizing: border-box; border: 0px solid; margin: 0px; padding: 0px; color: #0d6efd; text-decoration-line: none;\" title=\"C&aacute;maras Acusense Serie 3\" href=\"https:\/\/www.syscom.mx\/principal\/consultarproductosazul?global_search=ds2cd3&amp;ordenar=Relevancia&amp;pag=1\" target=\"_blank\" rel=\"noopener\">DS-2CD3XX<\/a>&nbsp;\/&nbsp;<a style=\"box-sizing: border-box; border: 0px solid; margin: 0px; padding: 0px; color: #0d6efd; text-decoration-line: none;\" title=\"C&aacute;maras Acusense Serie2\" href=\"https:\/\/www.syscom.mx\/principal\/consultarproductosazul?global_search=ds2cd2xx3g2&amp;ordenar=Modelo_A-Z&amp;pag=1\" target=\"_blank\" rel=\"noopener\">DS-2CD2XX3G2<\/a>&nbsp;\/&nbsp;<a style=\"box-sizing: border-box; border: 0px solid; margin: 0px; padding: 0px; color: #0d6efd; text-decoration-line: none;\" href=\"https:\/\/www.syscom.mx\/principal\/consultarproductosazul?global_search=DS-2CD2XX7G2&amp;ordenar=Relevancia&amp;pag=1\" target=\"_blank\" rel=\"noopener\">DS-2CD2XX7G2<\/a>&nbsp;(que soporte ACUSENSE)<\/li>\n<li style=\"box-sizing: border-box; border: 0px solid; margin: 0px 0px 5px; padding: 0px; letter-spacing: 0.01em;\">Soporta hasta&nbsp; 4 canales con la tecnolog&iacute;a ACUSENSE Lite (humano y veh&iacute;culo pero con detecci&oacute;n de movimiento&comma; no anal&iacute;ticos) realizado por c&aacute;maras DS-2CD1XX3G2 y DS-2CD1XX3G7G2 (que soporte ACUSENSE Lite)<\/li>\n<\/ul><\/div>\n<\/p><\/div>\n<p> <!-- Tabla de Funciones Especiales --><\/div>\n<div style=\"width: 100%; max-width: 1200px; margin: 0 auto; font-family: sans-serif; line-height: 1.6; color: inherit; background-color: transparent;\"><!-- Tabla de funciones especiales --> <\/p>\n<div style=\"display: flex; flex-wrap: wrap; gap: 30px; margin-bottom: 30px;\">&nbsp;<\/div>\n<\/p><\/div>\n<div style=\"display: flex; flex-wrap: wrap; gap: 30px; margin: 30px 0;\">\n<div style=\"flex: 1 1 48%; min-width: 300px;\">&nbsp;<\/div>\n<\/p><\/div>\n<p> <!-- Video insertado por solicitud del usuario --> <\/p>\n<div style=\"margin: 30px 0;\"><video style=\"display: block; width: 70%; max-width: 600px; height: auto; margin: 0 auto; border: 1px solid rgba(150&comma;150&comma;150&comma;0.3); border-radius: 8px;\" autoplay=\"autoplay\" muted=\"\" controls=\"controls\" width=\"300\" height=\"150\"><source src=\"https:\/\/ftp3.syscom.mx\/usuarios\/alexh\/Hikvision\/videos\/Video_20260220_112849_363%20%281%29.mp4\" type=\"video\/mp4\" \/>Tu navegador no soporta la etiqueta de video.<\/video><\/div>\n<p> <!-- Imagen final --> <\/p>\n<div style=\"margin: 30px 0;\"><img decoding=\"async\" style=\"width: 100%; height: auto; border: 1px solid rgba(150&comma;150&comma;150&comma;0.3); border-radius: 8px;\" src=\"https:\/\/ftp3.syscom.mx\/usuarios\/jsosa\/HIKVISION\/imagenes\/banners\/solution%20complete.png\" alt=\"Soluci&oacute;n Completa\" \/><\/div>\n<p> <!-- Separador final --><\/p>\n<hr style=\"border: 0; border-top: 1px solid rgba(150&comma;150&comma;150&comma;0.3); margin: 30px 0;\" \/>\n","protected":false},"excerpt":{"rendered":"<p>NVR 4 Megapixel (Compatible con C\u00e1maras ACUSENSE) \/ 4 canales IP \/ 4 Puertos PoE \/1 Bah\u00eda de Disco Duro \/ Salida de V\u00eddeo Full HD<\/p>\n","protected":false},"featured_media":99012,"comment_status":"open","ping_status":"closed","template":"","meta":[],"product_brand":[],"product_cat":[2234],"product_tag":[122,54,2235],"class_list":{"0":"post-99013","1":"product","2":"type-product","3":"status-publish","4":"has-post-thumbnail","6":"product_cat-nvrs-network-video-recorders","7":"product_tag-camaras-ip-y-nvrs","8":"product_tag-hikvision","9":"product_tag-nvrs-network-video-recorders","11":"first","12":"instock","13":"sale","14":"shipping-taxable","15":"purchasable","16":"product-type-simple"},"_links":{"self":[{"href":"https:\/\/soydeaqui.ddns.net\/pachuca\/index.php\/wp-json\/wp\/v2\/product\/99013","targetHints":{"allow":["GET"]}}],"collection":[{"href":"https:\/\/soydeaqui.ddns.net\/pachuca\/index.php\/wp-json\/wp\/v2\/product"}],"about":[{"href":"https:\/\/soydeaqui.ddns.net\/pachuca\/index.php\/wp-json\/wp\/v2\/types\/product"}],"replies":[{"embeddable":true,"href":"https:\/\/soydeaqui.ddns.net\/pachuca\/index.php\/wp-json\/wp\/v2\/comments?post=99013"}],"wp:featuredmedia":[{"embeddable":true,"href":"https:\/\/soydeaqui.ddns.net\/pachuca\/index.php\/wp-json\/wp\/v2\/media\/99012"}],"wp:attachment":[{"href":"https:\/\/soydeaqui.ddns.net\/pachuca\/index.php\/wp-json\/wp\/v2\/media?parent=99013"}],"wp:term":[{"taxonomy":"product_brand","embeddable":true,"href":"https:\/\/soydeaqui.ddns.net\/pachuca\/index.php\/wp-json\/wp\/v2\/product_brand?post=99013"},{"taxonomy":"product_cat","embeddable":true,"href":"https:\/\/soydeaqui.ddns.net\/pachuca\/index.php\/wp-json\/wp\/v2\/product_cat?post=99013"},{"taxonomy":"product_tag","embeddable":true,"href":"https:\/\/soydeaqui.ddns.net\/pachuca\/index.php\/wp-json\/wp\/v2\/product_tag?post=99013"}],"curies":[{"name":"wp","href":"https:\/\/api.w.org\/{rel}","templated":true}]}}