{"id":98793,"date":"2026-03-20T09:57:39","date_gmt":"2026-03-20T09:57:39","guid":{"rendered":"https:\/\/soydeaqui.ddns.net\/pachuca\/index.php\/producto\/matricial-y-extensor-de-video-hdmi-4-x-4-4-entradas-hdmi-4-salidas-hdmi-loop-4-salidas-rj45-para-extender-la-senal-70-metros-por-salida-4k-conmutacion-por-rs232-control-remoto-o-ethernet\/"},"modified":"2026-03-20T09:57:57","modified_gmt":"2026-03-20T09:57:57","slug":"matricial-y-extensor-de-video-hdmi-4-x-4-4-entradas-hdmi-4-salidas-hdmi-loop-4-salidas-rj45-para-extender-la-senal-70-metros-por-salida-4k-conmutacion-por-rs232-control-remoto-o-ethernet","status":"publish","type":"product","link":"https:\/\/soydeaqui.ddns.net\/pachuca\/index.php\/producto\/matricial-y-extensor-de-video-hdmi-4-x-4-4-entradas-hdmi-4-salidas-hdmi-loop-4-salidas-rj45-para-extender-la-senal-70-metros-por-salida-4k-conmutacion-por-rs232-control-remoto-o-ethernet\/","title":{"rendered":"MATRICIAL Y EXTENSOR DE VIDEO HDMI 4 x 4 \/ 4 Entradas HDMI \/ 4 Salidas HDMI Loop \/ 4 Salidas RJ45 para Extender la se\u00f1al 70 metros por salida  \/4K \/ Conmutaci\u00f3n por RS232, Control Remoto o Ethernet."},"content":{"rendered":"<div style='width: 100%; max-width: 1200px; margin: 0 auto; font-family: sans-serif; line-height: 1.6; color: inherit; background-color: transparent;'> <!-- Imagen 1 --> <\/p>\n<p><img style='width: 100%; height: auto; border: 1px solid rgba(150&comma;150&comma;150&comma;0.3); border-radius: 8px;' src='https:\/\/ftp3.syscom.mx\/usuarios\/luis.vargas\/EpcomTitanium\/titaniumup.jpg' alt=''><\/p>\n<p> <!-- Descripci\u00f3n principal --> <\/p>\n<div style='margin: 30px 0;'>\n<h1 style='text-align: center; font-size: 28px; color: inherit; margin-bottom: 10px;'><strong>TT844<\/strong><\/h1>\n<p style='text-align: center; margin: 0 70px; font-size: 16px; color: inherit;'> Matricial HDMI 4\u00d74 a trav\u00e9s de cable de red&comma; con 4 entradas HDMI&comma; 4 salidas RJ45 y 4 salidas HDMI. 4 salidas HDMI env\u00edan se\u00f1ales de audio\/video a 4 pantallas en el sitio local. Al mismo tiempo&comma; 4 salidas RJ45 transmiten y extienden las se\u00f1ales de audio\/v\u00eddeo a 4 pantallas a 70 metros de distancia a trav\u00e9s de 4 receptores. El control RS-232&comma; el control Ethernet&comma; el control de botones y el control remoto facilitan la conmutaci\u00f3n\/configuraci\u00f3n de la entrada y la salida. Producto ideal para seguridad&comma; educaci\u00f3n escolar&comma; centro de exposiciones&comma; conferencias multimedia. <\/p>\n<\/p><\/div>\n<p> <!-- Caracter\u00edsticas --> <\/p>\n<div style='margin: 30px 0;'>\n<p style='text-align: center; font-size: 20px; font-weight: bold; color: inherit; margin-bottom: 30px;'>Caracter\u00edsticas<\/p>\n<div style='display: flex; flex-wrap: wrap; gap: 30px;'> <!-- Columna 1 --> <\/p>\n<div style='flex: 1 1 300px; min-width: 280px;'>\n<div style='border-left: 5px double #439cc7; border-radius: 5px; padding: 5px 15px; margin-bottom: 25px; color: inherit;'>\n<ul style='padding-left: 20px; font-size: 15px; list-style-type: disc; color: inherit;'>\n<li style='margin-bottom: 8px;'><strong>HDMI:<\/strong> 2.0<\/li>\n<li style='margin-bottom: 8px;'><strong>HDCP:<\/strong> 2.2<\/li>\n<li style='margin-bottom: 8px;'><strong>Ancho de banda:<\/strong> 18Mbps<\/li>\n<li style='margin-bottom: 8px;'><strong>Resoluciones:<\/strong> 4K\u00d72K@60Hz<\/li>\n<li style='margin-bottom: 8px;'>480i@60Hz&comma; 480p@60Hz&comma; 576i@50Hz&comma; 576p@50Hz&comma; 720p@50\/60Hz&comma; 1080i@50\/60Hz&comma; 1080p@50\/60Hz&comma; 3840&#215;2160@24\/25\/30\/50\/60Hz&comma; 4096&#215;2160@24\/25Hz&comma; 1280&#215;960&comma; 1280&#215;800&comma; 1280&#215;768&comma; 1680&#215;1050&comma; 1360&#215;768&comma; 1366&#215;768&comma; 1600&#215;900&comma; 1024&#215;768&comma; 800&#215;600<\/li>\n<\/ul><\/div>\n<\/p><\/div>\n<p> <!-- Columna 2 --> <\/p>\n<div style='flex: 1 1 300px; min-width: 280px;'>\n<div style='border-left: 5px double #439cc7; border-radius: 5px; padding: 5px 15px; margin-bottom: 25px; color: inherit;'>\n<ul style='padding-left: 20px; font-size: 15px; list-style-type: disc; color: inherit;'>\n<li style='margin-bottom: 8px;'><strong>Formato de audio:<\/strong> LPCM<\/li>\n<li style='margin-bottom: 8px;'><strong>Dimensiones:<\/strong> 411(L)*147(W)*29(H)mm (Tx); 105.5(L) x 102.5(W) (Rx)<\/li>\n<li style='margin-bottom: 8px;'><strong>Peso neto:<\/strong> 254g (Tx); 242g (Rx)<\/li>\n<li style='margin-bottom: 8px;'><strong>Fuente de alimentaci\u00f3n:<\/strong> 5V\/2A<\/li>\n<li style='margin-bottom: 8px;'><strong>Consumo:<\/strong> 5.5W (Tx); 4W (Rx)<\/li>\n<\/ul><\/div>\n<\/p><\/div>\n<p> <!-- Columna 3 --> <\/p>\n<div style='flex: 1 1 300px; min-width: 280px;'>\n<div style='border-left: 5px double #439cc7; border-radius: 5px; padding: 5px 15px; margin-bottom: 25px; color: inherit;'>\n<ul style='padding-left: 20px; font-size: 15px; list-style-type: disc; color: inherit;'>\n<li style='margin-bottom: 8px;'><strong>Temperatura de operaci\u00f3n:<\/strong> -20~60\u00b0C<\/li>\n<li style='margin-bottom: 8px;'><strong>Incluye:<\/strong><\/li>\n<ul style='padding-left: 40px; margin-top: 5px; color: inherit;'>\n<li style='margin-bottom: 5px;'>1x Fuente de 5V\/3A<\/li>\n<li style='margin-bottom: 5px;'>1x Transmisor de Infrarrojos<\/li>\n<li style='margin-bottom: 5px;'>1x Receptor de Infarrojos<\/li>\n<li style='margin-bottom: 5px;'>1x cable de extensi\u00f3n del receptor IR<\/li>\n<li style='margin-bottom: 5px;'>1x Tapa del puerto serie RS232<\/li>\n<li style='margin-bottom: 5px;'>10x Kit montaje pared<\/li>\n<li>1x Mando a distancia<\/li>\n<\/ul>\n<\/ul><\/div>\n<\/p><\/div>\n<\/p><\/div>\n<\/p><\/div>\n<p> <!-- Imagen 2 --> <\/p>\n<p><img style='width: 100%; height: auto; border: 1px solid rgba(150&comma;150&comma;150&comma;0.3); border-radius: 8px;' src='https:\/\/ftp3.syscom.mx\/usuarios\/luis.vargas\/EpcomTitanium\/TT844\/TT844%20Poster.jpg' alt=''><\/p>\n<p> <!-- PDF --> <\/p>\n<div style='position: relative; padding-bottom: 56.25%; height: 0; overflow: hidden; margin: 30px 0;'>   <\/div>\n<\/p><\/div>\n","protected":false},"excerpt":{"rendered":"<p>MATRICIAL Y EXTENSOR DE VIDEO HDMI 4 x 4 \/ 4 Entradas HDMI \/ 4 Salidas HDMI Loop \/ 4 Salidas RJ45 para Extender la se\u00f1al 70 metros por salida  \/4K \/ Conmutaci\u00f3n por RS232, Control Remoto o Ethernet.<\/p>\n","protected":false},"featured_media":98792,"comment_status":"open","ping_status":"closed","template":"","meta":[],"product_brand":[],"product_cat":[2073,2074,2077,2075,2072,2076],"product_tag":[417,2079,2080,2083,507,2081,2078,2082],"class_list":{"0":"post-98793","1":"product","2":"type-product","3":"status-publish","4":"has-post-thumbnail","6":"product_cat-convertidores","7":"product_cat-divisores","8":"product_cat-dvi","9":"product_cat-hdmi","10":"product_cat-kits-extensores","11":"product_cat-vga","12":"product_tag-accesorios-generales","13":"product_tag-convertidores","14":"product_tag-divisores","15":"product_tag-dvi","16":"product_tag-epcom-titanium","17":"product_tag-hdmi","18":"product_tag-kits-extensores","19":"product_tag-vga","21":"first","22":"outofstock","23":"sale","24":"shipping-taxable","25":"purchasable","26":"product-type-simple"},"_links":{"self":[{"href":"https:\/\/soydeaqui.ddns.net\/pachuca\/index.php\/wp-json\/wp\/v2\/product\/98793","targetHints":{"allow":["GET"]}}],"collection":[{"href":"https:\/\/soydeaqui.ddns.net\/pachuca\/index.php\/wp-json\/wp\/v2\/product"}],"about":[{"href":"https:\/\/soydeaqui.ddns.net\/pachuca\/index.php\/wp-json\/wp\/v2\/types\/product"}],"replies":[{"embeddable":true,"href":"https:\/\/soydeaqui.ddns.net\/pachuca\/index.php\/wp-json\/wp\/v2\/comments?post=98793"}],"wp:featuredmedia":[{"embeddable":true,"href":"https:\/\/soydeaqui.ddns.net\/pachuca\/index.php\/wp-json\/wp\/v2\/media\/98792"}],"wp:attachment":[{"href":"https:\/\/soydeaqui.ddns.net\/pachuca\/index.php\/wp-json\/wp\/v2\/media?parent=98793"}],"wp:term":[{"taxonomy":"product_brand","embeddable":true,"href":"https:\/\/soydeaqui.ddns.net\/pachuca\/index.php\/wp-json\/wp\/v2\/product_brand?post=98793"},{"taxonomy":"product_cat","embeddable":true,"href":"https:\/\/soydeaqui.ddns.net\/pachuca\/index.php\/wp-json\/wp\/v2\/product_cat?post=98793"},{"taxonomy":"product_tag","embeddable":true,"href":"https:\/\/soydeaqui.ddns.net\/pachuca\/index.php\/wp-json\/wp\/v2\/product_tag?post=98793"}],"curies":[{"name":"wp","href":"https:\/\/api.w.org\/{rel}","templated":true}]}}