{"id":98700,"date":"2026-03-20T09:53:11","date_gmt":"2026-03-20T09:53:11","guid":{"rendered":"https:\/\/soydeaqui.ddns.net\/pachuca\/index.php\/producto\/servidor-de-almacenamiento-en-red-soporta-24-bahias-de-disco-duro-incluye-24-discos-de-10-tb-soporta-512-canales-4-tarjetas-de-red-controlador-simple\/"},"modified":"2026-03-20T09:53:12","modified_gmt":"2026-03-20T09:53:12","slug":"servidor-de-almacenamiento-en-red-soporta-24-bahias-de-disco-duro-incluye-24-discos-de-10-tb-soporta-512-canales-4-tarjetas-de-red-controlador-simple","status":"publish","type":"product","link":"https:\/\/soydeaqui.ddns.net\/pachuca\/index.php\/producto\/servidor-de-almacenamiento-en-red-soporta-24-bahias-de-disco-duro-incluye-24-discos-de-10-tb-soporta-512-canales-4-tarjetas-de-red-controlador-simple\/","title":{"rendered":"Servidor de Almacenamiento en Red \/ Soporta 24 Bah\u00edas de Disco Duro (Incluye 24 Discos de 10 TB) \/ Soporta 512 Canales \/ 4 Tarjetas de Red \/ Controlador Simple"},"content":{"rendered":"<div style='width: 100%; max-width: 1200px; margin: 0 auto; font-family: sans-serif; line-height: 1.6; color: inherit; background-color: transparent;'>\n<p style='text-align: center; margin: 0; padding: 0;'><img style='width: 100%; max-width: 400px; height: auto; border: 1px solid rgba(150&comma;150&comma;150&comma;0.3); border-radius: 8px;' src='https:\/\/ftp3.syscom.mx\/usuarios\/jsosa\/HIKVISION\/imagenes\/logo\/hikvision%20see%20far.png' alt='Logo Hikvision'><\/p>\n<div style='display: flex; flex-wrap: wrap; gap: 30px; margin: 30px 0;'>\n<div style='flex: 1 1 400px; min-width: 280px;'>\n<h3 style='font-size: 22px; border-bottom: 2px solid currentColor; padding-bottom: 5px; margin-top: 0; color: inherit; opacity: 0.8;'>Caracter\u00edsticas principales<\/h3>\n<ul style='padding-left: 20px; font-size: 15px; color: inherit;'>\n<li style='margin-bottom: 5px;'>Compatible con DVR \/ NVR epcom y HIKVISION<\/li>\n<li style='margin-bottom: 5px;'>Compatible con sistemas de Hik-Central Professional (no requiere licencias adicionales para grabar)<\/li>\n<li style='margin-bottom: 5px;'>Soporta compresi\u00f3n H.265+ \/ H.265 \/ H.264<\/li>\n<li style='margin-bottom: 5px;'>Soporta hasta 24 HDD internos de hasta 10 TB c\/u (240 en total)\n<ul style='padding-left: 20px;'>\n<li style='margin-bottom: 5px;'>Incluye 24 HDD de 10TB<\/li>\n<\/ul>\n<\/li>\n<li style='margin-bottom: 5px;'>Soporta Hot Swap<\/li>\n<li style='margin-bottom: 5px;'>Controlador sencillo (64 bit procesador multi-core)<\/li>\n<li style='margin-bottom: 5px;'>Cuenta con fuente de alimentaci\u00f3n redundante<\/li>\n<li style='margin-bottom: 5px;'>Puede grabar hasta 512 c\u00e1maras IP (usando 2 Mbps por c\u00e1mara)<\/li>\n<li style='margin-bottom: 5px;'>Maneja protocolos iSCSI \/ RTSP \/ ONVIF \/ PSIA<\/li>\n<li style='margin-bottom: 5px;'>Soporta arreglo RAID5&comma; RAID6&comma; iRAID<\/li>\n<\/ul><\/div>\n<div style='flex: 1 1 400px; min-width: 280px;'>\n<h3 style='font-size: 22px; border-bottom: 2px solid currentColor; padding-bottom: 5px; margin-top: 0; color: inherit; opacity: 0.8;'>Caracter\u00edsticas F\u00edsicas y El\u00e9ctricas<\/h3>\n<ul style='padding-left: 20px; font-size: 15px; color: inherit;'>\n<li style='margin-bottom: 5px;'>Dimensiones: 484 mm x 684mm x 174 mm<\/li>\n<li style='margin-bottom: 5px;'>Fuente redundante<\/li>\n<li style='margin-bottom: 5px;'>Peso: 29 Kg (sin HDD)<\/li>\n<li style='margin-bottom: 5px;'>Ocupa 4U de rack (19&#8242;)<\/li>\n<li style='margin-bottom: 5px;'>Alimentaci\u00f3n: 255 W<\/li>\n<\/ul><\/div>\n<\/p><\/div>\n<div style='margin: 30px 0;'>\n<p style='text-align: justify; margin-bottom: 15px;'>La serie DS-A81 es una estructura controladora de almacenamiento en red para proyectos a gran escala con altas demandas de seguridad de los datos.<\/p>\n<p style='text-align: justify; margin-bottom: 15px;'>El Hybrid SAN crea una red con acceso a servidores de almacenamiento de datos e integra la tecnolog\u00eda \u00fanica de transmisi\u00f3n directa de video de Hikvision&comma; as\u00ed como tambi\u00e9n es compatible con IPSAN.<\/p>\n<p style='text-align: justify; margin-bottom: 0;'>Los sistemas Hybrid SAN de Hikvision realmente hacen que las aplicaciones sean simples&comma; flexibles y econ\u00f3micas.<\/p>\n<\/p><\/div>\n<div style='margin: 30px 0;'> <img style='width: 100%; height: auto; border: 1px solid rgba(150&comma;150&comma;150&comma;0.3); border-radius: 8px;' src='http:\/\/ftp3.syscom.mx\/usuarios\/yalvarado\/hikvision\/CVR\/CVR.PNG' alt='Diagrama de almacenamiento Hikvision'> <\/div>\n<\/p><\/div>\n","protected":false},"excerpt":{"rendered":"<p>Servidor de Almacenamiento en Red \/ Soporta 24 Bah\u00edas de Disco Duro (Incluye 24 Discos de 10 TB) \/ Soporta 512 Canales \/ 4 Tarjetas de Red \/ Controlador Simple<\/p>\n","protected":false},"featured_media":98699,"comment_status":"open","ping_status":"closed","template":"","meta":[],"product_brand":[],"product_cat":[2064],"product_tag":[2066,54,2065],"class_list":{"0":"post-98700","1":"product","2":"type-product","3":"status-publish","4":"has-post-thumbnail","6":"product_cat-almacenamiento-nas-san-esata","7":"product_tag-almacenamiento-nas-san-esata","8":"product_tag-hikvision","9":"product_tag-servidores-almacenamiento","11":"first","12":"outofstock","13":"sale","14":"shipping-taxable","15":"purchasable","16":"product-type-simple"},"_links":{"self":[{"href":"https:\/\/soydeaqui.ddns.net\/pachuca\/index.php\/wp-json\/wp\/v2\/product\/98700","targetHints":{"allow":["GET"]}}],"collection":[{"href":"https:\/\/soydeaqui.ddns.net\/pachuca\/index.php\/wp-json\/wp\/v2\/product"}],"about":[{"href":"https:\/\/soydeaqui.ddns.net\/pachuca\/index.php\/wp-json\/wp\/v2\/types\/product"}],"replies":[{"embeddable":true,"href":"https:\/\/soydeaqui.ddns.net\/pachuca\/index.php\/wp-json\/wp\/v2\/comments?post=98700"}],"wp:featuredmedia":[{"embeddable":true,"href":"https:\/\/soydeaqui.ddns.net\/pachuca\/index.php\/wp-json\/wp\/v2\/media\/98699"}],"wp:attachment":[{"href":"https:\/\/soydeaqui.ddns.net\/pachuca\/index.php\/wp-json\/wp\/v2\/media?parent=98700"}],"wp:term":[{"taxonomy":"product_brand","embeddable":true,"href":"https:\/\/soydeaqui.ddns.net\/pachuca\/index.php\/wp-json\/wp\/v2\/product_brand?post=98700"},{"taxonomy":"product_cat","embeddable":true,"href":"https:\/\/soydeaqui.ddns.net\/pachuca\/index.php\/wp-json\/wp\/v2\/product_cat?post=98700"},{"taxonomy":"product_tag","embeddable":true,"href":"https:\/\/soydeaqui.ddns.net\/pachuca\/index.php\/wp-json\/wp\/v2\/product_tag?post=98700"}],"curies":[{"name":"wp","href":"https:\/\/api.w.org\/{rel}","templated":true}]}}