{"id":98643,"date":"2026-03-20T09:50:26","date_gmt":"2026-03-20T09:50:26","guid":{"rendered":"https:\/\/soydeaqui.ddns.net\/pachuca\/index.php\/producto\/ups-1000va-600-w-pantalla-lcd-linea-interactiva-120vca-6-tomas-5-15r-4-respaldadas-regulacion-de-voltaje-proteccion-rj45\/"},"modified":"2026-03-20T09:50:27","modified_gmt":"2026-03-20T09:50:27","slug":"ups-1000va-600-w-pantalla-lcd-linea-interactiva-120vca-6-tomas-5-15r-4-respaldadas-regulacion-de-voltaje-proteccion-rj45","status":"publish","type":"product","link":"https:\/\/soydeaqui.ddns.net\/pachuca\/index.php\/producto\/ups-1000va-600-w-pantalla-lcd-linea-interactiva-120vca-6-tomas-5-15r-4-respaldadas-regulacion-de-voltaje-proteccion-rj45\/","title":{"rendered":"UPS 1000VA\/600 W Pantalla LCD \/ L\u00ednea Interactiva 120Vca \/ 6 tomas 5-15R (4 Respaldadas) \/ Regulaci\u00f3n de Voltaje \/ Protecci\u00f3n RJ45"},"content":{"rendered":"<div style='width: 100%; max-width: 1200px; margin: 0 auto; font-family: sans-serif; line-height: 1.6; color: inherit; background-color: transparent;'>\n<div style='display: flex; flex-direction: column; gap: 30px;'>\n<div style='flex: 1 1 auto;'>\n<p style='margin: 0 0 15px; color: inherit; font-size: 15px;'>El equipo ideal para peque\u00f1as y medianas empresas<\/p>\n<p style='margin: 0 0 15px; color: inherit; font-size: 15px;'>La l\u00ednea de UPS Linked Pro fue dise\u00f1ada para brindar alto desempe\u00f1o y una excelente calidad&comma; son usados para proteger y energizar equipos tales como computadoras personales&comma; conmutadores de peque\u00f1a escala&comma; puntos de venta&comma; etc. Prove\u00e9 protecci\u00f3n de potencia contra sobrevoltajes y picos. Tambi\u00e9n suministra voltaje puro con Regulador Autom\u00e1tico de Voltaje (AVR) en boost y buck. Es simple&comma; a bajo costo y su instalaci\u00f3n es sencilla y r\u00e1pida.<\/p>\n<p style='margin: 0 0 15px; color: inherit; font-size: 15px;'><strong>El tiempo de respaldo puede variar dependiendo de la carga conectada&comma; temperatura ambiente y estado de las bater\u00edas<\/strong><\/p>\n<\/p><\/div>\n<div style='display: grid; grid-template-columns: repeat(auto-fill&comma; minmax(280px&comma; 1fr)); gap: 20px;'>\n<div style='border: 1px solid rgba(150&comma; 150&comma; 150&comma; 0.4); border-radius: 8px; padding: 15px;'>\n<h3 style='font-size: 18px; border-bottom: 2px solid currentColor; padding-bottom: 5px; margin-top: 0; color: inherit; opacity: 0.8;'>Caracter\u00edsticas principales<\/h3>\n<ul style='padding-left: 20px; font-size: 14px; color: inherit; list-style-type: disc;'>\n<li style='margin-bottom: 5px;'><strong>Capacidad:<\/strong> 1000 VA \/ 600 W<\/li>\n<li style='margin-bottom: 5px;'><strong>Bater\u00eda:<\/strong> 2 x 12 V \/ 7 Ah<\/li>\n<li style='margin-bottom: 5px;'><strong>Salidas:<\/strong> 6 con respaldo y 2 sin respaldo<\/li>\n<li style='margin-bottom: 5px;'><strong>Peso:<\/strong> 5.4 Kg<\/li>\n<li style='margin-bottom: 5px;'><strong>Voltaje de entrada:<\/strong> 81 &#8211; 145 V ~ 50\/60 Hz<\/li>\n<li style='margin-bottom: 5px;'><strong>Voltaje de salida:<\/strong> 120Vca \u00b110%<\/li>\n<li style='margin-bottom: 5px;'><strong>Conector:<\/strong> NEMA 5-15P (1.8m de longitud)<\/li>\n<li style='margin-bottom: 5px;'><strong>Garant\u00eda:<\/strong> 5 a\u00f1os (en la bater\u00eda aplica 1 a\u00f1o)<\/li>\n<\/ul><\/div>\n<div style='border: 1px solid rgba(150&comma; 150&comma; 150&comma; 0.4); border-radius: 8px; padding: 15px;'>\n<h3 style='font-size: 18px; border-bottom: 2px solid currentColor; padding-bottom: 5px; margin-top: 0; color: inherit; opacity: 0.8;'>Especificaciones<\/h3>\n<div style='display: grid; grid-template-columns: 1fr; gap: 15px;'>\n<div>\n<h4 style='font-size: 16px; margin-top: 0; color: inherit;'>Entrada<\/h4>\n<ul style='padding-left: 20px; font-size: 14px; color: inherit; list-style-type: disc;'>\n<li style='margin-bottom: 5px;'><strong>Voltaje Nominal:<\/strong> 110\/120 Vac<\/li>\n<li style='margin-bottom: 5px;'><strong>Rango de Voltaje:<\/strong> 81 &#8211; 145 Vac<\/li>\n<li style='margin-bottom: 5px;'><strong>Rango de Frecuencia:<\/strong> 60\/50Hz (Auto-sensing)<\/li>\n<\/ul><\/div>\n<div>\n<h4 style='font-size: 16px; margin-top: 0; color: inherit;'>Salida<\/h4>\n<ul style='padding-left: 20px; font-size: 14px; color: inherit; list-style-type: disc;'>\n<li style='margin-bottom: 5px;'><strong>Regulaci\u00f3n de Voltaje en Bater\u00eda:<\/strong> \u00b110%<\/li>\n<li style='margin-bottom: 5px;'><strong>Rango de Frecuencia en Bater\u00eda:<\/strong> 60\/50Hz \u00b11 Hz<\/li>\n<li style='margin-bottom: 5px;'><strong>Tiempo de Transferencia:<\/strong> Normalmente 2-6ms&comma; 10ms M\u00e1x<\/li>\n<li style='margin-bottom: 5px;'><strong>Tipo de Onda:<\/strong> Simulada<\/li>\n<\/ul><\/div>\n<div>\n<h4 style='font-size: 16px; margin-top: 0; color: inherit;'>Bater\u00eda<\/h4>\n<ul style='padding-left: 20px; font-size: 14px; color: inherit; list-style-type: disc;'>\n<li style='margin-bottom: 5px;'><strong>Voltaje Nominal:<\/strong> 24Vcd<\/li>\n<li style='margin-bottom: 5px;'><strong>Capacidad de Bater\u00eda:<\/strong> 12V \/ 7Ah \u00d7 2<\/li>\n<li style='margin-bottom: 5px;'><strong>Tiempo de Carga:<\/strong> 6 &#8211; 8 horas al 90% de la carga<\/li>\n<\/ul><\/div>\n<div>\n<h4 style='font-size: 16px; margin-top: 0; color: inherit;'>Indicador<\/h4>\n<ul style='padding-left: 20px; font-size: 14px; color: inherit; list-style-type: disc;'>\n<li style='margin-bottom: 5px;'><strong>LED:<\/strong> S\u00ed<\/li>\n<li style='margin-bottom: 5px;'><strong>LCD:<\/strong> S\u00ed<\/li>\n<\/ul><\/div>\n<div>\n<h4 style='font-size: 16px; margin-top: 0; color: inherit;'>Protecci\u00f3n<\/h4>\n<ul style='padding-left: 20px; font-size: 14px; color: inherit; list-style-type: disc;'>\n<li style='margin-bottom: 5px;'><strong>Protecci\u00f3n Completa:<\/strong> Contra cortocircuito&comma; sobrecarga en salida&comma; sobrecarga de bater\u00eda&comma; sobredescarga<\/li>\n<\/ul><\/div>\n<div>\n<h4 style='font-size: 16px; margin-top: 0; color: inherit;'>Alarma<\/h4>\n<ul style='padding-left: 20px; font-size: 14px; color: inherit; list-style-type: disc;'>\n<li style='margin-bottom: 5px;'><strong>Modo Bater\u00eda:<\/strong> Emite un beep cada 10 segundos<\/li>\n<li style='margin-bottom: 5px;'><strong>Bater\u00eda Baja:<\/strong> Emite un beep cada segundo<\/li>\n<li style='margin-bottom: 5px;'><strong>Sobrecarga:<\/strong> Emite un beep cada 0.5 segundos<\/li>\n<li style='margin-bottom: 5px;'><strong>Reemplazo de Bater\u00eda:<\/strong> Emite un beep cada 2 segundos<\/li>\n<li style='margin-bottom: 5px;'><strong>Falla:<\/strong> Beep continuo<\/li>\n<\/ul><\/div>\n<div>\n<h4 style='font-size: 16px; margin-top: 0; color: inherit;'>Administraci\u00f3n<\/h4>\n<ul style='padding-left: 20px; font-size: 14px; color: inherit; list-style-type: disc;'>\n<li style='margin-bottom: 5px;'><strong>Puertos de Comunicaci\u00f3n:<\/strong> USB o RS232 (Compatible con Windows\u00ae 2000\/2003\/XP\/Vista\/2008&comma; Windows\u00ae 7&comma; Linux&comma; Unix&comma; y MAC)<\/li>\n<\/ul><\/div>\n<div>\n<h4 style='font-size: 16px; margin-top: 0; color: inherit;'>Ambiente de Operaci\u00f3n<\/h4>\n<ul style='padding-left: 20px; font-size: 14px; color: inherit; list-style-type: disc;'>\n<li style='margin-bottom: 5px;'><strong>Humedad Relativa:<\/strong> 0-90% RH @ 0-40\u00b0C (sin condensaci\u00f3n)<\/li>\n<li style='margin-bottom: 5px;'><strong>Nivel de Ruido:<\/strong> Menor a 45dB<\/li>\n<\/ul><\/div>\n<div>\n<h4 style='font-size: 16px; margin-top: 0; color: inherit;'>Caracter\u00edsticas F\u00edsicas<\/h4>\n<ul style='padding-left: 20px; font-size: 14px; color: inherit; list-style-type: disc;'>\n<li style='margin-bottom: 5px;'><strong>Dimensiones:<\/strong> 353 \u00d7 149 \u00d7 162 mm<\/li>\n<li style='margin-bottom: 5px;'><strong>Peso Aproximado:<\/strong> 7.8 kg<\/li>\n<\/ul><\/div>\n<div>\n<h4 style='font-size: 16px; margin-top: 0; color: inherit;'>Certificaciones<\/h4>\n<ul style='padding-left: 20px; font-size: 14px; color: inherit; list-style-type: disc;'>\n<li style='margin-bottom: 5px;'><strong>EMC:<\/strong> IEC\/EN 62040-2&comma; IEC 61000-4-2&comma; IEC 61000-4-3&comma; IEC 61000-4-4&comma; IEC 61000-4-5&comma; IEC 61000-4-6&comma; IEC 61000-4-8<\/li>\n<li style='margin-bottom: 5px;'><strong>Desempe\u00f1o:<\/strong> IEC\/EN 62040-1&comma; IEC\/EN 60950-1&comma; IEC\/EN 62040-3<\/li>\n<\/ul><\/div>\n<\/p><\/div>\n<\/p><\/div>\n<div style='border: 1px solid rgba(150&comma; 150&comma; 150&comma; 0.4); border-radius: 8px; padding: 15px;'>\n<h3 style='font-size: 18px; border-bottom: 2px solid currentColor; padding-bottom: 5px; margin-top: 0; color: inherit; opacity: 0.8;'>Tiempos de respaldo estimados<\/h3>\n<p style='margin: 0 0 15px; color: inherit; font-size: 15px;'><a href='https:\/\/ftp3.syscom.mx\/usuarios\/mtopete\/Back%20up%20LinkedPro.xlsx' style='color: #0066cc; text-decoration: underline; font-weight: normal; font-size: 15px;'>Haz clic aqu\u00ed para ver la tabla de tiempos de respaldo<\/a><\/p>\n<p> <a href='https:\/\/ftp3.syscom.mx\/usuarios\/mtopete\/Back%20up%20LinkedPro.xlsx'> <img style='width: 100%; height: auto; border: 1px solid rgba(150&comma;150&comma;150&comma;0.3); border-radius: 8px;' src='https:\/\/ftp3.syscom.mx\/usuarios\/mtopete\/respaldo.jpg' alt='Tabla de tiempos de respaldo'> <\/a> <\/div>\n<div style='border: 1px solid rgba(150&comma; 150&comma; 150&comma; 0.4); border-radius: 8px; padding: 15px;'>\n<h3 style='font-size: 18px; border-bottom: 2px solid currentColor; padding-bottom: 5px; margin-top: 0; color: inherit; opacity: 0.8;'>Tiempo de respaldo vs Consumo<\/h3>\n<ul style='padding-left: 20px; font-size: 14px; color: inherit; list-style-type: disc;'>\n<li style='margin-bottom: 5px;'><strong>15 Watts:<\/strong> 560 minutos<\/li>\n<li style='margin-bottom: 5px;'><strong>32 Watts:<\/strong> 220 minutos<\/li>\n<li style='margin-bottom: 5px;'><strong>42 Watts:<\/strong> 180 minutos<\/li>\n<li style='margin-bottom: 5px;'><strong>55 Watts:<\/strong> 130 minutos<\/li>\n<li style='margin-bottom: 5px;'><strong>65 Watts:<\/strong> 100 minutos<\/li>\n<\/ul><\/div>\n<\/p><\/div>\n<div style='display: grid; grid-template-columns: repeat(auto-fill&comma; minmax(280px&comma; 1fr)); gap: 20px;'>\n<div style='border: 1px solid rgba(150&comma; 150&comma; 150&comma; 0.4); border-radius: 8px; padding: 15px;'>\n<h3 style='font-size: 18px; border-bottom: 2px solid currentColor; padding-bottom: 5px; margin-top: 0; color: inherit; opacity: 0.8;'>UPS L\u00ednea Interactiva<\/h3>\n<p> <img style='width: 100%; height: auto; border: 1px solid rgba(150&comma;150&comma;150&comma;0.3); border-radius: 8px;' src='https:\/\/ftp3.syscom.mx\/usuarios\/fotos\/BancoFotografiasSyscom\/LINKEDPROBYEPCOM\/LP600LCD\/LP600LCD-p.PNG' alt='UPS L\u00ednea Interactiva'> <\/p>\n<p style='margin: 15px 0 0 0; color: inherit; font-size: 15px;'>Los UPS de la interactiva de Linked Pro son especiales para suplir necesidades tales como hardware de redes&comma; computadoras&comma; etc.&comma; estos equipos corrigen fluctuaciones menores de energ\u00eda sin necesidad de cambiar a modo bater\u00eda&comma; haciendo m\u00e1s longevo el tiempo de vida de la bater\u00eda.<\/p>\n<\/p><\/div>\n<div style='border: 1px solid rgba(150&comma; 150&comma; 150&comma; 0.4); border-radius: 8px; padding: 15px;'>\n<h3 style='font-size: 18px; border-bottom: 2px solid currentColor; padding-bottom: 5px; margin-top: 0; color: inherit; opacity: 0.8;'>UPS On-Line<\/h3>\n<p> <img style='width: 100%; height: auto; border: 1px solid rgba(150&comma;150&comma;150&comma;0.3); border-radius: 8px;' src='https:\/\/ftp3.syscom.mx\/usuarios\/fotos\/BancoFotografiasSyscom\/LINKEDPROBYEPCOM\/LP1KRT\/LP1KRT-p.PNG' alt='UPS On-Line'> <\/p>\n<p style='margin: 15px 0 0 0; color: inherit; font-size: 15px;'>La tecnolog\u00eda de UPS On-Line (doble conversi\u00f3n) es la versi\u00f3n de alta densidad de Linked Pro&comma; est\u00e1 dise\u00f1ada para aplicaciones de voltajes de 100\/110\/115\/120\/127 VAC. Est\u00e1 equipado con correcci\u00f3n de factor de potencia (PFC) en la entrada&comma; factor de potencia de 0.9 en la salida&comma; ofreciendo altos niveles de confiabilidad y protecci\u00f3n para sistemas IT&comma; equipo de telecomunicaciones&comma; equipo m\u00e9dico y sistemas de misi\u00f3n cr\u00edtica. Es convertible a Rack o Torre y solo toma 2U unidades de Rack.<\/p>\n<\/p><\/div>\n<div style='border: 1px solid rgba(150&comma; 150&comma; 150&comma; 0.4); border-radius: 8px; padding: 15px;'>\n<h3 style='font-size: 18px; border-bottom: 2px solid currentColor; padding-bottom: 5px; margin-top: 0; color: inherit; opacity: 0.8;'>Rango din\u00e1mico de voltaje (AVR)<\/h3>\n<p> <img style='width: 100%; height: auto; border: 1px solid rgba(150&comma;150&comma;150&comma;0.3); border-radius: 8px;' src='http:\/\/ftp3.syscom.mx\/usuarios\/ftp\/single_page\/epcom_powerline\/ups_icono1.png' alt='Rango din\u00e1mico de voltaje'> <\/p>\n<p style='margin: 15px 0 0 0; color: inherit; font-size: 15px;'>El rango din\u00e1mico de voltaje (AVR) en los UPS de Linked Pro ayuda a estabilizar la se\u00f1al entrante de CA&comma; se encarga de controlar los voltajes altos y bajos&comma; manteniendo la energ\u00eda de salida a un nivel nominal de 120v&comma; reduce fallas del sistema e incrementa significativamente la vida de la bater\u00eda.<\/p>\n<\/p><\/div>\n<div style='border: 1px solid rgba(150&comma; 150&comma; 150&comma; 0.4); border-radius: 8px; padding: 15px;'>\n<h3 style='font-size: 18px; border-bottom: 2px solid currentColor; padding-bottom: 5px; margin-top: 0; color: inherit; opacity: 0.8;'>Voltajes configurables de salida<\/h3>\n<p style='margin: 15px 0 0 0; color: inherit; font-size: 15px;'>Algunos modelos de Linked Pro pueden ser configurables con voltaje de salida seleccionable: 100 V \/ 110 V \/ 115 V \/ 120 V \/ 127 V AC.<\/p>\n<\/p><\/div>\n<div style='border: 1px solid rgba(150&comma; 150&comma; 150&comma; 0.4); border-radius: 8px; padding: 15px;'>\n<h3 style='font-size: 18px; border-bottom: 2px solid currentColor; padding-bottom: 5px; margin-top: 0; color: inherit; opacity: 0.8;'>Highlights<\/h3>\n<ul style='padding-left: 20px; font-size: 14px; color: inherit; list-style-type: disc;'>\n<li style='margin-bottom: 5px;'>Los UPS On-Line ofrecen tecnolog\u00eda de alta eficiencia de conversi\u00f3n en l\u00ednea doble<\/li>\n<li style='margin-bottom: 5px;'>Onda senoidal pura<\/li>\n<li style='margin-bottom: 5px;'>Funcionamiento en modo Eco para el ahorro energ\u00e9tico<\/li>\n<li style='margin-bottom: 5px;'>Rango din\u00e1mico de voltaje<\/li>\n<li style='margin-bottom: 5px;'>Voltaje configurable de salida v\u00eda LCD<\/li>\n<li style='margin-bottom: 5px;'>M\u00f3dulo de bater\u00edas para extender tiempo de respaldo<\/li>\n<li style='margin-bottom: 5px;'>Instalaci\u00f3n Rack\/Torre<\/li>\n<li style='margin-bottom: 5px;'>Los UPS de topolog\u00eda On-Line pueden ser configurados horizontal o verticalmente<\/li>\n<\/ul><\/div>\n<\/p><\/div>\n<div style='display: flex; flex-direction: column; gap: 15px;'> <img style='width: 100%; height: auto; border: 1px solid rgba(150&comma;150&comma;150&comma;0.3); border-radius: 8px;' src='https:\/\/ftp3.syscom.mx\/usuarios\/fotos\/BancoFotografiasSyscom\/LINKEDPROBYEPCOM\/LP600L\/LP600L-AD-5-l.PNG' alt='Diagrama de conexi\u00f3n'> <\/p>\n<p style='margin: 0 0 15px; color: inherit; font-size: 15px;'>Este modelo LP600L es una soluci\u00f3n fiable y eficiente para la protecci\u00f3n de equipos electr\u00f3nicos sensibles&comma; con una bater\u00eda de respaldo que garantiza una operaci\u00f3n continua y segura frente a interrupciones el\u00e9ctricas. Ideal para entornos de oficina&comma; hogar y sistemas de seguridad.<\/p>\n<\/p><\/div>\n<div style='background-color: rgba(150&comma;150&comma;150&comma;0.05); border: 1px solid rgba(150&comma;150&comma;150&comma;0.2); border-radius: 8px; padding: 20px;'>\n<h3 style='font-size: 18px; border-bottom: 2px solid currentColor; padding-bottom: 5px; margin-top: 0; color: inherit; opacity: 0.8;'>La L\u00ednea de UPS m\u00e1s Confiable<\/h3>\n<p style='margin: 15px 0; color: inherit; font-size: 15px;'>Conozca la L\u00ednea de UPS de Linked Pro<\/p>\n<p style='margin: 15px 0; color: inherit; font-size: 15px;'>La l\u00ednea de UPS de LinkedPro fue dise\u00f1ada para brindar alto desempe\u00f1o y una excelente calidad&comma; son usados para proteger y energizar equipos&comma; tambi\u00e9n suministra voltaje puro con regulador autom\u00e1tico de Voltaje (AVR) en boost y buck. Son simples&comma; a bajo costo y su instalaci\u00f3n es sencilla y r\u00e1pida.<\/p>\n<\/p><\/div>\n<\/p><\/div>\n<\/p><\/div>\n","protected":false},"excerpt":{"rendered":"<p>UPS 1000VA\/600 W Pantalla LCD \/ L\u00ednea Interactiva 120Vca \/ 6 tomas 5-15R (4 Respaldadas) \/ Regulaci\u00f3n de Voltaje \/ Protecci\u00f3n RJ45<\/p>\n","protected":false},"featured_media":98642,"comment_status":"open","ping_status":"closed","template":"","meta":[],"product_brand":[],"product_cat":[1231],"product_tag":[142,435,1232],"class_list":{"0":"post-98643","1":"product","2":"type-product","3":"status-publish","4":"has-post-thumbnail","6":"product_cat-ups-no-break-energia-videovigilancia","7":"product_tag-energia","8":"product_tag-linkedpro-by-epcom","9":"product_tag-ups-no-break-2","11":"first","12":"instock","13":"sale","14":"shipping-taxable","15":"purchasable","16":"product-type-simple"},"_links":{"self":[{"href":"https:\/\/soydeaqui.ddns.net\/pachuca\/index.php\/wp-json\/wp\/v2\/product\/98643","targetHints":{"allow":["GET"]}}],"collection":[{"href":"https:\/\/soydeaqui.ddns.net\/pachuca\/index.php\/wp-json\/wp\/v2\/product"}],"about":[{"href":"https:\/\/soydeaqui.ddns.net\/pachuca\/index.php\/wp-json\/wp\/v2\/types\/product"}],"replies":[{"embeddable":true,"href":"https:\/\/soydeaqui.ddns.net\/pachuca\/index.php\/wp-json\/wp\/v2\/comments?post=98643"}],"wp:featuredmedia":[{"embeddable":true,"href":"https:\/\/soydeaqui.ddns.net\/pachuca\/index.php\/wp-json\/wp\/v2\/media\/98642"}],"wp:attachment":[{"href":"https:\/\/soydeaqui.ddns.net\/pachuca\/index.php\/wp-json\/wp\/v2\/media?parent=98643"}],"wp:term":[{"taxonomy":"product_brand","embeddable":true,"href":"https:\/\/soydeaqui.ddns.net\/pachuca\/index.php\/wp-json\/wp\/v2\/product_brand?post=98643"},{"taxonomy":"product_cat","embeddable":true,"href":"https:\/\/soydeaqui.ddns.net\/pachuca\/index.php\/wp-json\/wp\/v2\/product_cat?post=98643"},{"taxonomy":"product_tag","embeddable":true,"href":"https:\/\/soydeaqui.ddns.net\/pachuca\/index.php\/wp-json\/wp\/v2\/product_tag?post=98643"}],"curies":[{"name":"wp","href":"https:\/\/api.w.org\/{rel}","templated":true}]}}