{"id":98543,"date":"2026-03-20T09:46:20","date_gmt":"2026-03-20T09:46:20","guid":{"rendered":"https:\/\/soydeaqui.ddns.net\/pachuca\/index.php\/producto\/servidor-de-almacenamiento-cluster-48-bahias-de-disco-duro-controlador-simple-graba-600-canales-ip-fuente-redundante\/"},"modified":"2026-03-20T09:46:22","modified_gmt":"2026-03-20T09:46:22","slug":"servidor-de-almacenamiento-cluster-48-bahias-de-disco-duro-controlador-simple-graba-600-canales-ip-fuente-redundante","status":"publish","type":"product","link":"https:\/\/soydeaqui.ddns.net\/pachuca\/index.php\/producto\/servidor-de-almacenamiento-cluster-48-bahias-de-disco-duro-controlador-simple-graba-600-canales-ip-fuente-redundante\/","title":{"rendered":"Servidor de Almacenamiento Cluster \/ 48 Bah\u00edas de Disco Duro \/ Controlador Simple \/ Graba 600 Canales IP \/ Fuente Redundante"},"content":{"rendered":"<div style='width: 100%; max-width: 1200px; margin: 0 auto; font-family: sans-serif; line-height: 1.6; color: inherit; background-color: transparent;'> <!-- Logo Hikvision --> <\/p>\n<div style='text-align: center; margin: 20px 0;'> <img style='width: 45%; height: auto; border: 1px solid rgba(150&comma;150&comma;150&comma;0.3); border-radius: 8px;' src='https:\/\/ftp3.syscom.mx\/usuarios\/jsosa\/HIKVISION\/imagenes\/logo\/hikvision%20see%20far.png' alt='Logo Hikvision'> <\/div>\n<p> <!-- Secci\u00f3n de caracter\u00edsticas --> <\/p>\n<div style='display: flex; flex-wrap: wrap; gap: 30px; margin-bottom: 30px;'>\n<div style='flex: 1 1 300px; min-width: 280px;'>\n<h3 style='font-size: 22px; border-bottom: 2px solid currentColor; padding-bottom: 5px; margin-top: 0; color: inherit; opacity: 0.8;'>Caracter\u00edsticas principales<\/h3>\n<ul style='padding-left: 20px; font-size: 15px; color: inherit;'>\n<li style='margin-bottom: 5px;'>Compatible con DVR \/ NVR epcom y HIKVISION<\/li>\n<li style='margin-bottom: 5px;'>Compatible con sistemas de Hik-Central Professional (no requiere licencias adicionales para grabar)<\/li>\n<li style='margin-bottom: 5px;'>Soporta compresi\u00f3n H.265+ \/ H.265 \/ H.264<\/li>\n<li style='margin-bottom: 5px;'>Soporta hasta 48 HDD internos de hasta 16 TB c\/u. (no incluidos)<\/li>\n<li style='margin-bottom: 5px;'>Memoria RAM 64GB DDR4<\/li>\n<li style='margin-bottom: 5px;'>Procesador doble (64 bit procesador 6 core)<\/li>\n<li style='margin-bottom: 5px;'>Cuenta con fuente de alimentaci\u00f3n redundante 2+1<\/li>\n<li style='margin-bottom: 5px;'>Puede grabar hasta 600 c\u00e1maras IP (usando 2 Mbps por c\u00e1mara)<\/li>\n<li style='margin-bottom: 5px;'>6 Puertos de red 10\/100\/1000&comma; 1 Managment<\/li>\n<li style='margin-bottom: 5px;'>3 interfaz SAS 3.0 12 Gbps<\/li>\n<li style='margin-bottom: 5px;'>Soporta arreglo RAID: N + M: K&comma; N + M \u2264 16&comma; M \u2265 K&comma; N\u2208[1&comma; 15]&comma; M\u2208[1&comma; 4]&comma; K\u2208[1&comma; 4]<\/li>\n<\/ul><\/div>\n<div style='flex: 1 1 300px; min-width: 280px;'>\n<h3 style='font-size: 22px; border-bottom: 2px solid currentColor; padding-bottom: 5px; margin-top: 0; color: inherit; opacity: 0.8;'>Caracter\u00edsticas F\u00edsicas y El\u00e9ctricas<\/h3>\n<ul style='padding-left: 20px; font-size: 15px; color: inherit;'>\n<li style='margin-bottom: 5px;'>Dimensiones: 487 mm x 174 mm x 760 mm<\/li>\n<li style='margin-bottom: 5px;'>Peso: 93 Kg (sin HDD)<\/li>\n<li style='margin-bottom: 5px;'>Alimentaci\u00f3n: 763 W<\/li>\n<\/ul><\/div>\n<\/p><\/div>\n<p> <!-- Imagen principal --> <\/p>\n<div style='margin: 30px 0;'> <img style='width: 100%; height: auto; border: 1px solid rgba(150&comma;150&comma;150&comma;0.3); border-radius: 8px;' src='https:\/\/ftp3.syscom.mx\/usuarios\/yalvarado\/hikvision\/CVR\/FOTOS\/CVR4.PNG' alt='Servidor de Almacenamiento Hikvision'> <\/div>\n<p> <!-- Descripci\u00f3n general --> <\/p>\n<div style='margin-bottom: 30px; font-size: 15px;'>\n<p>La serie ICVS DS-A830XXS-ICVS es un producto de almacenamiento de alta gama de Hikvision. La arquitectura del controlador y el dise\u00f1o garantiza la estabilidad del sistema. El dise\u00f1o de alta gama de hardware adopta 2 procesadores Xeon de 64 bits y 6 n\u00facleos para cada controlador con una memoria cache de 64 GB. Un sistema de cluster admite 300 dispositivos de almacenamiento y la capacidad total puede ser escalable hasta 300 PB. Admite una arquitectura en cluster totalmente sim\u00e9trica o asimetrica y totalmente distribuida.<\/p>\n<p>El producto utiliza tecnolog\u00eda RAID de red ultra tolerante a fallos que se basa en Eraser Code. No solo cuenta con el mecanismo tolerante a fallos de multiples HDD sino tambi\u00e9n puede continuar con el servicio de lectura y escritura de datos cuando el numero de HDD defectuosos excede las cantidades redundantes.<\/p>\n<p>Proporciona un servicio de almacenamiento de datos con alta confiadibilidad&comma; alta escalibilidad y alto rendimiento&comma; ampliamente aplicable a la industria de la seguridad de video.<\/p>\n<\/p><\/div>\n<p> <!-- Secci\u00f3n de beneficios --> <\/p>\n<div style='display: flex; flex-wrap: wrap; gap: 30px; margin-bottom: 30px;'>\n<div style='flex: 1 1 300px; min-width: 280px;'>\n<h3 style='font-size: 22px; border-bottom: 2px solid currentColor; padding-bottom: 5px; margin-top: 0; color: inherit; opacity: 0.8;'>SOLUCI\u00d3N RENTABLE<\/h3>\n<p style='font-size: 15px; color: inherit;'>La soluci\u00f3n de Hikvision ocupa menos espacio en la sala&comma; utiliza menos electricidad y reduce el tiempo de implementaci\u00f3n&comma; lo que le ahorra tiempo y dinero. En comparaci\u00f3n con los dispositivos de almacenamiento de 8TB actuales&comma; el HDD SMR de 20TB ahorra a los usuarios hasta un 35% del costo TB y hasta un 50% del consumo de espacio y energ\u00eda por TB.<\/p>\n<\/p><\/div>\n<div style='flex: 1 1 300px; min-width: 280px;'> <img style='width: 100%; height: auto; border: 1px solid rgba(150&comma;150&comma;150&comma;0.3); border-radius: 8px;' src='https:\/\/ftp3.syscom.mx\/usuarios\/yalvarado\/hikvision\/CVR\/FOTOS\/CVR.PNG' alt='Soluci\u00f3n Rentable'> <\/div>\n<\/p><\/div>\n<p> <!-- Secci\u00f3n de seguridad --> <\/p>\n<div style='display: flex; flex-wrap: wrap; gap: 30px; margin-bottom: 30px;'>\n<div style='flex: 1 1 300px; min-width: 280px;'> <img style='width: 100%; height: auto; border: 1px solid rgba(150&comma;150&comma;150&comma;0.3); border-radius: 8px;' src='https:\/\/ftp3.syscom.mx\/usuarios\/yalvarado\/hikvision\/CVR\/FOTOS\/CVR2.PNG' alt='Seguridad'> <\/div>\n<div style='flex: 1 1 300px; min-width: 280px;'>\n<h3 style='font-size: 22px; border-bottom: 2px solid currentColor; padding-bottom: 5px; margin-top: 0; color: inherit; opacity: 0.8;'>SEGURA Y CONFIABLE<\/h3>\n<p style='font-size: 15px; color: inherit;'>La tecnolog\u00eda de almacenamiento iRAID de Hikvision aumenta la seguridad de los datos. Mientras que el RAID tradicional deja de funcionar cuando fallan tres discos duros&comma; iRAID continua funcionando&comma; por lo que la grabaci\u00f3n de video contin\u00faa sin interrupciones incluso cuando fallan cuatro discos duros (la version personalizada). Es m\u00e1s&comma; los datos almacenados en discos duros que funcionan a\u00fan se pueden reproducir.<\/p>\n<\/p><\/div>\n<\/p><\/div>\n<p> <!-- Secci\u00f3n de operaci\u00f3n --> <\/p>\n<div style='display: flex; flex-wrap: wrap; gap: 30px; margin-bottom: 30px;'>\n<div style='flex: 1 1 300px; min-width: 280px;'>\n<h3 style='font-size: 22px; border-bottom: 2px solid currentColor; padding-bottom: 5px; margin-top: 0; color: inherit; opacity: 0.8;'>FACIL OPERACI\u00d3N Y MANTENIMIENTO<\/h3>\n<p style='font-size: 15px; color: inherit;'>Nuestro software de mantenimiento recientemente lanzado admite una configuraci\u00f3n sencilla y \u00fanica&comma; lo que ahorra tiempo y mejora la eficiencia. El estado de los HDD&comma; CPU&comma; unidades de energ\u00eda y ventiladores se monitorea en tiempo real y se mostrar\u00e1n mensajes de alarma cuando ocurra alg\u00fan problema.<\/p>\n<\/p><\/div>\n<div style='flex: 1 1 300px; min-width: 280px;'> <img style='width: 100%; height: auto; border: 1px solid rgba(150&comma;150&comma;150&comma;0.3); border-radius: 8px;' src='https:\/\/ftp3.syscom.mx\/usuarios\/yalvarado\/hikvision\/CVR\/FOTOS\/CVR3.PNG' alt='Operaci\u00f3n y Mantenimiento'> <\/div>\n<\/p><\/div>\n<p> <!-- Imagen final --> <\/p>\n<div style='margin: 30px 0;'> <img style='width: 100%; height: auto; border: 1px solid rgba(150&comma;150&comma;150&comma;0.3); border-radius: 8px;' src='https:\/\/ftp3.syscom.mx\/usuarios\/yalvarado\/hikvision\/CVR\/FOTOS\/CVR6.PNG' alt='Servidor de Almacenamiento Hikvision'> <\/div>\n<\/p><\/div>\n","protected":false},"excerpt":{"rendered":"<p>Servidor de Almacenamiento Cluster \/ 48 Bah\u00edas de Disco Duro \/ Controlador Simple \/ Graba 600 Canales IP \/ Fuente Redundante<\/p>\n","protected":false},"featured_media":98542,"comment_status":"open","ping_status":"closed","template":"","meta":[],"product_brand":[],"product_cat":[2064],"product_tag":[2066,54,2065],"class_list":{"0":"post-98543","1":"product","2":"type-product","3":"status-publish","4":"has-post-thumbnail","6":"product_cat-almacenamiento-nas-san-esata","7":"product_tag-almacenamiento-nas-san-esata","8":"product_tag-hikvision","9":"product_tag-servidores-almacenamiento","11":"first","12":"outofstock","13":"sale","14":"shipping-taxable","15":"purchasable","16":"product-type-simple"},"_links":{"self":[{"href":"https:\/\/soydeaqui.ddns.net\/pachuca\/index.php\/wp-json\/wp\/v2\/product\/98543","targetHints":{"allow":["GET"]}}],"collection":[{"href":"https:\/\/soydeaqui.ddns.net\/pachuca\/index.php\/wp-json\/wp\/v2\/product"}],"about":[{"href":"https:\/\/soydeaqui.ddns.net\/pachuca\/index.php\/wp-json\/wp\/v2\/types\/product"}],"replies":[{"embeddable":true,"href":"https:\/\/soydeaqui.ddns.net\/pachuca\/index.php\/wp-json\/wp\/v2\/comments?post=98543"}],"wp:featuredmedia":[{"embeddable":true,"href":"https:\/\/soydeaqui.ddns.net\/pachuca\/index.php\/wp-json\/wp\/v2\/media\/98542"}],"wp:attachment":[{"href":"https:\/\/soydeaqui.ddns.net\/pachuca\/index.php\/wp-json\/wp\/v2\/media?parent=98543"}],"wp:term":[{"taxonomy":"product_brand","embeddable":true,"href":"https:\/\/soydeaqui.ddns.net\/pachuca\/index.php\/wp-json\/wp\/v2\/product_brand?post=98543"},{"taxonomy":"product_cat","embeddable":true,"href":"https:\/\/soydeaqui.ddns.net\/pachuca\/index.php\/wp-json\/wp\/v2\/product_cat?post=98543"},{"taxonomy":"product_tag","embeddable":true,"href":"https:\/\/soydeaqui.ddns.net\/pachuca\/index.php\/wp-json\/wp\/v2\/product_tag?post=98543"}],"curies":[{"name":"wp","href":"https:\/\/api.w.org\/{rel}","templated":true}]}}