{"id":98178,"date":"2026-03-20T09:29:53","date_gmt":"2026-03-20T09:29:53","guid":{"rendered":"https:\/\/soydeaqui.ddns.net\/pachuca\/index.php\/producto\/dvr-32-canales-turbohd-16-canales-ip-3k-lite-5-megapixel-lite-4-bahias-de-disco-duro-audio-por-coaxitron-acusense-pos-videoanalisis-16-entradas-y-4-salidas-de-alarma\/"},"modified":"2026-03-20T09:30:09","modified_gmt":"2026-03-20T09:30:09","slug":"dvr-32-canales-turbohd-16-canales-ip-3k-lite-5-megapixel-lite-4-bahias-de-disco-duro-audio-por-coaxitron-acusense-pos-videoanalisis-16-entradas-y-4-salidas-de-alarma","status":"publish","type":"product","link":"https:\/\/soydeaqui.ddns.net\/pachuca\/index.php\/producto\/dvr-32-canales-turbohd-16-canales-ip-3k-lite-5-megapixel-lite-4-bahias-de-disco-duro-audio-por-coaxitron-acusense-pos-videoanalisis-16-entradas-y-4-salidas-de-alarma\/","title":{"rendered":"DVR 32 Canales TurboHD + 16 Canales IP \/ 3K Lite \/ 5 Megapixel Lite \/ 4 Bah\u00edas de Disco Duro \/ Audio por Coaxitron \/ AcuSense \/ POS \/ Videoanalisis \/ 16 Entradas y 4 salidas de Alarma"},"content":{"rendered":"<div style='width: 100%; max-width: 1200px; margin: 0 auto; font-family: sans-serif; line-height: 1.6; color: inherit; background-color: transparent;'> <!-- T\u00edtulo principal --> <\/p>\n<div style='width: 100%; text-align: center; margin-bottom: 30px;'>\n<h1 style='color: #232a6f; text-align: center; font-family: 'arial black'&comma; sans-serif; font-size: 24px; margin: 0; padding: 0;'> Maximize su seguridad implemente este grabador con c\u00e1maras de ultima generaci\u00f3n Hikvision <\/h1>\n<\/p><\/div>\n<p> <!-- Imagen principal --> <\/p>\n<div style='width: 100%; margin-bottom: 30px;'> <img style='width: 100%; height: auto; border: 1px solid rgba(150&comma;150&comma;150&comma;0.3); border-radius: 8px; display: block; margin: 0 auto;' src='https:\/\/ftp3.syscom.mx\/usuarios\/ftp\/single_page\/HIKVISION\/ICONOS-SMART-HYBRID.png' alt='Iconos Smart Hybrid'> <\/div>\n<p> <!-- Contenedor principal --> <\/p>\n<div style='display: flex; flex-wrap: wrap; gap: 30px;'> <!-- Columna 1 --> <\/p>\n<div style='flex: 1 1 300px; min-width: 280px;'>\n<div style='border: 1px solid rgba(150&comma;150&comma;150&comma;0.4); border-radius: 8px; overflow: hidden; display: flex; flex-direction: column; margin-bottom: 30px;'>\n<div style='padding: 15px; border-bottom: 1px solid rgba(150&comma;150&comma;150&comma;0.2); font-weight: bold; font-size: 18px; color: #ffffff; background: #df001e;'> Caracter\u00edsticas Principales: <\/div>\n<div style='padding: 15px; color: inherit;'>\n<ul style='padding-left: 20px; margin: 0; font-size: 14px; list-style-type: disc;'>\n<li style='margin-bottom: 10px;'><span style='font-family: verdana&comma; geneva&comma; sans-serif;'>Soporta ACUSENSE&comma; esto permite detectar humanos y vehiculos para reducir extemadamente las falsas alarmas ocasionadas por luces&comma; hojas&comma; sombras entre otros objetos.<\/span><\/li>\n<li style='margin-bottom: 10px;'><span style='font-family: verdana&comma; geneva&comma; sans-serif;'>Soporta 32 canales TURBOHD + 16 canales IP = 48 canales en total.<\/span><\/li>\n<li style='margin-bottom: 10px;'><span style='font-family: verdana&comma; geneva&comma; sans-serif;'>DVR pentah\u00edbrido: HD-TVI \/ HD-CVI \/ Analogico \/ IP \/ AHD.<\/span><\/li>\n<li style='margin-bottom: 10px;'><span style='font-family: verdana&comma; geneva&comma; sans-serif;'>Acceso remoto: PC (WINDOWS \/ MAC)&comma; Smart Phone (iPhone&comma; iPad&comma; Android).<\/span><\/li>\n<li style='margin-bottom: 10px;'><span style='font-family: verdana&comma; geneva&comma; sans-serif;'>Compatibilidad con navegador Internet Explorer o Chrome.<\/span><\/li>\n<li style='margin-bottom: 10px;'><span style='font-family: verdana&comma; geneva&comma; sans-serif;'>Software cliente multi sitio de hasta 64 canales (iVMS-4200).<\/span><\/li>\n<li style='margin-bottom: 10px;'><span style='font-family: verdana&comma; geneva&comma; sans-serif;'>Compatible con Hik-Connect P2P \/ HikConnect Teams \/ Hik-PartnerPro<\/span><\/li>\n<li style='margin-bottom: 10px;'><span style='font-family: verdana&comma; geneva&comma; sans-serif;'>Soporta servicio DDNS Hik-Connect Domain \/ DynDNS.<\/span><\/li>\n<li style='margin-bottom: 10px;'><span style='font-family: verdana&comma; geneva&comma; sans-serif;'>Soporta audio por coaxitron en todos los canales.<\/span><\/li>\n<li style='margin-bottom: 10px;'><span style='font-family: verdana&comma; geneva&comma; sans-serif;'>Soporta 4 HDD de hasta 12 TB (no incluido).<\/span><\/li>\n<li style='margin-bottom: 10px;'><span style='font-family: verdana&comma; geneva&comma; sans-serif;'>Interfaz ethernet: 2 RJ45 10\/100\/1000<\/span><\/li>\n<li style='margin-bottom: 10px;'><span style='font-family: verdana&comma; geneva&comma; sans-serif;'>Interfaz serial: RS-485 (HIKVISION C&comma; COAXITRON&comma; PELCO D&comma; PELCO P&comma; etc).<\/span><\/li>\n<li style='margin-bottom: 10px;'><span style='font-family: verdana&comma; geneva&comma; sans-serif;'>Compresi\u00f3n: H.265+ \/ H.265 \/ H.264.<\/span><\/li>\n<li style='margin-bottom: 10px; font-weight: bold;'><span style='font-family: verdana&comma; geneva&comma; sans-serif;'>Salida de video Independiente en HDMI 1 y HDMI 2.<\/span><\/li>\n<\/ul><\/div>\n<\/p><\/div>\n<\/p><\/div>\n<p> <!-- Columna 2 --> <\/p>\n<div style='flex: 1 1 300px; min-width: 280px;'>\n<div style='border: 1px solid rgba(150&comma;150&comma;150&comma;0.4); border-radius: 8px; overflow: hidden; display: flex; flex-direction: column; margin-bottom: 30px;'>\n<div style='padding: 15px; border-bottom: 1px solid rgba(150&comma;150&comma;150&comma;0.2); font-weight: bold; font-size: 18px; color: #ffffff; background: #df001e;'> Caracter\u00edsticas F\u00edsicas y El\u00e9ctricas: <\/div>\n<div style='padding: 15px; color: inherit;'>\n<ul style='padding-left: 20px; margin: 0; font-size: 14px; list-style-type: disc;'>\n<li style='margin-bottom: 10px;'><span style='font-family: verdana&comma; geneva&comma; sans-serif;'>Alimentaci\u00f3n: 100 &#8211; 240 VCA.<\/span><\/li>\n<li style='margin-bottom: 10px;'><span style='font-family: verdana&comma; geneva&comma; sans-serif;'>Consumo sin HDD: 55 watts.<\/span><\/li>\n<li style='margin-bottom: 10px;'><span style='font-family: verdana&comma; geneva&comma; sans-serif;'>Temperatura de operaci\u00f3n: -10 \u00baC hasta 55 \u00baC.<\/span><\/li>\n<li style='margin-bottom: 10px;'><span style='font-family: verdana&comma; geneva&comma; sans-serif;'>Dimensiones: 445 x 400 x 71 mm (W \u00d7 D \u00d7 H)<\/span><\/li>\n<li style='margin-bottom: 10px;'><span style='font-family: verdana&comma; geneva&comma; sans-serif;'>Peso: 5 Kg sin HDD.<\/span><\/li>\n<li style='margin-bottom: 10px;'><span style='font-family: verdana&comma; geneva&comma; sans-serif;'>No compatible con control remoto<\/span><\/li>\n<\/ul><\/div>\n<\/p><\/div>\n<div style='border: 1px solid rgba(150&comma;150&comma;150&comma;0.4); border-radius: 8px; overflow: hidden; display: flex; flex-direction: column; margin-bottom: 30px;'>\n<div style='padding: 15px; border-bottom: 1px solid rgba(150&comma;150&comma;150&comma;0.2); font-weight: bold; font-size: 18px; color: #ffffff; background: #df001e;'> Resoluci\u00f3n: <\/div>\n<div style='padding: 15px; color: inherit;'>\n<ul style='padding-left: 20px; margin: 0; font-size: 14px; list-style-type: disc;'>\n<li style='margin-bottom: 10px;'><span style='font-family: verdana&comma; geneva&comma; sans-serif;'>TVI (TURBOHD): 3K \/ 5 MP \/ 4 MP \/ 2 MP.<\/span><\/li>\n<li style='margin-bottom: 10px;'><span style='font-family: verdana&comma; geneva&comma; sans-serif;'>CVI: 4 MP \/ 2 MP.<\/span><\/li>\n<li style='margin-bottom: 10px;'><span style='font-family: verdana&comma; geneva&comma; sans-serif;'>AHD: 4 MP \/ 2 MP.<\/span><\/li>\n<li style='margin-bottom: 10px;'><span style='font-family: verdana&comma; geneva&comma; sans-serif;'>CVBS (anal\u00f3gico): 1200 TVL.<\/span><\/li>\n<li style='margin-bottom: 10px;'><span style='font-family: verdana&comma; geneva&comma; sans-serif;'>IP: 6 MP \/ 5 MP \/ 4 MP \/ 2 MP<\/span><\/li>\n<\/ul><\/div>\n<\/p><\/div>\n<\/p><\/div>\n<\/p><\/div>\n<p> <!-- Caracter\u00edsticas Destacadas --> <\/p>\n<div style='width: 100%; margin-bottom: 30px;'>\n<div style='border: 1px solid rgba(150&comma;150&comma;150&comma;0.4); border-radius: 8px; overflow: hidden; display: flex; flex-direction: column;'>\n<div style='padding: 15px; border-bottom: 1px solid rgba(150&comma;150&comma;150&comma;0.2); font-weight: bold; font-size: 18px; color: #ffffff; background: #df001e;'> Caracter\u00edsticas Destacadas: <\/div>\n<div style='padding: 15px; color: inherit;'>\n<ul style='padding-left: 20px; margin: 0; font-size: 14px; list-style-type: disc;'>\n<li style='margin-bottom: 10px;'><span style='font-family: verdana&comma; geneva&comma; sans-serif;'>Permite apagar canales analogicos para generar canales IP.<\/span><\/li>\n<li style='margin-bottom: 10px;'><span style='font-family: verdana&comma; geneva&comma; sans-serif;'>Soporta POS (Punto de venta ideal para almacenar la informaci\u00f3n de los tickes de venta en el video)<\/span><\/li>\n<li style='margin-bottom: 10px;'><span style='font-family: verdana&comma; geneva&comma; sans-serif;'>Soporta 8 canales con tecnologia ACUSENSE (1-4ch \/17-20ch) permite filtrar por analitica de cruce de linea o intrusion de area humanos o vehiculos para activar un evento o grabaci\u00f3n&comma; esto nos permite descartar falsas alarmas (grabaciones) cuando exista un movimiento de hojas o movimiento de alguna sombra&comma; vuelve mas eficiente la grabaci\u00f3n cuando realmente si sea necesario.<\/span><\/li>\n<li style='margin-bottom: 10px;'><span style='font-family: verdana&comma; geneva&comma; sans-serif;'>Soporta en todos los canales con tecnolog\u00eda ACUSENSE Lite&comma; permite filtrar por detecci\u00f3n de movimiento humanos o vehiculos para activar un evento o grabaci\u00f3n&comma; esto nos permite descartar falsas alarmas (grabaciones) cuando exista un movimiento de hojas o movimiento de algun animal&comma; vuelve mas eficiente la grabaci\u00f3n cuando realmente si sea necesario.<\/span><\/li>\n<li style='margin-bottom: 10px;'><span style='font-family: verdana&comma; geneva&comma; sans-serif;'>No es posible usar ACUSENSE y ACUSENSE Lite al mismo tiempo&comma; se tiene que definir el modo de uso.<\/span><\/li>\n<li style='margin-bottom: 10px;'><span style='font-family: verdana&comma; geneva&comma; sans-serif;'>Para conectar canales IP es necesario un switch POE no incluido.<\/span><\/li>\n<\/ul><\/div>\n<\/p><\/div>\n<\/p><\/div>\n<p> <!-- Comparativo 3K --> <\/p>\n<div style='width: 100%; margin-bottom: 30px;'>\n<h3 style='color: #df001e; font-family: Arial&comma; sans-serif; font-size: 1.5rem; font-weight: bold; margin-bottom: 15px; text-align: center;'> <span style='font-family: verdana&comma; geneva&comma; sans-serif; font-size: 24pt; color: #000000;'>Comparativo 3K Lite vs 3K Est\u00e1ndar<\/span> <\/h3>\n<div style='overflow-x: auto;'>\n<table style='border-collapse: collapse; width: 100%; border: 2px solid #DF001E;'>\n<thead>\n<tr>\n<th style='width: 33%; text-align: center; border: 1px solid #DF001E; padding: 8px; background-color: #df001e; color: #ffffff;'>Caracter\u00edstica<\/th>\n<th style='width: 33%; text-align: center; border: 1px solid #DF001E; padding: 8px; background-color: #df001e; color: #ffffff;'>3K Lite (2.5MP)<\/th>\n<th style='width: 33%; text-align: center; border: 1px solid #DF001E; padding: 8px; background-color: #df001e; color: #ffffff;'>3K Est\u00e1ndar (5MP)<\/th>\n<\/tr>\n<\/thead>\n<tbody>\n<tr>\n<th style='text-align: center; border: 1px solid #DF001E; padding: 8px; color: #000000; background-color: #ffffff;'>Resoluci\u00f3n<\/th>\n<td style='text-align: center; border: 1px solid #DF001E; padding: 8px; color: #000000;'>2560\u00d71440<\/td>\n<td style='text-align: center; border: 1px solid #DF001E; padding: 8px; color: #000000;'>2880\u00d71620<\/td>\n<\/tr>\n<tr>\n<th style='text-align: center; border: 1px solid #DF001E; padding: 8px; color: #000000; background-color: #ffffff;'>Almacenamiento<\/th>\n<td style='text-align: center; border: 1px solid #DF001E; padding: 8px; color: #000000;'>Optimizado (+30% duraci\u00f3n)<\/td>\n<td style='text-align: center; border: 1px solid #DF001E; padding: 8px; color: #000000;'>Mayor espacio requerido<\/td>\n<\/tr>\n<tr>\n<th style='text-align: center; border: 1px solid #DF001E; padding: 8px; color: #000000; background-color: #ffffff;'>Uso recomendado<\/th>\n<td style='text-align: center; border: 1px solid #DF001E; padding: 8px; color: #000000;'>\u00c1reas medianas\/Interiores<\/td>\n<td style='text-align: center; border: 1px solid #DF001E; padding: 8px; color: #000000;'>\u00c1reas extensas\/Exteriores<\/td>\n<\/tr>\n<\/tbody>\n<\/table><\/div>\n<\/p><\/div>\n<p> <!-- Imagen final --> <\/p>\n<div style='width: 100%; margin-bottom: 30px;'> <img style='width: 100%; height: auto; border: 1px solid rgba(150&comma;150&comma;150&comma;0.3); border-radius: 8px;' src='https:\/\/ftp3.syscom.mx\/usuarios\/jsosa\/HIKVISION\/imagenes\/banners\/solution%20complete.png' alt='Soluci\u00f3n completa'> <\/div>\n<\/p><\/div>\n","protected":false},"excerpt":{"rendered":"<p>DVR 32 Canales TurboHD + 16 Canales IP \/ 3K Lite \/ 5 Megapixel Lite \/ 4 Bah\u00edas de Disco Duro \/ Audio por Coaxitron \/ AcuSense \/ POS \/ Videoanalisis \/ 16 Entradas y 4 salidas de Alarma<\/p>\n","protected":false},"featured_media":98177,"comment_status":"open","ping_status":"closed","template":"","meta":[],"product_brand":[],"product_cat":[2254],"product_tag":[2255,54,2256],"class_list":{"0":"post-98178","1":"product","2":"type-product","3":"status-publish","4":"has-post-thumbnail","6":"product_cat-videograbadoras-analogicas-turbohd-tvi-ahd-cvi","7":"product_tag-camaras-y-dvrs-hd-turbohd-ahd-hd-tvi","8":"product_tag-hikvision","9":"product_tag-videograbadoras-analogicas-turbohd-tvi-ahd-cvi","11":"first","12":"instock","13":"sale","14":"shipping-taxable","15":"purchasable","16":"product-type-simple"},"_links":{"self":[{"href":"https:\/\/soydeaqui.ddns.net\/pachuca\/index.php\/wp-json\/wp\/v2\/product\/98178","targetHints":{"allow":["GET"]}}],"collection":[{"href":"https:\/\/soydeaqui.ddns.net\/pachuca\/index.php\/wp-json\/wp\/v2\/product"}],"about":[{"href":"https:\/\/soydeaqui.ddns.net\/pachuca\/index.php\/wp-json\/wp\/v2\/types\/product"}],"replies":[{"embeddable":true,"href":"https:\/\/soydeaqui.ddns.net\/pachuca\/index.php\/wp-json\/wp\/v2\/comments?post=98178"}],"wp:featuredmedia":[{"embeddable":true,"href":"https:\/\/soydeaqui.ddns.net\/pachuca\/index.php\/wp-json\/wp\/v2\/media\/98177"}],"wp:attachment":[{"href":"https:\/\/soydeaqui.ddns.net\/pachuca\/index.php\/wp-json\/wp\/v2\/media?parent=98178"}],"wp:term":[{"taxonomy":"product_brand","embeddable":true,"href":"https:\/\/soydeaqui.ddns.net\/pachuca\/index.php\/wp-json\/wp\/v2\/product_brand?post=98178"},{"taxonomy":"product_cat","embeddable":true,"href":"https:\/\/soydeaqui.ddns.net\/pachuca\/index.php\/wp-json\/wp\/v2\/product_cat?post=98178"},{"taxonomy":"product_tag","embeddable":true,"href":"https:\/\/soydeaqui.ddns.net\/pachuca\/index.php\/wp-json\/wp\/v2\/product_tag?post=98178"}],"curies":[{"name":"wp","href":"https:\/\/api.w.org\/{rel}","templated":true}]}}