{"id":98161,"date":"2026-03-20T09:29:10","date_gmt":"2026-03-20T09:29:10","guid":{"rendered":"https:\/\/soydeaqui.ddns.net\/pachuca\/index.php\/producto\/nvr-4-megapixel-compatible-con-camaras-acusense-8-canales-ip-8-puertos-poe-1-bahia-de-disco-duro-salida-en-full-hd\/"},"modified":"2026-03-20T09:29:11","modified_gmt":"2026-03-20T09:29:11","slug":"nvr-4-megapixel-compatible-con-camaras-acusense-8-canales-ip-8-puertos-poe-1-bahia-de-disco-duro-salida-en-full-hd","status":"publish","type":"product","link":"https:\/\/soydeaqui.ddns.net\/pachuca\/index.php\/producto\/nvr-4-megapixel-compatible-con-camaras-acusense-8-canales-ip-8-puertos-poe-1-bahia-de-disco-duro-salida-en-full-hd\/","title":{"rendered":"NVR 4 Megapixel (Compatible con C\u00e1maras AcuSense) \/ 8 Canales IP \/ 8 Puertos PoE+ \/ 1 Bah\u00eda de Disco Duro \/ Salida en Full HD"},"content":{"rendered":"<div style='width: 100%; max-width: 1200px; margin: 0 auto; font-family: sans-serif; line-height: 1.6; color: inherit; background-color: transparent;'> <!-- Header --> <\/p>\n<div style='padding: 1.5rem 0; text-align: center;'> <img style='max-height: 6rem; width: auto; height: auto; margin-bottom: 1rem;' src='https:\/\/ftp3.syscom.mx\/usuarios\/fotos\/logotipos\/hilook_by_hikvision.png' alt='Logo'> <\/p>\n<h1 style='font-size: 2.5rem; margin-bottom: 1rem; font-weight: bold; color: inherit;'>Controla y monitorea tus dispositivos de seguridad<\/h1>\n<p style='font-size: 1.25rem; color: inherit; opacity: 0.8;'>Descarga la app oficial y aprovecha al m\u00e1ximo tu producto inteligente<\/p>\n<\/p><\/div>\n<p> <!-- Features --> <\/p>\n<div style='margin: 30px 0;'>\n<h2 style='text-align: center; font-size: 2rem; margin-bottom: 2rem; color: inherit; border-bottom: 2px solid currentColor; padding-bottom: 0.5rem; display: inline-block;'>Beneficios principales<\/h2>\n<div style='display: flex; flex-wrap: wrap; gap: 15px; justify-content: center;'>\n<div style='flex: 1 1 220px; min-width: 180px; background: rgba(0&comma;0&comma;0&comma;0.03); border-radius: 8px; padding: 15px; text-align: center;'>\n<div style='width: 60px; height: 60px; margin: 0 auto 15px; background: #007bff; border-radius: 50%;'><\/div>\n<h5 style='min-height: 60px; margin: 0 0 10px; font-size: 1.1rem; color: inherit;'>Control remoto<\/h5>\n<p style='margin: 0; color: inherit; opacity: 0.8;'>Controla tus dispositivos desde cualquier lugar<\/p>\n<\/p><\/div>\n<div style='flex: 1 1 220px; min-width: 180px; background: rgba(0&comma;0&comma;0&comma;0.03); border-radius: 8px; padding: 15px; text-align: center;'>\n<div style='width: 60px; height: 60px; margin: 0 auto 15px; background: #28a745; border-radius: 50%;'><\/div>\n<h5 style='min-height: 60px; margin: 0 0 10px; font-size: 1.1rem; color: inherit;'>Monitoreo en tiempo real<\/h5>\n<p style='margin: 0; color: inherit; opacity: 0.8;'>Visualiza tus dispositivos al instante<\/p>\n<\/p><\/div>\n<div style='flex: 1 1 220px; min-width: 180px; background: rgba(0&comma;0&comma;0&comma;0.03); border-radius: 8px; padding: 15px; text-align: center;'>\n<div style='width: 60px; height: 60px; margin: 0 auto 15px; background: #17a2b8; border-radius: 50%;'><\/div>\n<h5 style='min-height: 60px; margin: 0 0 10px; font-size: 1.1rem; color: inherit;'>Notificaciones<\/h5>\n<p style='margin: 0; color: inherit; opacity: 0.8;'>Recibe notificaciones y alertas de los eventos que registra tu dispositivo.<\/p>\n<\/p><\/div>\n<div style='flex: 1 1 220px; min-width: 180px; background: rgba(0&comma;0&comma;0&comma;0.03); border-radius: 8px; padding: 15px; text-align: center;'>\n<div style='width: 60px; height: 60px; margin: 0 auto 15px; background: #ffc107; border-radius: 50%;'><\/div>\n<h5 style='min-height: 60px; margin: 0 0 10px; font-size: 1.1rem; color: inherit;'>Interfaz de usuario sencilla<\/h5>\n<p style='margin: 0; color: inherit; opacity: 0.8;'>Amigable para usuarios finales<\/p>\n<\/p><\/div>\n<\/p><\/div>\n<\/p><\/div>\n<p> <!-- Image Gallery --> <\/p>\n<div style='margin: 30px 0;'>\n<h2 style='text-align: center; font-size: 2rem; margin-bottom: 2rem; color: inherit; border-bottom: 2px solid currentColor; padding-bottom: 0.5rem; display: inline-block;'>Galer\u00eda de im\u00e1genes<\/h2>\n<div style='display: flex; flex-wrap: wrap; gap: 15px; justify-content: center;'>\n<div style='flex: 1 1 220px; min-width: 180px;'> <img style='width: 100%; height: auto; border: 1px solid rgba(150&comma;150&comma;150&comma;0.3); border-radius: 8px;' src='https:\/\/ftp3.syscom.mx\/usuarios\/ftp\/single_page\/hilook\/interfaz.jpg' alt='Imagen 1'> <\/div>\n<div style='flex: 1 1 220px; min-width: 180px;'> <img style='width: 100%; height: auto; border: 1px solid rgba(150&comma;150&comma;150&comma;0.3); border-radius: 8px;' src='https:\/\/ftp3.syscom.mx\/usuarios\/ftp\/single_page\/hilook\/grabaciones.jpg' alt='Imagen 2'> <\/div>\n<div style='flex: 1 1 220px; min-width: 180px;'> <img style='width: 100%; height: auto; border: 1px solid rgba(150&comma;150&comma;150&comma;0.3); border-radius: 8px;' src='https:\/\/ftp3.syscom.mx\/usuarios\/ftp\/single_page\/hilook\/directo.jpg' alt='Imagen 3'> <\/div>\n<div style='flex: 1 1 220px; min-width: 180px;'> <img style='width: 100%; height: auto; border: 1px solid rgba(150&comma;150&comma;150&comma;0.3); border-radius: 8px;' src='https:\/\/ftp3.syscom.mx\/usuarios\/ftp\/single_page\/hilook\/notificaciones2.jpg' alt='Imagen 4'> <\/div>\n<\/p><\/div>\n<\/p><\/div>\n<p> <!-- Videos --> <\/p>\n<div style='margin: 30px 0;'>\n<h2 style='text-align: center; font-size: 2rem; margin-bottom: 2rem; color: inherit; border-bottom: 2px solid currentColor; padding-bottom: 0.5rem; display: inline-block;'>Videos<\/h2>\n<div style='display: flex; flex-wrap: wrap; gap: 30px; justify-content: center;'>\n<div style='flex: 1 1 400px; min-width: 300px;'>\n<div style='position: relative; padding-bottom: 56.25%; height: 0; overflow: hidden;'>   <\/div>\n<\/p><\/div>\n<div style='flex: 1 1 400px; min-width: 300px;'>\n<div style='position: relative; padding-bottom: 56.25%; height: 0; overflow: hidden;'>   <\/div>\n<\/p><\/div>\n<\/p><\/div>\n<\/p><\/div>\n<p> <!-- Specifications --> <\/p>\n<div style='margin: 30px 0;'>\n<h2 style='text-align: center; font-size: 2rem; margin-bottom: 2rem; color: inherit; border-bottom: 2px solid currentColor; padding-bottom: 0.5rem; display: inline-block;'>Especificaciones<\/h2>\n<div style='display: flex; flex-wrap: wrap; gap: 20px; justify-content: center;'> <!-- Caracter\u00edsticas Principales --> <\/p>\n<div style='flex: 1 1 400px; min-width: 300px; border: 1px solid rgba(150&comma; 150&comma; 150&comma; 0.4); border-radius: 8px; overflow: hidden; display: flex; flex-direction: column;'>\n<div style='padding: 15px; border-bottom: 1px solid rgba(150&comma; 150&comma; 150&comma; 0.2); font-weight: bold; font-size: 18px; background-color: #266ca9; color: white;'>Caracter\u00edsticas Principales<\/div>\n<div style='padding: 15px; color: inherit; flex-grow: 1;'>\n<ul style='padding-left: 20px; margin: 0; font-size: 14px; list-style-type: disc;'>\n<li style='margin-bottom: 8px;'>Compresi\u00f3n: H.265+ \/ H.265 \/ H.264+ \/ H.264.<\/li>\n<li style='margin-bottom: 8px;'>8 Puertos PoE+ (soporta est\u00e1ndar af \/ at).<\/li>\n<li style='margin-bottom: 8px;'>75 watts total en sus puertos PoE+.<\/li>\n<li style='margin-bottom: 8px;'>Puerto LAN 10 \/ 100 Mbps.<\/li>\n<li style='margin-bottom: 8px;'>Salidas de video simult\u00e1nea en VGA y HDMI (1080p).<\/li>\n<li style='margin-bottom: 8px;'>Soporta 1 HDD de hasta 6 TB (no incluido). <strong>Conexion de disco duro directo en tablilla&comma; no requiere cables.<\/strong><\/li>\n<li style='margin-bottom: 8px;'>Procesamiento de entrada: 60 Mbps.<\/li>\n<li style='margin-bottom: 8px;'>Procesamiento de salida: 60 Mbps.<\/li>\n<li style='margin-bottom: 8px;'>Compatible con Hik-Connect P2P (<a style='color: #007bff; text-decoration: none;' href='https:\/\/appstore.hikvision.com\/' target='_blank' rel='noopener'>https:\/\/appstore.hikvision.com\/<\/a>).<\/li>\n<li style='margin-bottom: 8px;'>Configuraci\u00f3n local y remota de par\u00e1metros.<\/li>\n<li style='margin-bottom: 8px;'>Aplicaci\u00f3n m\u00f3vil compatible con iOS y Android.<\/li>\n<li style='margin-bottom: 8px;'>Compatible con el software iVMS-4200 (gratuito).<\/li>\n<li style='margin-bottom: 8px;'><strong>No soporta host virtual.<\/strong><\/li>\n<\/ul><\/div>\n<\/p><\/div>\n<p> <!-- Caracter\u00edsticas F\u00edsicas y El\u00e9ctricas --> <\/p>\n<div style='flex: 1 1 400px; min-width: 300px; border: 1px solid rgba(150&comma; 150&comma; 150&comma; 0.4); border-radius: 8px; overflow: hidden; display: flex; flex-direction: column;'>\n<div style='padding: 15px; border-bottom: 1px solid rgba(150&comma; 150&comma; 150&comma; 0.2); font-weight: bold; font-size: 18px; background-color: #266ca9; color: white;'>Caracter\u00edsticas F\u00edsicas y El\u00e9ctricas<\/div>\n<div style='padding: 15px; color: inherit; flex-grow: 1;'>\n<ul style='padding-left: 20px; margin: 0; font-size: 14px; list-style-type: disc;'>\n<li style='margin-bottom: 8px;'>Alimentaci\u00f3n y consumo: 48 Vcc \/ 90 watts.<\/li>\n<li style='margin-bottom: 8px;'>Dimensiones: 285 x 215 x 48 mm.<\/li>\n<li style='margin-bottom: 8px;'>Consume 1 unidad de rack.<\/li>\n<li style='margin-bottom: 8px;'>Peso: 1 kg (sin HDD).<\/li>\n<\/ul><\/div>\n<div style='padding: 15px; border-top: 1px solid rgba(150&comma; 150&comma; 150&comma; 0.2); border-bottom: 1px solid rgba(150&comma; 150&comma; 150&comma; 0.2); font-weight: bold; font-size: 18px; background-color: #266ca9; color: white;'>Caracter\u00edsticas Destacadas<\/div>\n<div style='padding: 15px; color: inherit; flex-grow: 1;'>\n<p style='margin-top: 0;'><strong>Soporta c\u00e1maras con ACUSENSE (Filtro de Falsas Alarmas):<\/strong><\/p>\n<ul style='padding-left: 20px; margin: 0; font-size: 14px; list-style-type: disc;'>\n<li style='margin-bottom: 8px;'>Con tecnolog\u00eda ACUSENSE podemos evitar falsas alarmas como movimiento de arboles&comma; animales&comma; etc.<\/li>\n<li style='margin-bottom: 8px;'>Al activar la tecnolog\u00eda ACUSENSE en las c\u00e1maras solo detectar\u00e1 cuerpo humano y veh\u00edculos para identificar eventos realmente importantes y as\u00ed eliminar falsas alarmas.<\/li>\n<li style='margin-bottom: 8px;'>Soporta hasta 8 canales con la tecnolog\u00eda ACUSENSE utilizando c\u00e1maras: <a style='color: #007bff; text-decoration: none;' href='https:\/\/www.syscom.mx\/principal\/consultarproductosazul?global_search=ds2cd3&#038;ordenar=Relevancia&#038;pag=1' target='_blank' rel='noopener'>DS-2CD3XX<\/a> \/ <a style='color: #007bff; text-decoration: none;' href='https:\/\/www.syscom.mx\/principal\/consultarproductosazul?global_search=ds2cd2xx3g2&#038;ordenar=Modelo_A-Z&#038;pag=1' target='_blank' rel='noopener'>DS-2CD2XX3G2<\/a> \/ <a style='color: #007bff; text-decoration: none;' href='https:\/\/www.syscom.mx\/principal\/consultarproductosazul?global_search=DS-2CD2XX7G2&#038;ordenar=Relevancia&#038;pag=1' target='_blank' rel='noopener'>DS-2CD2XX7G2<\/a> (que soporte ACUSENSE).<\/li>\n<li style='margin-bottom: 8px;'>Soporta hasta 8 canales con la tecnolog\u00eda ACUSENSE Lite (humano y vehiculo pero con deteccion de movimiento&comma; no analiticos) usando c\u00e1maras DS-2CD1XX3G2 y DS-2CD1XX3G7G2 (que soporte ACUSENSE Lite).<\/li>\n<\/ul><\/div>\n<\/p><\/div>\n<\/p><\/div>\n<\/p><\/div>\n<p> <!-- Instalaci\u00f3n de Disco Duro --> <\/p>\n<div style='margin: 30px 0;'>\n<h2 style='text-align: center; font-size: 2rem; margin-bottom: 2rem; color: inherit; border-bottom: 2px solid currentColor; padding-bottom: 0.5rem; display: inline-block;'>Instalaci\u00f3n de Disco Duro<\/h2>\n<div style='display: flex; justify-content: center;'>\n<div style='max-width: 800px; width: 100%;'> <img style='width: 100%; height: auto; border: 1px solid rgba(150&comma;150&comma;150&comma;0.3); border-radius: 8px;' src='https:\/\/ftp3.syscom.mx\/usuarios\/fcarrillo\/Hikvision\/GIF\/NVR%20sin%20cables.gif' alt=''> <\/div>\n<\/p><\/div>\n<\/p><\/div>\n<p> <!-- Banner --> <\/p>\n<div style='margin: 30px 0;'> <img style='width: 100%; height: auto; border: 1px solid rgba(150&comma;150&comma;150&comma;0.3); border-radius: 8px;' src='https:\/\/ftp3.syscom.mx\/usuarios\/yvalenzuela\/Hilook\/hiklook.jpg' alt='Banner'> <\/div>\n<\/p><\/div>\n","protected":false},"excerpt":{"rendered":"<p>NVR 4 Megapixel (Compatible con C\u00e1maras AcuSense) \/ 8 Canales IP \/ 8 Puertos PoE+ \/ 1 Bah\u00eda de Disco Duro \/ Salida en Full HD<\/p>\n","protected":false},"featured_media":98160,"comment_status":"open","ping_status":"closed","template":"","meta":[],"product_brand":[],"product_cat":[2234],"product_tag":[122,715,2235],"class_list":{"0":"post-98161","1":"product","2":"type-product","3":"status-publish","4":"has-post-thumbnail","6":"product_cat-nvrs-network-video-recorders","7":"product_tag-camaras-ip-y-nvrs","8":"product_tag-hilook-by-hikvision","9":"product_tag-nvrs-network-video-recorders","11":"first","12":"instock","13":"sale","14":"shipping-taxable","15":"purchasable","16":"product-type-simple"},"_links":{"self":[{"href":"https:\/\/soydeaqui.ddns.net\/pachuca\/index.php\/wp-json\/wp\/v2\/product\/98161","targetHints":{"allow":["GET"]}}],"collection":[{"href":"https:\/\/soydeaqui.ddns.net\/pachuca\/index.php\/wp-json\/wp\/v2\/product"}],"about":[{"href":"https:\/\/soydeaqui.ddns.net\/pachuca\/index.php\/wp-json\/wp\/v2\/types\/product"}],"replies":[{"embeddable":true,"href":"https:\/\/soydeaqui.ddns.net\/pachuca\/index.php\/wp-json\/wp\/v2\/comments?post=98161"}],"wp:featuredmedia":[{"embeddable":true,"href":"https:\/\/soydeaqui.ddns.net\/pachuca\/index.php\/wp-json\/wp\/v2\/media\/98160"}],"wp:attachment":[{"href":"https:\/\/soydeaqui.ddns.net\/pachuca\/index.php\/wp-json\/wp\/v2\/media?parent=98161"}],"wp:term":[{"taxonomy":"product_brand","embeddable":true,"href":"https:\/\/soydeaqui.ddns.net\/pachuca\/index.php\/wp-json\/wp\/v2\/product_brand?post=98161"},{"taxonomy":"product_cat","embeddable":true,"href":"https:\/\/soydeaqui.ddns.net\/pachuca\/index.php\/wp-json\/wp\/v2\/product_cat?post=98161"},{"taxonomy":"product_tag","embeddable":true,"href":"https:\/\/soydeaqui.ddns.net\/pachuca\/index.php\/wp-json\/wp\/v2\/product_tag?post=98161"}],"curies":[{"name":"wp","href":"https:\/\/api.w.org\/{rel}","templated":true}]}}