{"id":98093,"date":"2026-03-20T09:26:03","date_gmt":"2026-03-20T09:26:03","guid":{"rendered":"https:\/\/soydeaqui.ddns.net\/pachuca\/index.php\/producto\/supresor-de-trasientes-clase-b-con-voltaje-de-operacion-127-vca-2-fases-50-ka\/"},"modified":"2026-03-20T09:26:05","modified_gmt":"2026-03-20T09:26:05","slug":"supresor-de-trasientes-clase-b-con-voltaje-de-operacion-127-vca-2-fases-50-ka","status":"publish","type":"product","link":"https:\/\/soydeaqui.ddns.net\/pachuca\/index.php\/producto\/supresor-de-trasientes-clase-b-con-voltaje-de-operacion-127-vca-2-fases-50-ka\/","title":{"rendered":"Supresor de Trasientes  Clase B con voltaje de operaci\u00f3n 127 Vca, 2 fases, 50 KA"},"content":{"rendered":"<div style='width: 100%; max-width: 1200px; margin: 0 auto; font-family: sans-serif; line-height: 1.6; color: inherit; background-color: transparent;'> <!-- Imagen principal --> <\/p>\n<div style='width: 100%; margin-bottom: 30px;'> <img style='width: 100%; height: auto; border: 1px solid rgba(150&comma;150&comma;150&comma;0.3); border-radius: 8px;' src='https:\/\/ftp3.syscom.mx\/usuarios\/fotos\/KDALU\/76017-total_ground.jpg' alt=''> <\/div>\n<p> <!-- Secci\u00f3n de caracter\u00edsticas --> <\/p>\n<div style='display: flex; flex-wrap: wrap; gap: 30px; margin-bottom: 30px;'>\n<div style='flex: 1 1 300px; min-width: 280px;'>\n<h3 style='font-size: 22px; border-bottom: 2px solid currentColor; padding-bottom: 5px; margin-top: 0; color: inherit; opacity: 0.8;'>Caracter\u00edsticas<\/h3>\n<ul style='padding-left: 20px; font-size: 15px; color: inherit;'>\n<li style='margin-bottom: 5px;'>Los supresores de transientes SUPRECTOR clase B&comma; est\u00e1n dise\u00f1ados para brindar la mejor protecci\u00f3n a tableros principales y acometidas eliminando los picos transitorios de la l\u00ednea provocados por diversos factores.<\/li>\n<li style='margin-bottom: 5px;'>Fabricado en rango de capacidades distintas para satisfacer las distintas necesidades de protecci\u00f3n.<\/li>\n<li style='margin-bottom: 5px;'>Cuentan con un fusible t\u00e9rmico de alta precisi\u00f3n que en caso de una sobrecarga de corriente abre el circuito&comma; evitando as\u00ed el desprendimiento de flama y la posibilidad de que el varistor quede en corto.<\/li>\n<li style='margin-bottom: 5px;'>Protege y da seguridad a equipos de eventos transitorios originados por factores internos y externos.<\/li>\n<li style='margin-bottom: 5px;'>Este supresor conforma parte del SPTE&comma; siendo este el SIPTE exigido en la NMX-J-549-ANCE-2005.<\/li>\n<li style='margin-bottom: 5px;'>Tecnolog\u00eda MOV (Metal Oxide Varistor) con fusible t\u00e9rmico de protecci\u00f3n.<\/li>\n<\/ul><\/div>\n<\/p><\/div>\n<p> <!-- Secci\u00f3n de aplicaciones --> <\/p>\n<div style='display: flex; flex-wrap: wrap; gap: 30px; margin-bottom: 30px;'>\n<div style='flex: 1 1 300px; min-width: 280px;'>\n<h3 style='font-size: 22px; border-bottom: 2px solid currentColor; padding-bottom: 5px; margin-top: 0; color: inherit; opacity: 0.8;'>Aplicaciones<\/h3>\n<ul style='padding-left: 20px; font-size: 15px; color: inherit;'>\n<li style='margin-bottom: 5px;'>Ideal para la protecci\u00f3n en cualquier aplicaci\u00f3n industrial.<\/li>\n<li style='margin-bottom: 5px;'>Tableros secundarios\/principal.<\/li>\n<li style='margin-bottom: 5px;'>Protecci\u00f3n de transitorios por descargas atmosf\u00e9ricas o eventos internos.<\/li>\n<\/ul><\/div>\n<\/p><\/div>\n<p> <!-- Secci\u00f3n de especificaciones --> <\/p>\n<div style='display: flex; flex-wrap: wrap; gap: 30px; margin-bottom: 30px;'>\n<div style='flex: 1 1 300px; min-width: 280px;'>\n<h3 style='font-size: 22px; border-bottom: 2px solid currentColor; padding-bottom: 5px; margin-top: 0; color: inherit; opacity: 0.8;'>Especificaciones t\u00e9cnicas<\/h3>\n<ul style='padding-left: 20px; font-size: 15px; color: inherit;'>\n<li style='margin-bottom: 5px;'><strong>Modos de protecci\u00f3n:<\/strong> L\u00ednea-Neutro&comma; L\u00ednea-Tierra&comma; Neutro-Tierra<\/li>\n<li style='margin-bottom: 5px;'><strong>Corriente m\u00e1xima de protecci\u00f3n:<\/strong> 50 kA por fase<\/li>\n<li style='margin-bottom: 5px;'><strong>Dimensiones aprox.:<\/strong> 14.5 x 5.51 x 8.99 cm<\/li>\n<li style='margin-bottom: 5px;'><strong>Capacidad m\u00e1xima de cortocircuito:<\/strong> 200 kA<\/li>\n<li style='margin-bottom: 5px;'><strong>Conexi\u00f3n:<\/strong> 2 Fases&comma; 4 Hilos<\/li>\n<\/ul><\/div>\n<\/p><\/div>\n<p> <!-- Imagen secundaria --> <\/p>\n<div style='width: 100%; margin-bottom: 30px;'> <img style='width: 100%; height: auto; border: 1px solid rgba(150&comma;150&comma;150&comma;0.3); border-radius: 8px;' src='data:image\/png;base64&comma;iVBORw0KGgoAAAANSUhEUgAAAVsAAADQCAYAAACpz8JCAAAgAElEQVR4Ae19BXgVWbb1vDfz5o1Lj7x\/lIQYFtydBKdxCwRtpHHXJIy5c0MDDdS5cUODG5o0uLlzcHd3d3d3d3d3h5DQ4O7uEi58z63a3aT79Zv33vfe74fj+q5zT92qVatW7f1X7b2qF5544gnD7927d+Hv72+4vX\/\/3uA2b948w83Pz89wGz9+vOH25MkTw2327NmG2507dwy3BQsWGG4PHjww3FasWGG4vX\/\/3nBbtmyZ4Xb79m3Dbe3atYbb69evDbeNGzca3N68eWO4bd682eD2+vVrw23Hjh0Gt3fv3hluO3fuNLj9+PGDZ0v27t1ruH358sVw27dvn+H248cPw+3AgQOG258\/fwy3gwcPGm6\/fv0y3A4fPmy4\/f7923A7evSo4fb792\/D7fjx44bbn\/\/5H8Pt5MmThtvZs2cNt3PnzhluFy9eNNzOnTtnuF2+fNlwu3LlilG3q1evGm5Xr1413K5du2a4Xb9+3XC7ceOG4Xb16lXj9+3btx753bp1y3C7ceOG4Xb16lXj9+3btx753b1713C7du2a4Xb58mXj9+3btx753b9\/33C7fPmy4Xb58mXj9+3btx75PX782HC7dOmS4Xb58mXj9+3btx75PX361HC7ePGi4Xb58mXj9+3btx75vXjxwnC7cOGC4Xb58mXj9+3btx75vXz50nC7cOGC4Xb58mXj9+3btx75vX792nC7cOGC4Xb58mXj9+3btx75vX371nC7cOGC4Xb58mXj9+3btx75vXv3znC7cOGC4Xb58mXj9+3btx75vX\/\/3nC7cOGC4Xb58mXj9+3btx75ffjwweB2\/vx5w+3y5cvG79u3bz3y+\/jxo8Ht3Llzhsvly5eN37dv33rk9+nTJ4Pb2bNnDZfLly8bv2\/fvvXI7\/Pnzwa3s2fPGi6XL182ft++feuR35cvXwxuZ86cMVwuX75s\/L59+9Yjv69fvxrczp49a7hcvnzZ+H379q1Hft++fTO4nT592nC5fPmy8fv27VuP\/L59+2ZwO3XqlOFy+fJl4\/ft27ce+X3\/\/t3gduLEiQz9rl696pHfjx8\/DG6nT582XC5fvmz8vn371iO\/H9+\/G9xOnDhh8L98+bLx+\/btW4\/8fv78aXA7fvw4w+Xy5cvG79u3bz3y+\/Xrl8Ht2LFjDMvly5eN37dv33rk9\/v3b4Pb0aNHGZbLly8bv2\/fvvXI78+fPwa3I0eOMCyXL182ft++feuR3+\/fvw1uR44cYVguX75s\/L59+9Yjvz9\/\/hjckpKSGJbLly8bv2\/fvvXI78+fPwa3I0eOMCyXL182ft++feuR39+\/fzPcDh8+zLBcvnzZ+H379q1Hfr9\/\/za4HTp0iGG5fPmy8fv27VuP\/P7+\/mtwO3ToEMNy+fJl4\/ft27ce+f39+9fgdujQIYbl8uXLxu\/bt2898vv371+D28GDBxmWy5cvG79v3771yI9+9+\/fN7gdOHCAYbl8+bLx+\/btW4\/86Hf\/\/n2D2\/79+126XL582fh9+\/atR370e\/DggcFt3759Ll0uX75s\/L59+9YjP\/o9fPjQ4LZv3z6XLpcvXzZ+375965Ef\/R49emRw27t3r0uXy5cvG79v3771yI9+jx8\/Nrjt2bPHpcvly5eN37dv33rkR78nT54Y3Pbs2ePS5fLly8bv27dvPfKj39OnTw1ue\/bscely+fJl4\/ft27ce+dHv2bNnBrc9e\/a4dLl8+bLx+\/btW4\/86Pf8+XOD2+7du126XL582fh9+\/atR370e\/HihcFt165dLl0uX75s\/L59+9YjP\/q9fPnS4LZz506XLpcvXzZ+375965Ef\/V69emVw27Fjh0uXy5cvG79v3771yI9+r1+\/NrhFREQ4dLl8+bLx+\/btW4\/86Pf27VuDW0REhEOXy5cvG79v3771yI9+7969M7hFRERk6HL58mXj9+3btx750e\/9+\/cGt507d2bocvnyZeP37du3HvnR78OHDwa37du3Z+hy+fJl4\/ft27ce+dHv48ePBrft27dn6HL58mXj9+3btx750e\/Tp08Gt23btrlyuXz5svH79u1bj\/z+8+fPH4Pb1q1bXblcvnzZ+H379q1Hfj9\/\/jS4bd261ZXL5cuXjd+3b9965Ee\/L1++GNy2bNniyuXy5cvG79u3bz3y+\/\/+\/\/79a3DbsmWLK5fLly8bv2\/fvvXIj36xsbEGtw0bNrh0uXz5svH79u1bj\/zo9+3bN4Pb+vXrXbpcvnzZ+H379q1HfvR79+6dwW3dunUuXS5fvmz8vn371iM\/+sXGxhrc1q1b59Ll8uXLxu\/bt2898qPf+\/fvDW5r1qxx6XL58mXj9+3btx750S8uLs7gtmrVKpculy9fNn7fvn3rkR\/94uPjDW6rVq1y6XL58mXj9+3btx750S8hIcHgFhER4dLl8uXLxu\/bt2898qNfYmKiwW3FihUuXS5fvmz8vn371iM\/+iUlJRncwsPDHbpcvnzZ+H379q1HfvR7+\/atwW358uUuXS5fvmz8vn371iM\/+r17987gtmzZMpculy9fNn7fvn3rkR\/9Pnz4YHBbtmyZS5fLly8bv2\/fvvXIj36fPn0yuC1dutSVy+XLl43ft2\/feuRHv8+fPxvcFi9e7NLl8uXLxu\/bt2898qPf169fDW4LFy506XL58mXj9+3btx750S8pKcngtnDhQpculy9fNn7fvn3rkR\/9vn\/\/bnBbsGCBK5fLly8bv2\/fvvXIj37JyckGt3nz5rl0uXz5svH79u1bj\/zo9+PHD4Pb3LlzXbpcvnzZ+H379q1HfvT7+fOnwW3OnDkuXS5fvmz8vn371iM\/+qWmpjJ+z50716XL5cuXjd+3b9965Ee\/tLQ0xu+5c+e6dLl8+bLx+\/btW4\/86Jeenm78PmfOHJculy9fNn7fvn3rkR\/9MjIyGL9nz57t0uXy5cvG79u3bz3yo19mZibj96xZs1y6XL582fh9+\/atR370y8rKYvyeMWOGS5fLly8bv2\/fvvXIj37Z2dmM39OnT3fpcvnyZeP37du3HvnRLycnh\/F72rRpLl0uX75s\/L59+9YjP\/rl5OQwfk+dOtWly+XLl43ft2\/feuRHv9zcXMbvaVOmZOhy+fJl4\/ft27ce+dGPl5fH+D1lyhSXLpcvXzZ+375965Ef\/fj4+Bi\/p0yZ4tLl8uXLxu\/bt2898qMfPz8\/4\/fkyZNduly+fNn4ffv2rUd+9BMSFmH8Hj9+vEuXy5cvG79v3771yI9+QsLCjN9jx4516XL58mXj9+3btx750U9YRITxe8yYMS5dLl++bPy+ffvWIz\/6iYiIMH6PHj3apcvly5eN37dv33rkRz9RUVEE36NGjXLpcvnyZeP37du3HvnRT0xMjPF75MiRLl0uX75s\/L59+9YjP\/p9\/vyZ8Xv48OEuXS5fvmz8vn371iM\/+n39+pXxe9iwYS5dLl++bPy+ffvWIz\/6ffv2jfF76NChLl0uX75s\/L59+9YjP\/r9+PGD8XvQoEEuXS5fvmz8vn371iM\/+v38+ZPxe+DAgS5dLl++bPy+ffvWIz\/6\/f79m\/F7wIABLl0uX75s\/L59+9YjP\/oJi4oyfvcfMMCly+XLl43ft2\/feuRHv9+\/fzN+9+3b16XL5cuXjd+3b9965Ee\/v3\/\/Mn736dPHpcvly5eN37dv33rkRz8RUVHG7169erl0uXz5svH79u1bj\/zoJyomxvjdq1cvly6XL182ft++feuRH\/3ExMQYv3v27OnS5fLly8bv27dvPfKjHx8fH+P3Dz17unS5fPmy8fv27VuP\/OjHz8\/P+P1D9+4uXS5fvmz8vn371iM\/+vHx8TF+9+jRw6XL5cuXjd+3b9965Ee\/33\/\/Zfzu1q2bS5fLly8bv2\/fvvXIj37CwsKM3126dHHpcvnyZeP37du3HvnRT0REhPG7c+fOLl0uX75s\/L59+9YjP\/p9+\/aV8btjx44uXS5fvmz8vn371iM\/+omJiTF+d+jQwaXL5cuXjd+3b9965Ee\/79+\/M3537NjRpcvly5eN37dv33rkRz9xcXHG73bt2rl0uXz5svH79u1bj\/zoJyEhwfjdoUMHly6XL182ft++feuRH\/3ExMQYv9u1a+fS5fLly8bv27dvPfKj348fPxi\/27Vr59Ll8uXLxu\/bt2898qNfeno643e7du1culy+fNn4ffv2rUd+9MvOzmb8bteunUuXy5cvG79v3771yI9+ubm5jN9t27Z16XL58mXj9+3btx750Y+Pj4\/xu02bNi5dLl++bPy+ffvWIz\/6CQoKMn63bt3apcvly5eN37dv33rkRz9hYWHG71atWrl0uXz5svH79u1bj\/zoJyIiwvjdsmVLly6XL182ft++feuRH\/1ERUQYv5s3b+7S5fLly8bv27dvPfKjH5+AAON3s2bNXLpcvnzZ+H379q1HfvTj5+dn\/G7atKlLl8uXLxu\/b9++9ciPfoKCIozfjRo1culy+fJl4\/ft27ce+dFPUlSU8btu3bouXS5fvmz8vn371iM\/+klISDB+16lTx6XL5cuXjd+3b9965Ee\/379\/M37Xrl3bpcvly5eN37dv33rkRz8RUVHG71q1arl0uXz5svH79u1bj\/zoJyYmxvhdq1Ytly6XL182ft++feuRH\/2kpaUZv2vUqOHS5fLly8bv27dvPfKjHx8fH+N3tWrVXLpcvnzZ+H379q1HfvT79esX43fVqlVduly+fNn4ffv2rUd+9BMTF2f8rlKlSob58uXLxu\/bt2898qOfuLg443elSpUyzJcvXzZ+375965Ef\/SS+f2f8Ll++fIb58uXLxu\/bt2898qOfhIQE43fZsmUzzJcvXzZ+375965Ef\/SS\/f2f8Ll26dIb58uXLxu\/bt2898qOfpKQk43eJEiUyzJcvXzZ+375965Ef\/aSkpDB+lyhRIsN8+fJl4\/ft27ce+dFPWlqa8bt48eIZ5suXLxu\/b9++9ciPfnx8fIzfRYsWzTBfvlzI9u3btx750U9GRgbj9\/8B03B8B4W397MAAAAASUVORK5CYII=' alt=''> <\/div>\n<\/p><\/div>\n","protected":false},"excerpt":{"rendered":"<p>Supresor de Trasientes  Clase B con voltaje de operaci\u00f3n 127 Vca, 2 fases, 50 KA<\/p>\n","protected":false},"featured_media":98092,"comment_status":"open","ping_status":"closed","template":"","meta":[],"product_brand":[],"product_cat":[1320],"product_tag":[968,898,635],"class_list":{"0":"post-98093","1":"product","2":"type-product","3":"status-publish","4":"has-post-thumbnail","6":"product_cat-corriente-alterna-proteccion-contra-descargas-videovigilancia","7":"product_tag-corriente-alterna","8":"product_tag-proteccion-contra-descargas","9":"product_tag-total-ground","11":"first","12":"outofstock","13":"sale","14":"shipping-taxable","15":"purchasable","16":"product-type-simple"},"_links":{"self":[{"href":"https:\/\/soydeaqui.ddns.net\/pachuca\/index.php\/wp-json\/wp\/v2\/product\/98093","targetHints":{"allow":["GET"]}}],"collection":[{"href":"https:\/\/soydeaqui.ddns.net\/pachuca\/index.php\/wp-json\/wp\/v2\/product"}],"about":[{"href":"https:\/\/soydeaqui.ddns.net\/pachuca\/index.php\/wp-json\/wp\/v2\/types\/product"}],"replies":[{"embeddable":true,"href":"https:\/\/soydeaqui.ddns.net\/pachuca\/index.php\/wp-json\/wp\/v2\/comments?post=98093"}],"wp:featuredmedia":[{"embeddable":true,"href":"https:\/\/soydeaqui.ddns.net\/pachuca\/index.php\/wp-json\/wp\/v2\/media\/98092"}],"wp:attachment":[{"href":"https:\/\/soydeaqui.ddns.net\/pachuca\/index.php\/wp-json\/wp\/v2\/media?parent=98093"}],"wp:term":[{"taxonomy":"product_brand","embeddable":true,"href":"https:\/\/soydeaqui.ddns.net\/pachuca\/index.php\/wp-json\/wp\/v2\/product_brand?post=98093"},{"taxonomy":"product_cat","embeddable":true,"href":"https:\/\/soydeaqui.ddns.net\/pachuca\/index.php\/wp-json\/wp\/v2\/product_cat?post=98093"},{"taxonomy":"product_tag","embeddable":true,"href":"https:\/\/soydeaqui.ddns.net\/pachuca\/index.php\/wp-json\/wp\/v2\/product_tag?post=98093"}],"curies":[{"name":"wp","href":"https:\/\/api.w.org\/{rel}","templated":true}]}}