{"id":98066,"date":"2026-03-20T09:24:48","date_gmt":"2026-03-20T09:24:48","guid":{"rendered":"https:\/\/soydeaqui.ddns.net\/pachuca\/index.php\/producto\/consola-lcd-vga-ps-2-de-19-pulgadas-con-cable-us99kb-uskb-spkb-con-ee-uu-ue-aten\/"},"modified":"2026-03-20T09:24:49","modified_gmt":"2026-03-20T09:24:49","slug":"consola-lcd-vga-ps-2-de-19-pulgadas-con-cable-us99kb-uskb-spkb-con-ee-uu-ue-aten","status":"publish","type":"product","link":"https:\/\/soydeaqui.ddns.net\/pachuca\/index.php\/producto\/consola-lcd-vga-ps-2-de-19-pulgadas-con-cable-us99kb-uskb-spkb-con-ee-uu-ue-aten\/","title":{"rendered":"Consola LCD VGA PS\/2 de 19 pulgadas con cable (US99KB\/USKB\/SPKB)\/con (EE. UU.\/UE) ATEN."},"content":{"rendered":"<div style='width: 100%; max-width: 1200px; margin: 0 auto; font-family: sans-serif; line-height: 1.6; color: inherit; background-color: transparent;'> <!-- Imagen principal --> <\/p>\n<div style='margin: 20px 0; text-align: center;'> <img style='width: 100%; max-width: 600px; height: auto; border: 1px solid rgba(150&comma;150&comma;150&comma;0.3); border-radius: 8px;' src='https:\/\/ftp3.syscom.mx\/usuarios\/sortiz\/VIDEO\/ATEN\/CS22H\/ATEN-02.jpg' alt='Consola LCD ATEN CL1000N'> <\/div>\n<p> <!-- Contenido principal con grid --> <\/p>\n<div style='display: grid; grid-template-columns: 1fr; gap: 30px; margin-top: 30px;'>\n<div>\n<p style='font-size: 15px; color: inherit;'> El CL1000N es una consola KVM integrada en una carcasa deslizante de 1U que cuenta con un monitor LCD retroiluminado LED de 17&#8242; o 19&#8242;. Tiene una luz LED exclusiva de iluminaci\u00f3n que permite la visibilidad en condiciones de poca luz en el teclado y el panel t\u00e1ctil. El m\u00f3dulo LCD se puede girar hasta 120 grados para ofrecer un \u00e1ngulo de visualizaci\u00f3n m\u00e1s c\u00f3modo. La carcasa Slideaway\u2122 ocupa menos de 1U&comma; lo que permite un funcionamiento sin problemas en un bastidor de sistema de 1U de altura. Es compatible con switches KVM con USB o PS\/2 cuando est\u00e1n conectados a trav\u00e9s de conversores o cables KVM personalizados. Cuenta con una fuente de alimentaci\u00f3n interna y su profundidad es ajustable para adaptarse al bastidor. Tambi\u00e9n tiene una alta resoluci\u00f3n de v\u00eddeo&comma; admitiendo resoluciones de v\u00eddeo de entrada de hasta 1920 x 1200 a 60 Hz y de hasta 1280 x 1024 a 75 Hz con la pantalla LCD integrada. Adem\u00e1s&comma; admite DDC&comma; DDC2 y DDC2B&comma; y cuenta con una emulaci\u00f3n del DDC del monitor LCD para lograr una salida \u00f3ptima. <\/p>\n<\/p><\/div>\n<p> <!-- Imagen 2 con texto --> <\/p>\n<div style='display: grid; grid-template-columns: repeat(auto-fit&comma; minmax(280px&comma; 1fr)); gap: 20px;'>\n<div style='text-align: center;'> <img style='width: 100%; height: auto; border: 1px solid rgba(150&comma;150&comma;150&comma;0.3); border-radius: 8px;' src='https:\/\/ftp3.syscom.mx\/usuarios\/sortiz\/VIDEO\/ATEN\/CL1000N\/CL1000-LCD-KVM.jpg' alt='Vista frontal del CL1000N'> <\/div>\n<div style='text-align: center;'> <img style='width: 100%; height: auto; border: 1px solid rgba(150&comma;150&comma;150&comma;0.3); border-radius: 8px;' src='https:\/\/ftp3.syscom.mx\/usuarios\/sortiz\/VIDEO\/ATEN\/CL1000N\/Diagram_02.png' alt='Diagrama del CL1000N'> <\/div>\n<\/p><\/div>\n<p> <!-- Informaci\u00f3n adicional --> <\/p>\n<div>\n<p style='font-size: 15px; color: inherit;'> El CL1000 es una consola KVM LCD que realiza las funciones de interfaz de administraci\u00f3n de numerosos switches KVM. El CL1000 incorpora un panel LCD con retroiluminaci\u00f3n LED de 17&#8242; o 19&#8242; integrado&comma; teclado completo y panel t\u00e1ctil en una carcas de 1U&comma; de montaje en bastidor y Slideaway\u2122. Aquellos usuarios que ya dispongan de switch pueden aprovechar las ventajas de ahorro de espacio y eficiencia de la consola KVM LCD CL1000 sin tener que hacer frente al innecesario coste de comprar un switch KVM. Este modelo ofrece c\u00f3modo acceso a consola en el bastidor a los switches KVM que ya tiene instalados en su sede. <\/p>\n<\/p><\/div>\n<p> <!-- Imagen 3 --> <\/p>\n<div style='text-align: center; margin: 20px 0;'> <img style='width: 100%; max-width: 600px; height: auto; border: 1px solid rgba(150&comma;150&comma;150&comma;0.3); border-radius: 8px;' src='https:\/\/ftp3.syscom.mx\/usuarios\/sortiz\/VIDEO\/ATEN\/CL1000N\/LCD_CL1000N.gif' alt='Animaci\u00f3n del CL1000N'> <\/div>\n<p> <!-- Contenido del paquete --> <\/p>\n<div style='margin: 30px 0;'>\n<h3 style='font-size: 22px; border-bottom: 2px solid currentColor; padding-bottom: 5px; margin-top: 0; color: inherit; opacity: 0.8;'>Contenido del paquete<\/h3>\n<ul style='padding-left: 20px; font-size: 15px; color: inherit;'>\n<li style='margin-bottom: 5px;'>1x CL1000M o CL1000N con kit de montaje en bastidor est\u00e1ndar<\/li>\n<li style='margin-bottom: 5px;'>1x cable KVM espec\u00edfico (VGA&comma; USB; 1&comma;8 m\/6 ft)<\/li>\n<li style='margin-bottom: 5px;'>1x cable de alimentaci\u00f3n<\/li>\n<li style='margin-bottom: 5px;'>1x manual de instrucciones<\/li>\n<\/ul><\/div>\n<p> <!-- Especificaciones t\u00e9cnicas --> <\/p>\n<div style='margin: 30px 0;'>\n<h3 style='font-size: 22px; border-bottom: 2px solid currentColor; padding-bottom: 5px; margin-top: 0; color: inherit; opacity: 0.8;'>Caracter\u00edsticas Generales CL1000N<\/h3>\n<div style='display: grid; grid-template-columns: repeat(auto-fit&comma; minmax(280px&comma; 1fr)); gap: 20px;'>\n<div style='border: 1px solid rgba(150&comma; 150&comma; 150&comma; 0.4); border-radius: 8px; padding: 15px;'>\n<h4 style='margin-top: 0; margin-bottom: 10px; font-size: 16px; color: inherit; opacity: 0.9;'>Pantalla<\/h4>\n<ul style='padding-left: 20px; margin: 0; font-size: 14px; list-style-type: disc; color: inherit;'>\n<li style='margin-bottom: 5px;'>Tama\u00f1o del panel: LCD-TFT de 19&#8242; para el CL1000N<\/li>\n<li style='margin-bottom: 5px;'>Resoluci\u00f3n: 1280 x 1024 a 75 Hz<\/li>\n<li style='margin-bottom: 5px;'>Tiempo de respuesta: 5 ms<\/li>\n<li style='margin-bottom: 5px;'>\u00c1ngulo de visi\u00f3n: 170\u00b0 (H)&comma; 160\u00b0 (V)<\/li>\n<li style='margin-bottom: 5px;'>Densidad de p\u00edxel: 0&comma;294 mm x 0&comma;294 mm<\/li>\n<li style='margin-bottom: 5px;'>Color de soporte: 16&comma;7 millones de colores<\/li>\n<li style='margin-bottom: 5px;'>Relaci\u00f3n de contraste: 1000:1<\/li>\n<li style='margin-bottom: 5px;'>Luminosidad: 250 cd\/m\u00b2<\/li>\n<li style='margin-bottom: 5px;'>Resoluci\u00f3n de la entrada de v\u00eddeo: hasta 1920 x 1200 a 60 Hz y 1280 x 1024 a 75 Hz (DDC2B)<\/li>\n<\/ul><\/div>\n<div style='border: 1px solid rgba(150&comma; 150&comma; 150&comma; 0.4); border-radius: 8px; padding: 15px;'>\n<h4 style='margin-top: 0; margin-bottom: 10px; font-size: 16px; color: inherit; opacity: 0.9;'>Conectividad<\/h4>\n<ul style='padding-left: 20px; margin: 0; font-size: 14px; list-style-type: disc; color: inherit;'>\n<li style='margin-bottom: 5px;'>Emulaci\u00f3n Teclado \/ Rat\u00f3n: PS\/2&comma; USB (mediante cables 2L-520xUP)<\/li>\n<li style='margin-bottom: 5px;'>Valores nominales de alimentaci\u00f3n de entrada: 100-240 VCC; 50-60 Hz; 1 A<\/li>\n<li style='margin-bottom: 5px;'>Consumo de energ\u00eda: 110 Vcc&comma; 29&comma;2 W&comma; 137 BTU y 220 Vcc&comma; 29&comma;3 W&comma; 137 BTU<\/li>\n<\/ul>\n<h4 style='margin-top: 20px; margin-bottom: 10px; font-size: 16px; color: inherit; opacity: 0.9;'>Caracter\u00edsticas F\u00edsicas<\/h4>\n<ul style='padding-left: 20px; margin: 0; font-size: 14px; list-style-type: disc; color: inherit;'>\n<li style='margin-bottom: 5px;'>Temperatura de funcionamiento: 0 a 50 \u00b0C<\/li>\n<li style='margin-bottom: 5px;'>Temperatura de almacenamiento: \u201320 \u00b0C a 60 \u00b0C<\/li>\n<li style='margin-bottom: 5px;'>Humedad: HR del 0-80 %&comma; sin condensaci\u00f3n<\/li>\n<li style='margin-bottom: 5px;'>Carcasa: Metal + pl\u00e1stico<\/li>\n<li style='margin-bottom: 5px;'>Tipo de rail: Single rail<\/li>\n<li style='margin-bottom: 5px;'>Peso: 11&comma;06 kg (24&comma;36 lb)<\/li>\n<li style='margin-bottom: 5px;'>Dimensiones: 48&comma;30 x 58&comma;52 x 4&comma;40 cm (19&comma;02 \u00d7 23&comma;04 \u00d7 1&comma;73 pulgadas)<\/li>\n<\/ul><\/div>\n<\/p><\/div>\n<\/p><\/div>\n<p> <!-- Modelos compatibles --> <\/p>\n<div style='margin: 30px 0;'>\n<p style='font-size: 15px; color: inherit;'> Es necesario contemplar estos modelos: <a style='color: inherit; text-decoration: underline;' href='https:\/\/www.syscom.mx\/principal\/searchcont?route=CS1308-ATEN-222722&#038;autodetect=CS1308'>CS1308<\/a>&comma; <a style='color: inherit; text-decoration: underline;' href='https:\/\/www.syscom.mx\/principal\/searchcont?route=2L5202U-ATEN-225191&#038;autodetect=2L5202U'>2L5202U<\/a> <\/p>\n<\/p><\/div>\n<p> <!-- Videos --> <\/p>\n<div style='margin: 30px 0;'>\n<h3 style='font-size: 22px; border-bottom: 2px solid currentColor; padding-bottom: 5px; margin-top: 0; color: inherit; opacity: 0.8;'>VIDEOS<\/h3>\n<div style='display: grid; grid-template-columns: repeat(auto-fit&comma; minmax(300px&comma; 1fr)); gap: 20px; margin-top: 20px;'> <!-- Video 1 --> <\/p>\n<div style='position: relative; padding-bottom: 56.25%; height: 0; overflow: hidden;'>   <\/div>\n<p> <!-- Video 2 --> <\/p>\n<div style='position: relative; padding-bottom: 56.25%; height: 0; overflow: hidden;'>   <\/div>\n<p> <!-- Video 3 --> <\/p>\n<div style='position: relative; padding-bottom: 56.25%; height: 0; overflow: hidden;'>   <\/div>\n<\/p><\/div>\n<\/p><\/div>\n<p> <!-- Separador final --> <\/p>\n<hr style='border: 0; border-top: 1px solid rgba(150&comma; 150&comma; 150&comma; 0.3); margin: 30px 0;'> <\/div>\n<\/p><\/div>\n","protected":false},"excerpt":{"rendered":"<p>Consola LCD VGA PS\/2 de 19 pulgadas con cable (US99KB\/USKB\/SPKB)\/con (EE. UU.\/UE) ATEN.<\/p>\n","protected":false},"featured_media":98065,"comment_status":"open","ping_status":"closed","template":"","meta":[],"product_brand":[],"product_cat":[2073,2074,2077,2075,2072,2076],"product_tag":[417,2121,2079,2080,2083,2081,2078,2082],"class_list":{"0":"post-98066","1":"product","2":"type-product","3":"status-publish","4":"has-post-thumbnail","6":"product_cat-convertidores","7":"product_cat-divisores","8":"product_cat-dvi","9":"product_cat-hdmi","10":"product_cat-kits-extensores","11":"product_cat-vga","12":"product_tag-accesorios-generales","13":"product_tag-aten","14":"product_tag-convertidores","15":"product_tag-divisores","16":"product_tag-dvi","17":"product_tag-hdmi","18":"product_tag-kits-extensores","19":"product_tag-vga","21":"first","22":"instock","23":"sale","24":"shipping-taxable","25":"purchasable","26":"product-type-simple"},"_links":{"self":[{"href":"https:\/\/soydeaqui.ddns.net\/pachuca\/index.php\/wp-json\/wp\/v2\/product\/98066","targetHints":{"allow":["GET"]}}],"collection":[{"href":"https:\/\/soydeaqui.ddns.net\/pachuca\/index.php\/wp-json\/wp\/v2\/product"}],"about":[{"href":"https:\/\/soydeaqui.ddns.net\/pachuca\/index.php\/wp-json\/wp\/v2\/types\/product"}],"replies":[{"embeddable":true,"href":"https:\/\/soydeaqui.ddns.net\/pachuca\/index.php\/wp-json\/wp\/v2\/comments?post=98066"}],"wp:featuredmedia":[{"embeddable":true,"href":"https:\/\/soydeaqui.ddns.net\/pachuca\/index.php\/wp-json\/wp\/v2\/media\/98065"}],"wp:attachment":[{"href":"https:\/\/soydeaqui.ddns.net\/pachuca\/index.php\/wp-json\/wp\/v2\/media?parent=98066"}],"wp:term":[{"taxonomy":"product_brand","embeddable":true,"href":"https:\/\/soydeaqui.ddns.net\/pachuca\/index.php\/wp-json\/wp\/v2\/product_brand?post=98066"},{"taxonomy":"product_cat","embeddable":true,"href":"https:\/\/soydeaqui.ddns.net\/pachuca\/index.php\/wp-json\/wp\/v2\/product_cat?post=98066"},{"taxonomy":"product_tag","embeddable":true,"href":"https:\/\/soydeaqui.ddns.net\/pachuca\/index.php\/wp-json\/wp\/v2\/product_tag?post=98066"}],"curies":[{"name":"wp","href":"https:\/\/api.w.org\/{rel}","templated":true}]}}