{"id":98036,"date":"2026-03-20T09:23:21","date_gmt":"2026-03-20T09:23:21","guid":{"rendered":"https:\/\/soydeaqui.ddns.net\/pachuca\/index.php\/producto\/extensor-vga-kvm-cat-5-1280-x-1024-a-60-hz-100m-1920-x-1200-a-60-hz-30-m\/"},"modified":"2026-03-20T09:23:40","modified_gmt":"2026-03-20T09:23:40","slug":"extensor-vga-kvm-cat-5-1280-x-1024-a-60-hz-100m-1920-x-1200-a-60-hz-30-m","status":"publish","type":"product","link":"https:\/\/soydeaqui.ddns.net\/pachuca\/index.php\/producto\/extensor-vga-kvm-cat-5-1280-x-1024-a-60-hz-100m-1920-x-1200-a-60-hz-30-m\/","title":{"rendered":"Extensor VGA KVM | Cat 5 |  1280 x 1024 a 60 Hz 100m | 1920 x 1200 a 60 Hz 30 m"},"content":{"rendered":"<div style='width: 100%; max-width: 1200px; margin: 0 auto; font-family: sans-serif; line-height: 1.6; color: inherit; background-color: transparent;'> <!-- Imagen logo Atten --> <\/p>\n<div style='width: 100%; display: flex; justify-content: center; margin: 20px 0;'> <img style='width: 40%; height: auto; border: 1px solid rgba(150&comma;150&comma;150&comma;0.3); border-radius: 8px;' src='https:\/\/ftp3.syscom.mx\/usuarios\/luis.vargas\/ATEN\/VS184B\/Logo-Aten.jpg' alt='Logo Atten'> <\/div>\n<p> <!-- Contenido principal con imagen y texto --> <\/p>\n<div style='display: flex; flex-wrap: wrap; gap: 30px; margin: 30px 0;'> <!-- Imagen principal del producto --> <\/p>\n<div style='flex: 1 1 300px; min-width: 280px;'> <img style='width: 100%; height: auto; border: 1px solid rgba(150&comma;150&comma;150&comma;0.3); border-radius: 8px;' src='https:\/\/ftp3.syscom.mx\/usuarios\/luis.vargas\/ATEN\/CE100\/CE100.jpg' alt='Extensor KVM CE100'> <\/div>\n<p> <!-- Descripci\u00f3n del producto --> <\/p>\n<div style='flex: 1 1 300px; min-width: 280px;'>\n<div style='font-size: 24px; color: inherit; margin-bottom: 15px;'> Extensor Mini KVM USB VGA Cat 5 <\/div>\n<p style='font-size: 15px; color: inherit; text-align: justify;'> Permite el acceso a un sistema inform\u00e1tico desde una consola remota USB (teclado USB&comma; rat\u00f3n USB y monitor). Incorpora una funci\u00f3n de ajuste de compensaci\u00f3n en la unidad remota para una mayor calidad de v\u00eddeo; Utilizar un cable Cat 5e econ\u00f3mico&comma; en lugar de cables est\u00e1ndar voluminosos y costosos&comma; para proporcionar una conexi\u00f3n de transferencia de datos m\u00e1s ordenada&comma; m\u00e1s c\u00f3moda y m\u00e1s confiable. <\/p>\n<\/p><\/div>\n<\/p><\/div>\n<p> <!-- Secci\u00f3n de caracter\u00edsticas generales --> <\/p>\n<div style='margin: 30px 0;'>\n<h3 style='font-size: 22px; border-bottom: 2px solid currentColor; padding-bottom: 5px; margin-top: 0; color: inherit; opacity: 0.8;'>Caracter\u00edsticas generales<\/h3>\n<div style='display: flex; flex-wrap: wrap; gap: 20px;'> <!-- Columna 1 --> <\/p>\n<div style='flex: 1 1 300px; min-width: 280px;'>\n<div style='border: 1px solid rgba(150&comma; 150&comma; 150&comma; 0.4); border-radius: 8px; padding: 15px; margin-bottom: 20px;'>\n<div style='font-weight: bold; font-size: 18px; color: inherit; margin-bottom: 10px; border-bottom: 1px solid rgba(150&comma; 150&comma; 150&comma; 0.2); padding-bottom: 8px;'>Conectores<\/div>\n<ul style='padding-left: 20px; margin: 0; font-size: 14px; list-style-type: disc; color: inherit;'>\n<li style='margin-bottom: 5px;'><strong>Puertos LAN:<\/strong><\/li>\n<ul style='padding-left: 25px; margin: 5px 0;'>\n<li style='margin-bottom: 5px;'>1 conector RJ-45 (negro)<\/li>\n<\/ul>\n<\/ul><\/div>\n<div style='border: 1px solid rgba(150&comma; 150&comma; 150&comma; 0.4); border-radius: 8px; padding: 15px;'>\n<div style='font-weight: bold; font-size: 18px; color: inherit; margin-bottom: 10px; border-bottom: 1px solid rgba(150&comma; 150&comma; 150&comma; 0.2); padding-bottom: 8px;'>Video<\/div>\n<ul style='padding-left: 20px; margin: 0; font-size: 14px; list-style-type: disc; color: inherit;'>\n<li style='margin-bottom: 5px;'><strong>Resoluci\u00f3n m\u00e1xima:<\/strong><\/li>\n<ul style='padding-left: 25px; margin: 5px 0;'>\n<li style='margin-bottom: 5px;'>1920 x 1200 a 60 Hz (30 m)<\/li>\n<li style='margin-bottom: 5px;'>1280 x 1024 a 60 Hz (100 metros)<\/li>\n<\/ul>\n<\/ul><\/div>\n<\/p><\/div>\n<p> <!-- Columna 2 --> <\/p>\n<div style='flex: 1 1 300px; min-width: 280px;'>\n<div style='border: 1px solid rgba(150&comma; 150&comma; 150&comma; 0.4); border-radius: 8px; padding: 15px; margin-bottom: 20px;'>\n<div style='font-weight: bold; font-size: 18px; color: inherit; margin-bottom: 10px; border-bottom: 1px solid rgba(150&comma; 150&comma; 150&comma; 0.2); padding-bottom: 8px;'>Alimentaci\u00f3n<\/div>\n<ul style='padding-left: 20px; margin: 0; font-size: 14px; list-style-type: disc; color: inherit;'>\n<li style='margin-bottom: 5px;'>1x Conector CC<\/li>\n<\/ul><\/div>\n<div style='border: 1px solid rgba(150&comma; 150&comma; 150&comma; 0.4); border-radius: 8px; padding: 15px; margin-bottom: 20px;'>\n<div style='font-weight: bold; font-size: 18px; color: inherit; margin-bottom: 10px; border-bottom: 1px solid rgba(150&comma; 150&comma; 150&comma; 0.2); padding-bottom: 8px;'>Consumo de energ\u00eda<\/div>\n<ul style='padding-left: 20px; margin: 0; font-size: 14px; list-style-type: disc; color: inherit;'>\n<li style='margin-bottom: 5px;'>CE100L: CC 5 V: 0&comma;68 W: 7 BTU<\/li>\n<li style='margin-bottom: 5px;'>CE100R: CC 5 V: 0&comma;99 W: 9 BTU<\/li>\n<\/ul><\/div>\n<div style='border: 1px solid rgba(150&comma; 150&comma; 150&comma; 0.4); border-radius: 8px; padding: 15px; margin-bottom: 20px;'>\n<div style='font-weight: bold; font-size: 18px; color: inherit; margin-bottom: 10px; border-bottom: 1px solid rgba(150&comma; 150&comma; 150&comma; 0.2); padding-bottom: 8px;'>Condiciones ambientales<\/div>\n<ul style='padding-left: 20px; margin: 0; font-size: 14px; list-style-type: disc; color: inherit;'>\n<li style='margin-bottom: 5px;'>Temperatura de funcionamiento 0-50 \u00b0C<\/li>\n<li style='margin-bottom: 5px;'>Temperatura de almacenamiento -20 &#8211; 60\u00b0C<\/li>\n<li style='margin-bottom: 5px;'>Humedad HR del 0 &#8211; 85%&comma; sin condensaci\u00f3n<\/li>\n<\/ul><\/div>\n<div style='border: 1px solid rgba(150&comma; 150&comma; 150&comma; 0.4); border-radius: 8px; padding: 15px;'>\n<div style='font-weight: bold; font-size: 18px; color: inherit; margin-bottom: 10px; border-bottom: 1px solid rgba(150&comma; 150&comma; 150&comma; 0.2); padding-bottom: 8px;'>Propiedades f\u00edsicas<\/div>\n<ul style='padding-left: 20px; margin: 0; font-size: 14px; list-style-type: disc; color: inherit;'>\n<li style='margin-bottom: 5px;'>Carcasa Met\u00e1lica<\/li>\n<li style='margin-bottom: 5px;'>Peso: 0&comma;17 kg (0&comma;37 libras)<\/li>\n<li style='margin-bottom: 5px;'>Dimensiones: (LA x AN x AL): 9&comma;10&#215;5&comma;74&#215;2&comma;40cm (3&comma;58 x 2&comma;26 x 0&comma;94 pulgadas)<\/li>\n<\/ul><\/div>\n<\/p><\/div>\n<\/p><\/div>\n<\/p><\/div>\n<p> <!-- Contenido final --> <\/p>\n<div style='margin: 30px 0;'>\n<p style='font-size: 15px; color: inherit;'> Contenido del paquete: 1x extensor KVM mini USB CE100L (unidad local)&comma; 1x extensor KVM mini USB CE100R (unidad remota)&comma; 1x cable KVM (VGA&comma; USB; 1&comma;5 m\/5 pies)&comma; 1x adaptador de corriente (para unidad remota)&comma; 1x kit de montaje&comma; 1x Instrucciones de usuario. <\/p>\n<\/p><\/div>\n<\/p><\/div>\n","protected":false},"excerpt":{"rendered":"<p>Extensor VGA KVM | Cat 5 |  1280 x 1024 a 60 Hz 100m | 1920 x 1200 a 60 Hz 30 m<\/p>\n","protected":false},"featured_media":98035,"comment_status":"open","ping_status":"closed","template":"","meta":[],"product_brand":[],"product_cat":[2073,2074,2077,2075,2072,2076],"product_tag":[417,2121,2079,2080,2083,2081,2078,2082],"class_list":{"0":"post-98036","1":"product","2":"type-product","3":"status-publish","4":"has-post-thumbnail","6":"product_cat-convertidores","7":"product_cat-divisores","8":"product_cat-dvi","9":"product_cat-hdmi","10":"product_cat-kits-extensores","11":"product_cat-vga","12":"product_tag-accesorios-generales","13":"product_tag-aten","14":"product_tag-convertidores","15":"product_tag-divisores","16":"product_tag-dvi","17":"product_tag-hdmi","18":"product_tag-kits-extensores","19":"product_tag-vga","21":"first","22":"instock","23":"sale","24":"shipping-taxable","25":"purchasable","26":"product-type-simple"},"_links":{"self":[{"href":"https:\/\/soydeaqui.ddns.net\/pachuca\/index.php\/wp-json\/wp\/v2\/product\/98036","targetHints":{"allow":["GET"]}}],"collection":[{"href":"https:\/\/soydeaqui.ddns.net\/pachuca\/index.php\/wp-json\/wp\/v2\/product"}],"about":[{"href":"https:\/\/soydeaqui.ddns.net\/pachuca\/index.php\/wp-json\/wp\/v2\/types\/product"}],"replies":[{"embeddable":true,"href":"https:\/\/soydeaqui.ddns.net\/pachuca\/index.php\/wp-json\/wp\/v2\/comments?post=98036"}],"wp:featuredmedia":[{"embeddable":true,"href":"https:\/\/soydeaqui.ddns.net\/pachuca\/index.php\/wp-json\/wp\/v2\/media\/98035"}],"wp:attachment":[{"href":"https:\/\/soydeaqui.ddns.net\/pachuca\/index.php\/wp-json\/wp\/v2\/media?parent=98036"}],"wp:term":[{"taxonomy":"product_brand","embeddable":true,"href":"https:\/\/soydeaqui.ddns.net\/pachuca\/index.php\/wp-json\/wp\/v2\/product_brand?post=98036"},{"taxonomy":"product_cat","embeddable":true,"href":"https:\/\/soydeaqui.ddns.net\/pachuca\/index.php\/wp-json\/wp\/v2\/product_cat?post=98036"},{"taxonomy":"product_tag","embeddable":true,"href":"https:\/\/soydeaqui.ddns.net\/pachuca\/index.php\/wp-json\/wp\/v2\/product_tag?post=98036"}],"curies":[{"name":"wp","href":"https:\/\/api.w.org\/{rel}","templated":true}]}}