{"id":98032,"date":"2026-03-20T09:23:11","date_gmt":"2026-03-20T09:23:11","guid":{"rendered":"https:\/\/soydeaqui.ddns.net\/pachuca\/index.php\/producto\/switch-de-presentaciones-resolucion-4k-diferentes-herramientas-de-colaboracion-anotacion-pizarra-y-captura-inalambrico-con-quad-view-multi-view-se-pueden-compartir-hasta-2-fuentes-de-forma-i\/"},"modified":"2026-03-20T09:23:18","modified_gmt":"2026-03-20T09:23:18","slug":"switch-de-presentaciones-resolucion-4k-diferentes-herramientas-de-colaboracion-anotacion-pizarra-y-captura-inalambrico-con-quad-view-multi-view-se-pueden-compartir-hasta-2-fuentes-de-forma-i","status":"publish","type":"product","link":"https:\/\/soydeaqui.ddns.net\/pachuca\/index.php\/producto\/switch-de-presentaciones-resolucion-4k-diferentes-herramientas-de-colaboracion-anotacion-pizarra-y-captura-inalambrico-con-quad-view-multi-view-se-pueden-compartir-hasta-2-fuentes-de-forma-i\/","title":{"rendered":"Switch de presentaciones | Resoluci\u00f3n 4K | Diferentes herramientas de colaboraci\u00f3n: Anotaci\u00f3n, pizarra y captura | inal\u00e1mbrico con Quad View | Multi-view se pueden compartir hasta 2 fuentes de forma inal\u00e1mbrica | POE"},"content":{"rendered":"<div style='width: 100%; max-width: 1200px; margin: 0 auto; font-family: sans-serif; line-height: 1.6; color: inherit; background-color: transparent;'> <!-- Logo ATEN --> <\/p>\n<div style='width: 100%; text-align: center; margin: 30px 0;'> <img style='width: 40%; height: auto; border: 1px solid rgba(150&comma;150&comma;150&comma;0.3); border-radius: 8px;' src='https:\/\/ftp3.syscom.mx\/usuarios\/luis.vargas\/ATEN\/VS184B\/Logo-Aten.jpg' alt='Logo ATEN'> <\/div>\n<p> <!-- Video principal --> <\/p>\n<div style='position: relative; padding-bottom: 56.25%; height: 0; overflow: hidden; margin: 30px 0;'>   <\/div>\n<p> <!-- Secci\u00f3n de imagen y descripci\u00f3n --> <\/p>\n<div style='display: flex; flex-wrap: wrap; gap: 30px; align-items: center; margin: 30px 0;'>\n<div style='flex: 1 1 300px; min-width: 280px;'> <img style='width: 100%; height: auto; border: 1px solid rgba(150&comma;150&comma;150&comma;0.3); border-radius: 8px;' src='https:\/\/ftp3.syscom.mx\/usuarios\/luis.vargas\/ATEN\/VP2020\/diagrama%20VP2020.png' alt='Diagrama VP2020'> <\/div>\n<div style='flex: 1 1 300px; min-width: 280px;'>\n<div style='font-size: 14pt; font-weight: bold; margin-bottom: 20px; color: inherit; opacity: 0.8;'>Switch Inal\u00e1mbrico 4K<\/div>\n<p style='font-size: 15px; color: inherit; text-align: justify;'>Soluci\u00f3n BYOD inal\u00e1mbrica que permite compartir f\u00e1cilmente contenido desde cualquier computadora port\u00e1til o dispositivo m\u00f3vil para que los participantes puedan colaborar activamente para lograr flujos de trabajo mejorados y eficientes. Cuenta con vista m\u00faltiple y salida de audio&comma; que est\u00e1n dise\u00f1ados para aumentar la flexibilidad para compartir contenido. Adem\u00e1s&comma; est\u00e1 equipado con funciones de modo de moderaci\u00f3n y toque posterior USB&comma; lo que permite a los presentadores controlar las reuniones f\u00e1cilmente. Adem\u00e1s&comma; su conectividad PoE facilita la instalaci\u00f3n. Es ideal tanto para espacios reducidos como para grandes espacios de reuniones.<\/p>\n<\/p><\/div>\n<\/p><\/div>\n<p> <!-- Especificaciones --> <\/p>\n<div style='margin: 30px 0;'>\n<div style='font-size: 18px; font-weight: bold; text-align: center; margin-bottom: 20px; color: inherit; opacity: 0.8;'>Especificaciones<\/div>\n<p> <!-- Secci\u00f3n de cards de especificaciones --> <\/p>\n<div style='display: flex; flex-wrap: wrap; gap: 20px; margin-bottom: 30px;'> <!-- Salida de Video --> <\/p>\n<div style='flex: 1 1 250px; border: 1px solid rgba(150&comma; 150&comma; 150&comma; 0.4); border-radius: 8px; overflow: hidden; display: flex; flex-direction: column;'>\n<div style='padding: 15px; border-bottom: 1px solid rgba(150&comma; 150&comma; 150&comma; 0.2); font-weight: bold; font-size: 16px; color: inherit;'>Salida de Video<\/div>\n<div style='padding: 15px; color: inherit;'>\n<ul style='padding-left: 20px; margin: 0; font-size: 14px; list-style-type: disc;'>\n<li style='margin-bottom: 5px;'>1 x HDMI tipo A hembra (negro)<\/li>\n<li style='margin-bottom: 5px;'>1 x VGA (HDB-15) hembra<\/li>\n<li style='margin-bottom: 5px;'>M\u00e1x. distancia: HDMI: Hasta 5 metros&comma; VGA: Hasta 15 metros<\/li>\n<\/ul><\/div>\n<\/p><\/div>\n<p> <!-- Video --> <\/p>\n<div style='flex: 1 1 250px; border: 1px solid rgba(150&comma; 150&comma; 150&comma; 0.4); border-radius: 8px; overflow: hidden; display: flex; flex-direction: column;'>\n<div style='padding: 15px; border-bottom: 1px solid rgba(150&comma; 150&comma; 150&comma; 0.2); font-weight: bold; font-size: 16px; color: inherit;'>Video<\/div>\n<div style='padding: 15px; color: inherit;'>\n<ul style='padding-left: 20px; margin: 0; font-size: 14px; list-style-type: disc;'>\n<li style='margin-bottom: 5px;'>Resoluci\u00f3n m\u00e1xima: HDMI: Hasta 4K@30Hz. VGA: Hasta 1080p<\/li>\n<\/ul><\/div>\n<\/p><\/div>\n<p> <!-- Audio --> <\/p>\n<div style='flex: 1 1 250px; border: 1px solid rgba(150&comma; 150&comma; 150&comma; 0.4); border-radius: 8px; overflow: hidden; display: flex; flex-direction: column;'>\n<div style='padding: 15px; border-bottom: 1px solid rgba(150&comma; 150&comma; 150&comma; 0.2); font-weight: bold; font-size: 16px; color: inherit;'>Audio<\/div>\n<div style='padding: 15px; color: inherit;'>\n<ul style='padding-left: 20px; margin: 0; font-size: 14px; list-style-type: disc;'>\n<li style='margin-bottom: 5px;'>Audio est\u00e9reo: 1 x mini conector est\u00e9reo hembra (negro)<\/li>\n<\/ul><\/div>\n<\/p><\/div>\n<p> <!-- Inal\u00e1mbrico --> <\/p>\n<div style='flex: 1 1 250px; border: 1px solid rgba(150&comma; 150&comma; 150&comma; 0.4); border-radius: 8px; overflow: hidden; display: flex; flex-direction: column;'>\n<div style='padding: 15px; border-bottom: 1px solid rgba(150&comma; 150&comma; 150&comma; 0.2); font-weight: bold; font-size: 16px; color: inherit;'>Inal\u00e1mbrico<\/div>\n<div style='padding: 15px; color: inherit;'>\n<ul style='padding-left: 20px; margin: 0; font-size: 14px; list-style-type: disc;'>\n<li style='margin-bottom: 5px;'>Protocolo de autentificaci\u00f3n: Modo AP: WPA2-PSK. Modo estaci\u00f3n: WEP&comma; WPA&comma; WPA2&comma; 802.1x EAP<\/li>\n<li style='margin-bottom: 5px;'>Protocolo de transmisi\u00f3n inal\u00e1mbrica: IEEE 802.11ac<\/li>\n<li style='margin-bottom: 5px;'>Banda de frecuencia: Banda dual conmutable de 2&comma;4 GHz y 5 GHz (no se admiten canales DFS)<\/li>\n<li style='margin-bottom: 5px;'>Alcances: Transmisi\u00f3n de 20m en 5GHz&comma; Transmisi\u00f3n de 30m en 2.4GHz<\/li>\n<\/ul><\/div>\n<\/p><\/div>\n<p> <!-- Conectores --> <\/p>\n<div style='flex: 1 1 250px; border: 1px solid rgba(150&comma; 150&comma; 150&comma; 0.4); border-radius: 8px; overflow: hidden; display: flex; flex-direction: column;'>\n<div style='padding: 15px; border-bottom: 1px solid rgba(150&comma; 150&comma; 150&comma; 0.2); font-weight: bold; font-size: 16px; color: inherit;'>Conectores<\/div>\n<div style='padding: 15px; color: inherit;'>\n<ul style='padding-left: 20px; margin: 0; font-size: 14px; list-style-type: disc;'>\n<li style='margin-bottom: 5px;'>USB 3.0: 1 x USB tipo A hembra (azul)<\/li>\n<li style='margin-bottom: 5px;'>USB 2.0: 1 x USB tipo A hembra<\/li>\n<li style='margin-bottom: 5px;'>USB-C: 1 x USB tipo C hembra<\/li>\n<li style='margin-bottom: 5px;'>Ethernet: 1 x RJ-45 hembra (plateado)<\/li>\n<\/ul><\/div>\n<\/p><\/div>\n<p> <!-- Alimentaci\u00f3n --> <\/p>\n<div style='flex: 1 1 250px; border: 1px solid rgba(150&comma; 150&comma; 150&comma; 0.4); border-radius: 8px; overflow: hidden; display: flex; flex-direction: column;'>\n<div style='padding: 15px; border-bottom: 1px solid rgba(150&comma; 150&comma; 150&comma; 0.2); font-weight: bold; font-size: 16px; color: inherit;'>Alimentaci\u00f3n<\/div>\n<div style='padding: 15px; color: inherit;'>\n<ul style='padding-left: 20px; margin: 0; font-size: 14px; list-style-type: disc;'>\n<li style='margin-bottom: 5px;'>1x conector CC (negro)<\/li>\n<\/ul><\/div>\n<\/p><\/div>\n<p> <!-- Consumo de energ\u00eda --> <\/p>\n<div style='flex: 1 1 250px; border: 1px solid rgba(150&comma; 150&comma; 150&comma; 0.4); border-radius: 8px; overflow: hidden; display: flex; flex-direction: column;'>\n<div style='padding: 15px; border-bottom: 1px solid rgba(150&comma; 150&comma; 150&comma; 0.2); font-weight: bold; font-size: 16px; color: inherit;'>Consumo de energ\u00eda<\/div>\n<div style='padding: 15px; color: inherit;'>\n<ul style='padding-left: 20px; margin: 0; font-size: 14px; list-style-type: disc;'>\n<li style='margin-bottom: 5px;'>CC 12 V: 12 WBTU<\/li>\n<\/ul><\/div>\n<\/p><\/div>\n<p> <!-- Condiciones ambientales --> <\/p>\n<div style='flex: 1 1 250px; border: 1px solid rgba(150&comma; 150&comma; 150&comma; 0.4); border-radius: 8px; overflow: hidden; display: flex; flex-direction: column;'>\n<div style='padding: 15px; border-bottom: 1px solid rgba(150&comma; 150&comma; 150&comma; 0.2); font-weight: bold; font-size: 16px; color: inherit;'>Condiciones ambientales<\/div>\n<div style='padding: 15px; color: inherit;'>\n<ul style='padding-left: 20px; margin: 0; font-size: 14px; list-style-type: disc;'>\n<li style='margin-bottom: 5px;'>Temperatura de funcionamiento: 0-40 \u00e2\u201e\u0192<\/li>\n<li style='margin-bottom: 5px;'>Temperatura de almacenamiento: -20 &#8211; 60\u00b0C<\/li>\n<li style='margin-bottom: 5px;'>Humedad: HR del 0-80%&comma; sin condensaci\u00f3n<\/li>\n<\/ul><\/div>\n<\/p><\/div>\n<p> <!-- Propiedades f\u00edsicas --> <\/p>\n<div style='flex: 1 1 250px; border: 1px solid rgba(150&comma; 150&comma; 150&comma; 0.4); border-radius: 8px; overflow: hidden; display: flex; flex-direction: column;'>\n<div style='padding: 15px; border-bottom: 1px solid rgba(150&comma; 150&comma; 150&comma; 0.2); font-weight: bold; font-size: 16px; color: inherit;'>Propiedades f\u00edsicas<\/div>\n<div style='padding: 15px; color: inherit;'>\n<ul style='padding-left: 20px; margin: 0; font-size: 14px; list-style-type: disc;'>\n<li style='margin-bottom: 5px;'>Carcasa: Met\u00e1lica<\/li>\n<li style='margin-bottom: 5px;'>Peso: 0&comma;47 kg (1&comma;04 libras)<\/li>\n<li style='margin-bottom: 5px;'>Dimensiones (LA x AN x AL): 17&comma;00&#215;10&comma;40&#215;2&comma;83 cm (6&comma;69 x 4&comma;09 x 1&comma;11 pulgadas)<\/li>\n<\/ul><\/div>\n<\/p><\/div>\n<p> <!-- Resoluciones de entrada --> <\/p>\n<div style='flex: 1 1 250px; border: 1px solid rgba(150&comma; 150&comma; 150&comma; 0.4); border-radius: 8px; overflow: hidden; display: flex; flex-direction: column;'>\n<div style='padding: 15px; border-bottom: 1px solid rgba(150&comma; 150&comma; 150&comma; 0.2); font-weight: bold; font-size: 16px; color: inherit;'>Resoluciones de entrada<\/div>\n<div style='padding: 15px; color: inherit;'>\n<ul style='padding-left: 20px; margin: 0; font-size: 14px; list-style-type: disc;'>\n<li style='margin-bottom: 5px;'>640 x 480 a 60\/67\/72\/75 Hz<\/li>\n<li style='margin-bottom: 5px;'>1600 x 1200 a 60 Hz<\/li>\n<li style='margin-bottom: 5px;'>800 x 600 a 56\/60\/72\/75 Hz<\/li>\n<li style='margin-bottom: 5px;'>1680 x 1050 a 60 Hz<\/li>\n<li style='margin-bottom: 5px;'>1024 x 768 a 60\/70\/75 Hz<\/li>\n<li style='margin-bottom: 5px;'>1920 x 1080 a 50\/60 Hz<\/li>\n<li style='margin-bottom: 5px;'>1280 x 720 a 50\/60 Hz<\/li>\n<li style='margin-bottom: 5px;'>1920 x 1200 a 60 Hz<\/li>\n<li style='margin-bottom: 5px;'>1280 x 800 a 60 Hz<\/li>\n<li style='margin-bottom: 5px;'>3840 x 2160 a 24\/25\/30 Hz<\/li>\n<li style='margin-bottom: 5px;'>1280 x 1024 a 60\/75 Hz<\/li>\n<li style='margin-bottom: 5px;'>4096 x 2160 a 24 Hz<\/li>\n<\/ul><\/div>\n<\/p><\/div>\n<p> <!-- Contenido del paquete --> <\/p>\n<div style='flex: 1 1 250px; border: 1px solid rgba(150&comma; 150&comma; 150&comma; 0.4); border-radius: 8px; overflow: hidden; display: flex; flex-direction: column;'>\n<div style='padding: 15px; border-bottom: 1px solid rgba(150&comma; 150&comma; 150&comma; 0.2); font-weight: bold; font-size: 16px; color: inherit;'>Contenido del paquete<\/div>\n<div style='padding: 15px; color: inherit;'>\n<ul style='padding-left: 20px; margin: 0; font-size: 14px; list-style-type: disc;'>\n<li style='margin-bottom: 5px;'>1 x switch de presentaciones 4K inal\u00e1mbrico VP2020<\/li>\n<li style='margin-bottom: 5px;'>1 x adaptador de corriente y cable de alimentaci\u00f3n<\/li>\n<li style='margin-bottom: 5px;'>2 x antena Wi-Fi<\/li>\n<li style='margin-bottom: 5px;'>1 x manual de instrucciones<\/li>\n<\/ul><\/div>\n<\/p><\/div>\n<\/p><\/div>\n<\/p><\/div>\n<p> <!-- Imagen principal 1 --> <\/p>\n<div style='width: 100%; text-align: center; margin: 30px 0;'> <img style='width: 70%; height: auto; border: 1px solid rgba(150&comma;150&comma;150&comma;0.3); border-radius: 8px;' src='https:\/\/ftp3.syscom.mx\/usuarios\/luis.vargas\/ATEN\/VP2020\/imagen%201%20VP2020.jpg' alt='Imagen 1 VP2020'> <\/div>\n<p> <!-- Video adicional --> <\/p>\n<div style='position: relative; padding-bottom: 56.25%; height: 0; overflow: hidden; margin: 30px 0;'>   <\/div>\n<p> <!-- Imagen principal 2 --> <\/p>\n<div style='width: 100%; text-align: center; margin: 30px 0;'> <img style='width: 70%; height: auto; border: 1px solid rgba(150&comma;150&comma;150&comma;0.3); border-radius: 8px;' src='https:\/\/ftp3.syscom.mx\/usuarios\/luis.vargas\/ATEN\/VP2020\/Imagen%202%20VP2020.jpg' alt='Imagen 2 VP2020'> <\/div>\n<\/p><\/div>\n","protected":false},"excerpt":{"rendered":"<p>Switch de presentaciones | Resoluci\u00f3n 4K | Diferentes herramientas de colaboraci\u00f3n: Anotaci\u00f3n, pizarra y captura | inal\u00e1mbrico con Quad View | Multi-view se pueden compartir hasta 2 fuentes de forma inal\u00e1mbrica | POE<\/p>\n","protected":false},"featured_media":98031,"comment_status":"open","ping_status":"closed","template":"","meta":[],"product_brand":[],"product_cat":[2115],"product_tag":[93,2121,2089],"class_list":{"0":"post-98032","1":"product","2":"type-product","3":"status-publish","4":"has-post-thumbnail","6":"product_cat-accesorios-monitores-pantallas-y-mobiliario","7":"product_tag-accesorios","8":"product_tag-aten","9":"product_tag-monitores-pantallas-y-mobiliario","11":"first","12":"instock","13":"sale","14":"shipping-taxable","15":"purchasable","16":"product-type-simple"},"_links":{"self":[{"href":"https:\/\/soydeaqui.ddns.net\/pachuca\/index.php\/wp-json\/wp\/v2\/product\/98032","targetHints":{"allow":["GET"]}}],"collection":[{"href":"https:\/\/soydeaqui.ddns.net\/pachuca\/index.php\/wp-json\/wp\/v2\/product"}],"about":[{"href":"https:\/\/soydeaqui.ddns.net\/pachuca\/index.php\/wp-json\/wp\/v2\/types\/product"}],"replies":[{"embeddable":true,"href":"https:\/\/soydeaqui.ddns.net\/pachuca\/index.php\/wp-json\/wp\/v2\/comments?post=98032"}],"wp:featuredmedia":[{"embeddable":true,"href":"https:\/\/soydeaqui.ddns.net\/pachuca\/index.php\/wp-json\/wp\/v2\/media\/98031"}],"wp:attachment":[{"href":"https:\/\/soydeaqui.ddns.net\/pachuca\/index.php\/wp-json\/wp\/v2\/media?parent=98032"}],"wp:term":[{"taxonomy":"product_brand","embeddable":true,"href":"https:\/\/soydeaqui.ddns.net\/pachuca\/index.php\/wp-json\/wp\/v2\/product_brand?post=98032"},{"taxonomy":"product_cat","embeddable":true,"href":"https:\/\/soydeaqui.ddns.net\/pachuca\/index.php\/wp-json\/wp\/v2\/product_cat?post=98032"},{"taxonomy":"product_tag","embeddable":true,"href":"https:\/\/soydeaqui.ddns.net\/pachuca\/index.php\/wp-json\/wp\/v2\/product_tag?post=98032"}],"curies":[{"name":"wp","href":"https:\/\/api.w.org\/{rel}","templated":true}]}}