{"id":97998,"date":"2026-03-20T09:21:36","date_gmt":"2026-03-20T09:21:36","guid":{"rendered":"https:\/\/soydeaqui.ddns.net\/pachuca\/index.php\/producto\/altavoz-ip-tipo-trompeta-25w-24vcd-para-integracion-con-hik-central-professional-reproduccion-de-audio-via-red-ip66\/"},"modified":"2026-03-20T09:21:38","modified_gmt":"2026-03-20T09:21:38","slug":"altavoz-ip-tipo-trompeta-25w-24vcd-para-integracion-con-hik-central-professional-reproduccion-de-audio-via-red-ip66","status":"publish","type":"product","link":"https:\/\/soydeaqui.ddns.net\/pachuca\/index.php\/producto\/altavoz-ip-tipo-trompeta-25w-24vcd-para-integracion-con-hik-central-professional-reproduccion-de-audio-via-red-ip66\/","title":{"rendered":"Altavoz IP tipo Trompeta \/ 25W \/ 24VCD \/ Para integraci\u00f3n con Hik-Central Professional \/ Reproducci\u00f3n de Audio v\u00eda Red \/ IP66"},"content":{"rendered":"<div style='width: 100%; max-width: 1200px; margin: 0 auto; font-family: sans-serif; line-height: 1.6; color: inherit;'> <!-- Logo --> <\/p>\n<div style='text-align: center; margin: 30px 0;'> <img style='width: 45%; height: auto; border: 1px solid rgba(150&comma;150&comma;150&comma;0.3); border-radius: 8px;' src='https:\/\/ftp3.syscom.mx\/usuarios\/jsosa\/HIKVISION\/imagenes\/logo\/hikvision%20see%20far.png' alt='Logo Hikvision'> <\/div>\n<p> <!-- Caracter\u00edsticas --> <\/p>\n<div style='display: flex; flex-wrap: wrap; gap: 30px; margin-bottom: 30px;'>\n<div style='flex: 1 1 300px; min-width: 280px;'>\n<h3 style='font-size: 22px; border-bottom: 2px solid currentColor; padding-bottom: 5px; margin-top: 0; color: inherit; opacity: 0.8;'>Caracter\u00edsticas principales<\/h3>\n<ul style='padding-left: 20px; font-size: 15px; color: inherit;'>\n<li style='margin-bottom: 5px;'>Transmisi\u00f3n de red: reproducci\u00f3n de mensajes de audio o transmisi\u00f3n de audio en tiempo real.<\/li>\n<li style='margin-bottom: 5px;'>Local storage: reproducci\u00f3n de mensajes pre-grabados (Built-in 4GB EMMC (1GB para almacenamiento de archivos de audio)).<\/li>\n<li style='margin-bottom: 5px;'>Tipo de archivos soportados MP3 y WAV<\/li>\n<li style='margin-bottom: 5px;'>Audio dos vias<\/li>\n<\/ul><\/div>\n<div style='flex: 1 1 300px; min-width: 280px;'>\n<h3 style='font-size: 22px; border-bottom: 2px solid currentColor; padding-bottom: 5px; margin-top: 0; color: inherit; opacity: 0.8;'>Caracter\u00edsticas F\u00edsicas y El\u00e9ctricas<\/h3>\n<ul style='padding-left: 20px; font-size: 15px; color: inherit;'>\n<li style='margin-bottom: 5px;'>Puerto de red: RJ45 (10 \/ 100 Mbps)<\/li>\n<li style='margin-bottom: 5px;'>1 entradas de alarma.<\/li>\n<li style='margin-bottom: 5px;'>1 salida de voltaje 12 VCD&comma; 25mA (max)<\/li>\n<li style='margin-bottom: 5px;'>Alimentaci\u00f3n: 24VCD<\/li>\n<li style='margin-bottom: 5px;'>Dimensiones: 175 x 237 x 272 mm<\/li>\n<li style='margin-bottom: 5px;'>Peso: 2.1 Kg.<\/li>\n<\/ul><\/div>\n<div style='flex: 1 1 300px; min-width: 280px;'>\n<h3 style='font-size: 22px; border-bottom: 2px solid currentColor; padding-bottom: 5px; margin-top: 0; color: inherit; opacity: 0.8;'>Caracter\u00edsticas Destacadas<\/h3>\n<p style='font-size: 15px; color: inherit;'>Reproduccion de audio por medio de un enlace IP o por medio de una tarjeta MicroSD con audios previamente guardados.<\/p>\n<\/p><\/div>\n<\/p><\/div>\n<p> <!-- Observaciones --> <\/p>\n<div style='margin-bottom: 30px;'>\n<h3 style='font-size: 22px; border-bottom: 2px solid currentColor; padding-bottom: 5px; margin-top: 0; color: inherit; opacity: 0.8;'>Licencias necesarias para manejo de Speaker en HC-P<\/h3>\n<ul style='padding-left: 20px; font-size: 15px; color: inherit;'>\n<li style='margin-bottom: 5px;'> <strong>HCPVSSB\/0C<\/strong> Habilita modulo base de video&comma; HikCentral-P-VSS-Base\/0CH <\/li>\n<li style='margin-bottom: 5px;'> <strong>HCPIP\/1U<\/strong> Agregar 1 dispositivo&comma; HikCentral-P-IPSpeaker-1Unit. <\/li>\n<\/ul><\/div>\n<p> <!-- Im\u00e1genes --> <\/p>\n<div style='margin-bottom: 30px;'>\n<h3 style='font-size: 22px; text-align: center; border-bottom: 2px solid currentColor; padding-bottom: 5px; margin-top: 0; margin-bottom: 20px; color: inherit; opacity: 0.8;'>Nuevas Funciones<\/h3>\n<div style='margin-bottom: 30px;'> <img style='width: 100%; height: auto; border: 1px solid rgba(150&comma;150&comma;150&comma;0.3); border-radius: 8px;' src='https:\/\/ftp3.syscom.mx\/usuarios\/yalvarado\/hikvision\/ALTAVOZ\/Captura.PNG' alt='Captura de pantalla'> <\/div>\n<div> <img style='width: 100%; height: auto; border: 1px solid rgba(150&comma;150&comma;150&comma;0.3); border-radius: 8px;' src='https:\/\/ftp3.syscom.mx\/usuarios\/jsosa\/HIKVISION\/imagenes\/banners\/solution%20complete.png' alt='Soluci\u00f3n completa'> <\/div>\n<\/p><\/div>\n<\/p><\/div>\n","protected":false},"excerpt":{"rendered":"<p>Altavoz IP tipo Trompeta \/ 25W \/ 24VCD \/ Para integraci\u00f3n con Hik-Central Professional \/ Reproducci\u00f3n de Audio v\u00eda Red \/ IP66<\/p>\n","protected":false},"featured_media":97997,"comment_status":"open","ping_status":"closed","template":"","meta":[],"product_brand":[],"product_cat":[2056],"product_tag":[122,2057,54],"class_list":{"0":"post-97998","1":"product","2":"type-product","3":"status-publish","4":"has-post-thumbnail","6":"product_cat-domo-eyeball-turret","7":"product_tag-camaras-ip-y-nvrs","8":"product_tag-domo-eyeball-turret","9":"product_tag-hikvision","11":"first","12":"outofstock","13":"sale","14":"shipping-taxable","15":"purchasable","16":"product-type-simple"},"_links":{"self":[{"href":"https:\/\/soydeaqui.ddns.net\/pachuca\/index.php\/wp-json\/wp\/v2\/product\/97998","targetHints":{"allow":["GET"]}}],"collection":[{"href":"https:\/\/soydeaqui.ddns.net\/pachuca\/index.php\/wp-json\/wp\/v2\/product"}],"about":[{"href":"https:\/\/soydeaqui.ddns.net\/pachuca\/index.php\/wp-json\/wp\/v2\/types\/product"}],"replies":[{"embeddable":true,"href":"https:\/\/soydeaqui.ddns.net\/pachuca\/index.php\/wp-json\/wp\/v2\/comments?post=97998"}],"wp:featuredmedia":[{"embeddable":true,"href":"https:\/\/soydeaqui.ddns.net\/pachuca\/index.php\/wp-json\/wp\/v2\/media\/97997"}],"wp:attachment":[{"href":"https:\/\/soydeaqui.ddns.net\/pachuca\/index.php\/wp-json\/wp\/v2\/media?parent=97998"}],"wp:term":[{"taxonomy":"product_brand","embeddable":true,"href":"https:\/\/soydeaqui.ddns.net\/pachuca\/index.php\/wp-json\/wp\/v2\/product_brand?post=97998"},{"taxonomy":"product_cat","embeddable":true,"href":"https:\/\/soydeaqui.ddns.net\/pachuca\/index.php\/wp-json\/wp\/v2\/product_cat?post=97998"},{"taxonomy":"product_tag","embeddable":true,"href":"https:\/\/soydeaqui.ddns.net\/pachuca\/index.php\/wp-json\/wp\/v2\/product_tag?post=97998"}],"curies":[{"name":"wp","href":"https:\/\/api.w.org\/{rel}","templated":true}]}}