{"id":97934,"date":"2026-03-20T09:18:50","date_gmt":"2026-03-20T09:18:50","guid":{"rendered":"https:\/\/soydeaqui.ddns.net\/pachuca\/index.php\/producto\/multisensor-ip-20-mp-4-lentes-de-5-mp-lentes-motorizados-3-7-a-7-7-mm-exterior-ip66-30-mts-ir-h-265-ik10-ndaa-onvif-deteccion-sabotaje-movimiento-audio-poe-alarmas-y-audi\/"},"modified":"2026-03-20T09:18:52","modified_gmt":"2026-03-20T09:18:52","slug":"multisensor-ip-20-mp-4-lentes-de-5-mp-lentes-motorizados-3-7-a-7-7-mm-exterior-ip66-30-mts-ir-h-265-ik10-ndaa-onvif-deteccion-sabotaje-movimiento-audio-poe-alarmas-y-audi","status":"publish","type":"product","link":"https:\/\/soydeaqui.ddns.net\/pachuca\/index.php\/producto\/multisensor-ip-20-mp-4-lentes-de-5-mp-lentes-motorizados-3-7-a-7-7-mm-exterior-ip66-30-mts-ir-h-265-ik10-ndaa-onvif-deteccion-sabotaje-movimiento-audio-poe-alarmas-y-audi\/","title":{"rendered":"Multisensor IP 20 MP (4 Lentes de 5 MP) \/ Lentes Motorizados 3.7 a 7.7 mm  \/ Exterior \/ IP66 \/ 30 mts IR \/ H.265 \/ IK10 \/ NDAA \/ ONVIF \/ Detecci\u00f3n Sabotaje \/ Movimiento \/ Audio \/ PoE+ \/ Alarmas y Audio I\/O \/ Serie 60 \/ Honeywell Security"},"content":{"rendered":"<div style='width: 100%; max-width: 1200px; margin: 0 auto; font-family: sans-serif; line-height: 1.6; color: inherit; background-color: transparent;'> <!-- Im\u00e1genes de banner --> <\/p>\n<div style='width: 100%; margin-bottom: 20px;'> <img style='width: 100%; height: auto; border: 1px solid rgba(150&comma;150&comma;150&comma;0.3); border-radius: 8px;' src='https:\/\/ftp3.syscom.mx\/usuarios\/pnunez\/Honeywell\/HC30WE5R2\/Imagenes\/banner-honeywell.jpg' alt='Banner Honeywell'> <\/div>\n<div style='width: 100%; margin-bottom: 20px;'> <img style='width: 100%; height: auto; border: 1px solid rgba(150&comma;150&comma;150&comma;0.3); border-radius: 8px;' src='https:\/\/ftp3.syscom.mx\/usuarios\/pnunez\/Honeywell\/Banners\/syscom-stock-disponible%20%281%29.jpg' alt='Stock Disponible'> <\/div>\n<p> <!-- Secci\u00f3n de especificaciones --> <\/p>\n<div style='display: flex; flex-wrap: wrap; gap: 30px; margin-bottom: 30px;'>\n<div style='flex: 1 1 300px; min-width: 280px;'>\n<h3 style='font-size: 22px; border-bottom: 2px solid currentColor; padding-bottom: 5px; margin-top: 0; color: inherit; opacity: 0.8;'>Caracter\u00edsticas de la C\u00e1mara<\/h3>\n<ul style='padding-left: 20px; font-size: 15px; color: inherit;'>\n<li style='margin-bottom: 5px;'>Resoluci\u00f3n m\u00e1xima: <strong>5 Megap\u00edxel (2688 x 1944)<\/strong> por sensor<\/li>\n<li style='margin-bottom: 5px;'>Multisensor: <strong>4 sensores<\/strong><\/li>\n<li style='margin-bottom: 5px;'>Sensor de imagen: <strong>1\/2.7\u201d Scan Progresivo CMOS<\/strong> por sensor<\/li>\n<li style='margin-bottom: 5px;'>Iluminaci\u00f3n m\u00ednima: Color: <strong>0.35 Lux @F1.9<\/strong>&comma; B\/N: <strong>0 Lux con IR encendido<\/strong><\/li>\n<li style='margin-bottom: 5px;'>Lente Varifocal Motorizado: <strong>3.7 &#8211; 7.7mm<\/strong> por sensor<\/li>\n<li style='margin-bottom: 5px;'>Distancia de IR: <strong>30m<\/strong><\/li>\n<li style='margin-bottom: 5px;'>Compresi\u00f3n: <strong>H.265&comma; H.264&comma; MJPEG<\/strong><\/li>\n<\/ul><\/div>\n<div style='flex: 1 1 300px; min-width: 280px;'>\n<h3 style='font-size: 22px; border-bottom: 2px solid currentColor; padding-bottom: 5px; margin-top: 0; color: inherit; opacity: 0.8;'>Caracter\u00edsticas Generales<\/h3>\n<ul style='padding-left: 20px; font-size: 15px; color: inherit;'>\n<li style='margin-bottom: 5px;'>Video anal\u00edticos embebidos: <strong>Detecci\u00f3n Sabotaje&comma; Movimiento y Audio<\/strong><\/li>\n<li style='margin-bottom: 5px;'>Almacenamiento: <strong>Soporta microSD de hasta 1 TB<\/strong> (no incluida)<\/li>\n<li style='margin-bottom: 5px;'>M\u00e1scara de privacidad: <strong>5 zonas<\/strong><\/li>\n<li style='margin-bottom: 5px;'>Compensaci\u00f3n de luz: <strong>WDR 120 dB&comma; BLC&comma; HLC&comma; 3 DNR<\/strong><\/li>\n<li style='margin-bottom: 5px;'>ONVIF: <strong>Profile S&comma; G<\/strong><\/li>\n<li style='margin-bottom: 5px;'><strong>Certificaci\u00f3n NDAA<\/strong><\/li>\n<li style='margin-bottom: 5px;'><strong>Garant\u00eda 5 a\u00f1os<\/strong><\/li>\n<\/ul><\/div>\n<div style='flex: 1 1 300px; min-width: 280px;'>\n<h3 style='font-size: 22px; border-bottom: 2px solid currentColor; padding-bottom: 5px; margin-top: 0; color: inherit; opacity: 0.8;'>Caracter\u00edsticas F\u00edsicas y El\u00e9ctricas<\/h3>\n<ul style='padding-left: 20px; font-size: 15px; color: inherit;'>\n<li style='margin-bottom: 5px;'>Temperatura de operaci\u00f3n: <strong>-40 a 60 \u00b0C<\/strong><\/li>\n<li style='margin-bottom: 5px;'>Alimentaci\u00f3n: <strong>24V&comma; PoE (802.3af) Clase 4 \/ 25W<\/strong><\/li>\n<li style='margin-bottom: 5px;'>Protecci\u00f3n: <strong>IP66 \/ IK10<\/strong><\/li>\n<li style='margin-bottom: 5px;'>Dimensiones: <strong>274.72 x 117.90 mm<\/strong><\/li>\n<li style='margin-bottom: 5px;'>Peso: <strong>2.868 kg<\/strong><\/li>\n<li style='margin-bottom: 5px;'>Puerto Ethernet: <strong>RJ45 10\/100 Mbps<\/strong><\/li>\n<li style='margin-bottom: 5px;'>Entrada\/Salida de audio: <strong>de l\u00ednea de una v\u00eda stream<\/strong><\/li>\n<li style='margin-bottom: 5px;'>Entrada\/Salida de Alarma: <strong>1 Entrada\/1 Salida<\/strong><\/li>\n<\/ul><\/div>\n<\/p><\/div>\n<p> <!-- Separador --> <\/p>\n<hr style='border: 0; border-top: 1px solid rgba(150&comma; 150&comma; 150&comma; 0.3); margin: 30px 0;'> <!-- Im\u00e1genes adicionales --> <\/p>\n<div style='width: 100%; margin-bottom: 20px;'> <img style='width: 100%; height: auto; border: 1px solid rgba(150&comma;150&comma;150&comma;0.3); border-radius: 8px;' src='https:\/\/ftp3.syscom.mx\/usuarios\/pnunez\/Honeywell\/HC60WM20R1\/medidasHC60WM20R1.png' alt='Medidas HC60WM20R1'> <\/div>\n<div style='width: 100%; margin-bottom: 20px;'> <img style='width: 100%; height: auto; border: 1px solid rgba(150&comma;150&comma;150&comma;0.3); border-radius: 8px;' src='https:\/\/ftp3.syscom.mx\/usuarios\/pnunez\/Honeywell\/NDAA\/NDAA-HONEYWELL.jpg' alt='Certificaci\u00f3n NDAA'> <\/div>\n<p> <!-- Video de YouTube --> <\/p>\n<div style='position: relative; padding-bottom: 56.25%; height: 0; overflow: hidden; margin-bottom: 30px;'>   <\/div>\n<\/p><\/div>\n","protected":false},"excerpt":{"rendered":"<p>Multisensor IP 20 MP (4 Lentes de 5 MP) \/ Lentes Motorizados 3.7 a 7.7 mm  \/ Exterior \/ IP66 \/ 30 mts IR \/ H.265 \/ IK10 \/ NDAA \/ ONVIF \/ Detecci\u00f3n Sabotaje \/ Movimiento \/ Audio \/ PoE+ \/ Alarmas y Audio I\/O \/ Serie 60 \/ Honeywell Security<\/p>\n","protected":false},"featured_media":97933,"comment_status":"open","ping_status":"closed","template":"","meta":[],"product_brand":[],"product_cat":[2056],"product_tag":[122,2057,209],"class_list":{"0":"post-97934","1":"product","2":"type-product","3":"status-publish","4":"has-post-thumbnail","6":"product_cat-domo-eyeball-turret","7":"product_tag-camaras-ip-y-nvrs","8":"product_tag-domo-eyeball-turret","9":"product_tag-honeywell","11":"first","12":"outofstock","13":"sale","14":"shipping-taxable","15":"purchasable","16":"product-type-simple"},"_links":{"self":[{"href":"https:\/\/soydeaqui.ddns.net\/pachuca\/index.php\/wp-json\/wp\/v2\/product\/97934","targetHints":{"allow":["GET"]}}],"collection":[{"href":"https:\/\/soydeaqui.ddns.net\/pachuca\/index.php\/wp-json\/wp\/v2\/product"}],"about":[{"href":"https:\/\/soydeaqui.ddns.net\/pachuca\/index.php\/wp-json\/wp\/v2\/types\/product"}],"replies":[{"embeddable":true,"href":"https:\/\/soydeaqui.ddns.net\/pachuca\/index.php\/wp-json\/wp\/v2\/comments?post=97934"}],"wp:featuredmedia":[{"embeddable":true,"href":"https:\/\/soydeaqui.ddns.net\/pachuca\/index.php\/wp-json\/wp\/v2\/media\/97933"}],"wp:attachment":[{"href":"https:\/\/soydeaqui.ddns.net\/pachuca\/index.php\/wp-json\/wp\/v2\/media?parent=97934"}],"wp:term":[{"taxonomy":"product_brand","embeddable":true,"href":"https:\/\/soydeaqui.ddns.net\/pachuca\/index.php\/wp-json\/wp\/v2\/product_brand?post=97934"},{"taxonomy":"product_cat","embeddable":true,"href":"https:\/\/soydeaqui.ddns.net\/pachuca\/index.php\/wp-json\/wp\/v2\/product_cat?post=97934"},{"taxonomy":"product_tag","embeddable":true,"href":"https:\/\/soydeaqui.ddns.net\/pachuca\/index.php\/wp-json\/wp\/v2\/product_tag?post=97934"}],"curies":[{"name":"wp","href":"https:\/\/api.w.org\/{rel}","templated":true}]}}