{"id":97917,"date":"2026-03-20T09:18:02","date_gmt":"2026-03-20T09:18:02","guid":{"rendered":"https:\/\/soydeaqui.ddns.net\/pachuca\/index.php\/producto\/bala-ip-4-megapixel-anpr-reconocimiento-y-captura-de-placas-vehiculares-para-trafico-de-alta-velocidad-3-carriles-darkfighter-wdr-140-db-ip67-ik10-lente-mot-8-a-32-mm-50-mts-ir-mi\/"},"modified":"2026-03-20T09:18:12","modified_gmt":"2026-03-20T09:18:12","slug":"bala-ip-4-megapixel-anpr-reconocimiento-y-captura-de-placas-vehiculares-para-trafico-de-alta-velocidad-3-carriles-darkfighter-wdr-140-db-ip67-ik10-lente-mot-8-a-32-mm-50-mts-ir-mi","status":"publish","type":"product","link":"https:\/\/soydeaqui.ddns.net\/pachuca\/index.php\/producto\/bala-ip-4-megapixel-anpr-reconocimiento-y-captura-de-placas-vehiculares-para-trafico-de-alta-velocidad-3-carriles-darkfighter-wdr-140-db-ip67-ik10-lente-mot-8-a-32-mm-50-mts-ir-mi\/","title":{"rendered":"Bala IP 4 Megapixel \/ ANPR \/ Reconocimiento y Captura de Placas Vehiculares para Trafico de Alta Velocidad \/ 3 Carriles \/ DARKFIGHTER \/ WDR 140 dB \/ IP67 \/ IK10 \/ Lente Mot. 8 a 32 mm \/ 50 mts IR \/ Micro SD"},"content":{"rendered":"<div style='width: 100%; max-width: 1200px; margin: 0 auto; font-family: sans-serif; line-height: 1.6; color: inherit; background-color: transparent;'>\n<p style='text-align: center; margin: 0; padding: 15px 0;'><img style='width: 100%; max-width: 400px; height: auto; border: 1px solid rgba(150&comma;150&comma;150&comma;0.3); border-radius: 8px;' src='https:\/\/ftp3.syscom.mx\/usuarios\/jsosa\/HIKVISION\/imagenes\/logo\/hikvision%20see%20far.png' alt='Logo Hikvision'><\/p>\n<div style='display: flex; flex-wrap: wrap; gap: 30px; margin-top: 30px;'>\n<div style='flex: 1 1 400px; min-width: 280px;'>\n<div style='border: 1px solid rgba(150&comma;150&comma;150&comma;0.4); border-radius: 8px; overflow: hidden; margin-bottom: 30px;'>\n<div style='padding: 15px; background-color: #df001e; border-bottom: 1px solid #a80000; font-weight: bold; font-size: 18px; color: white;'>Caracter\u00edsticas Principales:<\/div>\n<div style='padding: 15px;'>\n<ul style='padding-left: 20px; margin: 0; font-size: 14px; color: inherit;'>\n<li style='margin-bottom: 8px;'>Compresi\u00f3n de video: H.265 \/ H.264 \/ MJPEG (Main y Sub-stream).<\/li>\n<li style='margin-bottom: 8px;'>CMOS 1\/1.8&#8242; Scan Progresivo.<\/li>\n<li style='margin-bottom: 8px;'>Lente motorizado: 8 a 32 mm (Horizontal: 41.9\u00b0 a 15.1\u00b0&comma; Vertical: 22.9\u00b0 a 8.64\u00b0).<\/li>\n<li style='margin-bottom: 8px;'>50 mts IR (visi\u00f3n nocturna).<\/li>\n<li style='margin-bottom: 8px;'>Velocidad del shutter: 1\/25 s a 1\/100&comma;000 s&comma; soporta Slow Shutter.<\/li>\n<li style='margin-bottom: 8px;'>Iluminaci\u00f3n m\u00ednima: 0.0005Lux @(F1.2&comma;AGC ON) | 0.0001Lux B\/N.<\/li>\n<li style='margin-bottom: 8px;'>Resoluci\u00f3n m\u00e1xima: 60 Hz: 30 fps (2688 \u00d7 1520&comma; 1920 \u00d7 1080&comma; 1280 \u00d7 720&comma; 704 \u00d7 576&comma; 352 \u00d7 288).<\/li>\n<li style='margin-bottom: 8px;'>Funciones: WDR real 140 dB \/ BLC \/ HLC \/ 3D DNR.<\/li>\n<li style='margin-bottom: 8px;'>Soporta hasta 3 carriles de l\u00edneas para autom\u00f3viles.<\/li>\n<li style='margin-bottom: 8px;'>Rango de captura de matr\u00edculas: 5 a 120 km\/h. <strong>No mide velocidad.<\/strong><\/li>\n<li style='margin-bottom: 8px;'>Protocolos: ONVIF (PROFILE S&comma; PROFILE G&comma; PROFILE T&comma; PROFILE M)&comma; ISAPI&comma; SDK.<\/li>\n<\/ul><\/div>\n<\/p><\/div>\n<div style='border: 1px solid rgba(150&comma;150&comma;150&comma;0.4); border-radius: 8px; overflow: hidden; margin-bottom: 30px;'>\n<div style='padding: 15px; background-color: #df001e; border-bottom: 1px solid #a80000; font-weight: bold; font-size: 18px; color: white;'>Entradas y Salidas \/ Alarmas \/ Red \/ Almacenamiento:<\/div>\n<div style='padding: 15px;'>\n<ul style='padding-left: 20px; margin: 0; font-size: 14px; color: inherit;'>\n<li style='margin-bottom: 8px;'>Entradas de alarma: 1.<\/li>\n<li style='margin-bottom: 8px;'>Salidas de alarma: 1 (max. 24VDC\/24VAC&comma; 1 A).<\/li>\n<li style='margin-bottom: 8px;'>Rel\u00e9s: 2.<\/li>\n<li style='margin-bottom: 8px;'>Puerto de red: 1 RJ45 10\/100\/1000 Mbps (PoE+ 802.3at&comma; Type 2&comma; Class 4).<\/li>\n<li style='margin-bottom: 8px;'>RS-485: 1 interfaz.<\/li>\n<li style='margin-bottom: 8px;'>Soporta memoria micro SD\/SDHC\/SDXC hasta 512 GB (no incluida).<\/li>\n<\/ul><\/div>\n<\/p><\/div>\n<\/p><\/div>\n<div style='flex: 1 1 400px; min-width: 280px;'>\n<div style='border: 1px solid rgba(150&comma;150&comma;150&comma;0.4); border-radius: 8px; overflow: hidden; margin-bottom: 30px;'>\n<div style='padding: 15px; background-color: #df001e; border-bottom: 1px solid #a80000; font-weight: bold; font-size: 18px; color: white;'>Caracter\u00edsticas F\u00edsicas y El\u00e9ctricas:<\/div>\n<div style='padding: 15px;'>\n<ul style='padding-left: 20px; margin: 0; font-size: 14px; color: inherit;'>\n<li style='margin-bottom: 8px;'>Dimensiones: 428.5 x 120 x 132.8 mm.<\/li>\n<li style='margin-bottom: 8px;'>Consumo \/ alimentaci\u00f3n: 12 Vcc &#8211; 24 Vcc \/ 15 Watts (PoE+ 802.3at&comma; Type 2&comma; Class 4).<\/li>\n<li style='margin-bottom: 8px;'>Temperatura de operaci\u00f3n: -30\u00b0C a 70\u00b0C (95% de humedad).<\/li>\n<li style='margin-bottom: 8px;'>Protecci\u00f3n: IP67 (IEC 60529-2013).<\/li>\n<li style='margin-bottom: 8px;'>Antivand\u00e1lico: IK10 (IEC 62262:2002).<\/li>\n<li style='margin-bottom: 8px;'>Peso: 2.975 Kgs aproximadamente.<\/li>\n<\/ul><\/div>\n<\/p><\/div>\n<div style='border: 1px solid rgba(150&comma;150&comma;150&comma;0.4); border-radius: 8px; overflow: hidden; margin-bottom: 30px;'>\n<div style='padding: 15px; background-color: #df001e; border-bottom: 1px solid #a80000; font-weight: bold; font-size: 18px; color: white;'>Accesorios Compatibles:<\/div>\n<div style='padding: 15px;'>\n<ul style='padding-left: 20px; margin: 0; font-size: 14px; color: inherit;'>\n<li style='margin-bottom: 8px;'><strong>Montaje de Conexion <a style='color: #df001e; text-decoration: none;' href='https:\/\/www.syscom.mx\/producto\/DS-1232ZJ-T\/BJH-HIKVISION-232674.html' target='_blank' rel='noopener'>DS-1232ZJ-T\/BJH<\/a><\/strong><\/li>\n<li style='margin-bottom: 8px;'><strong>Montaje de Poste Vertical <a style='color: #df001e; text-decoration: none;' href='https:\/\/www.syscom.mx\/producto\/DS-1275ZJ-BJH\/600MM-HIKVISION-185558.html' target='_blank' rel='noopener'>DS-1275ZJ-BJH\/600MM<\/a><\/strong><\/li>\n<\/ul><\/div>\n<\/p><\/div>\n<\/p><\/div>\n<\/p><\/div>\n<div style='margin-top: 30px;'>\n<div style='border: 1px solid rgba(150&comma;150&comma;150&comma;0.4); border-radius: 8px; overflow: hidden;'>\n<div style='padding: 15px; background-color: #df001e; border-bottom: 1px solid #a80000; font-weight: bold; font-size: 18px; color: white;'>Consideraciones:<\/div>\n<div style='padding: 15px;'>\n<ul style='padding-left: 20px; margin: 0; font-size: 14px; color: inherit;'>\n<li>Se recomienda el uso de NVR de las series NI-I&comma; NXI&comma; NI-M&comma; NXI-K o NXI-M para poder obtener el mayor desempe\u00f1o con la soluci\u00f3n de lectura de placas.<\/li>\n<\/ul><\/div>\n<\/p><\/div>\n<\/p><\/div>\n<div style='margin-top: 30px;'> <img style='width: 100%; height: auto; border: 1px solid rgba(150&comma;150&comma;150&comma;0.3); border-radius: 8px;' src='https:\/\/ftp3.syscom.mx\/usuarios\/fcarrillo\/Hikvision\/Imagenes\/solution-banner-2021.png' alt='Banner Soluci\u00f3n Hikvision'> <\/div>\n<\/p><\/div>\n","protected":false},"excerpt":{"rendered":"<p>Bala IP 4 Megapixel \/ ANPR \/ Reconocimiento y Captura de Placas Vehiculares para Trafico de Alta Velocidad \/ 3 Carriles \/ DARKFIGHTER \/ WDR 140 dB \/ IP67 \/ IK10 \/ Lente Mot. 8 a 32 mm \/ 50 mts IR \/ Micro SD<\/p>\n","protected":false},"featured_media":97916,"comment_status":"open","ping_status":"closed","template":"","meta":[],"product_brand":[],"product_cat":[438],"product_tag":[439,122,54],"class_list":{"0":"post-97917","1":"product","2":"type-product","3":"status-publish","4":"has-post-thumbnail","6":"product_cat-bala","7":"product_tag-bala","8":"product_tag-camaras-ip-y-nvrs","9":"product_tag-hikvision","11":"first","12":"instock","13":"sale","14":"shipping-taxable","15":"purchasable","16":"product-type-simple"},"_links":{"self":[{"href":"https:\/\/soydeaqui.ddns.net\/pachuca\/index.php\/wp-json\/wp\/v2\/product\/97917","targetHints":{"allow":["GET"]}}],"collection":[{"href":"https:\/\/soydeaqui.ddns.net\/pachuca\/index.php\/wp-json\/wp\/v2\/product"}],"about":[{"href":"https:\/\/soydeaqui.ddns.net\/pachuca\/index.php\/wp-json\/wp\/v2\/types\/product"}],"replies":[{"embeddable":true,"href":"https:\/\/soydeaqui.ddns.net\/pachuca\/index.php\/wp-json\/wp\/v2\/comments?post=97917"}],"wp:featuredmedia":[{"embeddable":true,"href":"https:\/\/soydeaqui.ddns.net\/pachuca\/index.php\/wp-json\/wp\/v2\/media\/97916"}],"wp:attachment":[{"href":"https:\/\/soydeaqui.ddns.net\/pachuca\/index.php\/wp-json\/wp\/v2\/media?parent=97917"}],"wp:term":[{"taxonomy":"product_brand","embeddable":true,"href":"https:\/\/soydeaqui.ddns.net\/pachuca\/index.php\/wp-json\/wp\/v2\/product_brand?post=97917"},{"taxonomy":"product_cat","embeddable":true,"href":"https:\/\/soydeaqui.ddns.net\/pachuca\/index.php\/wp-json\/wp\/v2\/product_cat?post=97917"},{"taxonomy":"product_tag","embeddable":true,"href":"https:\/\/soydeaqui.ddns.net\/pachuca\/index.php\/wp-json\/wp\/v2\/product_tag?post=97917"}],"curies":[{"name":"wp","href":"https:\/\/api.w.org\/{rel}","templated":true}]}}