{"id":97737,"date":"2026-03-20T09:09:41","date_gmt":"2026-03-20T09:09:41","guid":{"rendered":"https:\/\/soydeaqui.ddns.net\/pachuca\/index.php\/producto\/camara-ip-multisensor-16mp-4-sensores-de-4mp-wdr-120db-lente-motorizado-3-3-5-7mm-inteligencia-artificial-poe-ip66-nema-4x-ik10-microsd-ir-15m-ndaa\/"},"modified":"2026-03-20T09:09:50","modified_gmt":"2026-03-20T09:09:50","slug":"camara-ip-multisensor-16mp-4-sensores-de-4mp-wdr-120db-lente-motorizado-3-3-5-7mm-inteligencia-artificial-poe-ip66-nema-4x-ik10-microsd-ir-15m-ndaa","status":"publish","type":"product","link":"https:\/\/soydeaqui.ddns.net\/pachuca\/index.php\/producto\/camara-ip-multisensor-16mp-4-sensores-de-4mp-wdr-120db-lente-motorizado-3-3-5-7mm-inteligencia-artificial-poe-ip66-nema-4x-ik10-microsd-ir-15m-ndaa\/","title":{"rendered":"Camara IP Multisensor 16MP (4 Sensores de 4MP)\/ WDR 120DB\/ Lente Motorizado 3.3 &#8211; 5.7MM\/ Inteligencia Artificial\/ POE+\/ IP66\/ NEMA 4X\/ IK10\/ MICROSD\/ IR 15M\/ NDAA"},"content":{"rendered":"<div style='width: 100%; max-width: 1200px; margin: 0 auto; font-family: sans-serif; line-height: 1.6; color: inherit; background-color: transparent;'>\n<div style='display: flex; flex-direction: column; gap: 30px;'> <!-- Secci\u00f3n intro --> <\/p>\n<div style='width: 100%;'> <img style='width: 100%; height: auto; border: 1px solid rgba(150&comma;150&comma;150&comma;0.3); border-radius: 8px;' src='https:\/\/ftp3.syscom.mx\/usuarios\/ftp\/single_page\/hanwha\/wisenet_p\/header-wisenet.jpg' alt=''> <\/p>\n<div style='padding: 20px; border: 1px solid rgba(150&comma;150&comma;150&comma;0.3); border-radius: 8px; margin-top: 20px; background-color: rgba(255&comma;255&comma;255&comma;0.02);'>\n<h3 style='font-size: 22px; border-bottom: 2px solid currentColor; padding-bottom: 5px; margin-top: 0; color: inherit; opacity: 0.8;'>Cubra grandes \u00e1reas con una sola c\u00e1mara<\/h3>\n<p>Las c\u00e1maras de serie Wisenet P est\u00e1n equipadas con m\u00faltiples sensores&comma; lo que significa una cobertura efectiva de grandes \u00e1reas con una sola c\u00e1mara.<\/p>\n<ul style='padding-left: 20px; font-size: 15px; color: inherit;'>\n<li style='margin-bottom: 5px;'>Estos dispositivos pueden monitorear simult\u00e1neamente m\u00faltiples direcciones sin puntos ciegos. Cuando se combinan con una c\u00e1mara PTZ provee un gran detalle de la imagen deseada a trav\u00e9s de su efectiva funci\u00f3n de zoom-in.<\/li>\n<li style='margin-bottom: 5px;'>Las c\u00e1maras panor\u00e1micas proveen una amplia imagen con un solo dispositivo al unificar 4 im\u00e1genes de los sensores disponibles.<\/li>\n<\/ul>\n<p>Al instalar c\u00e1maras multisensor Wisenet&comma; el costo de la instalaci\u00f3n y mantenimiento del sistema se reduce mientras monitoreamos grandes \u00e1reas con menos dispositivos.<\/p>\n<\/p><\/div>\n<\/p><\/div>\n<p> <!-- Secci\u00f3n features --> <\/p>\n<div style='display: grid; grid-template-columns: repeat(auto-fill&comma; minmax(280px&comma; 1fr)); gap: 20px;'>\n<div style='border: 1px solid rgba(150&comma;150&comma;150&comma;0.4); border-radius: 8px; padding: 15px; background-color: rgba(255&comma;255&comma;255&comma;0.02);'>\n<h3 style='font-size: 18px; margin-top: 0; margin-bottom: 15px; color: #f37934; font-weight: bold;'>H.265 + WiseStream II<\/h3>\n<p style='font-size: 15px; color: inherit;'>Mediante WiseStream II&comma; la tecnolog\u00eda de compresi\u00f3n de v\u00eddeo de Hanwha Techwin&comma; la serie Wisenet X <span style='color: #f37934;'>reduce el almacenamiento de datos hasta un <strong>99%<\/strong><\/span> en comparaci\u00f3n con la actual tecnolog\u00eda H.264&comma; cuando se combina con la compresi\u00f3n H.265. Los costes del sistema se reducen enormemente sin comprometer la calidad de las im\u00e1genes.<\/p>\n<p> <img style='width: 100%; height: auto; border: 1px solid rgba(150&comma;150&comma;150&comma;0.3); border-radius: 8px; margin-top: 15px;' src='https:\/\/ftp3.syscom.mx\/usuarios\/imendez\/Hanwha\/Serie%20X\/GIF\/WiseStream.gif' alt=''> <\/div>\n<div style='border: 1px solid rgba(150&comma;150&comma;150&comma;0.4); border-radius: 8px; padding: 15px; background-color: rgba(255&comma;255&comma;255&comma;0.02);'>\n<h3 style='font-size: 18px; margin-top: 0; margin-bottom: 15px; color: #f37934; font-weight: bold;'>WDR 150 dB<\/h3>\n<p style='font-size: 15px; color: inherit;'>Una imagen de amplio rango din\u00e1mico se forma combinando 2 capturas con distintas exposiciones. La serie Wisenet X con un amplio rango din\u00e1mico de <span style='color: #f37934;'>150 dB<\/span> utiliza 4 capturas para crear im\u00e1genes m\u00e1s naturales. Las zonas borrosas son un punto d\u00e9bil cr\u00edtico asociado al amplio rango din\u00e1mico&comma; pero esta nueva tecnolog\u00eda elimina todo tipo de movimientos&comma; proporcionando im\u00e1genes vistosas y claras.<\/p>\n<p style='font-size: 14px; color: inherit; margin-top: 10px;'><em>* Las c\u00e1maras de la serie Wisenet X de 5MP tienen 120dB.<\/em><\/p>\n<p> <img style='width: 100%; height: auto; border: 1px solid rgba(150&comma;150&comma;150&comma;0.3); border-radius: 8px; margin-top: 15px;' src='https:\/\/ftp3.syscom.mx\/usuarios\/imendez\/Hanwha\/Serie%20X\/GIF\/WDR%20150dB%20GIF.gif' alt=''> <\/div>\n<div style='border: 1px solid rgba(150&comma;150&comma;150&comma;0.4); border-radius: 8px; padding: 15px; background-color: rgba(255&comma;255&comma;255&comma;0.02);'>\n<h3 style='font-size: 18px; margin-top: 0; margin-bottom: 15px; color: #f37934; font-weight: bold;'>Iluminaci\u00f3n a Color<\/h3>\n<p> <img style='width: 100%; height: auto; border: 1px solid rgba(150&comma;150&comma;150&comma;0.3); border-radius: 8px; margin-bottom: 15px;' src='https:\/\/ftp3.syscom.mx\/usuarios\/imendez\/Hanwha\/Serie%20X\/GIF\/Luz%20GIF.gif' alt=''> <\/p>\n<p style='font-size: 15px; color: inherit;'>Con el potente nuevo chipset de la serie Wisenet y la asombrosa tecnolog\u00eda de lentes de Hanwha Techwin&comma; se pueden supervisar im\u00e1genes en entornos de poca luz&comma; incluso en color sin utilizar LED IR. Ahora se pueden capturar im\u00e1genes vistosas con independencia de la zona y de la hora del d\u00eda.<\/p>\n<\/p><\/div>\n<\/p><\/div>\n<p> <!-- Secci\u00f3n de especificaciones --> <\/p>\n<div style='display: grid; grid-template-columns: repeat(auto-fill&comma; minmax(280px&comma; 1fr)); gap: 20px;'>\n<div style='border: 1px solid rgba(150&comma;150&comma;150&comma;0.4); border-radius: 8px; overflow: hidden;'>\n<div style='padding: 15px; border-bottom: 1px solid rgba(150&comma;150&comma;150&comma;0.2); font-weight: bold; font-size: 18px; color: inherit; background-color: rgba(255&comma;255&comma;255&comma;0.03);'>Compresi\u00f3n de video y resoluci\u00f3n m\u00e1xima<\/div>\n<div style='padding: 15px; color: inherit;'>\n<ul style='padding-left: 20px; margin: 0; font-size: 14px; list-style-type: disc;'>\n<li style='margin-bottom: 5px;'>Compresi\u00f3n: H.265 \/ H.264 \/ MJPEG \/ Wisestream II<\/li>\n<li style='margin-bottom: 5px;'>4 Lentes 4MP (2592 x 1520) de resoluci\u00f3n (M\u00e1x. 16MP)<\/li>\n<li style='margin-bottom: 5px;'>4 lentes varifocales motorizadas de 3.3 a 5.7 mm (1.7x)<\/li>\n<li style='margin-bottom: 5px;'>4 x M\u00e1x. 30 ips a 4 MP<\/li>\n<li style='margin-bottom: 5px;'>Estabilizaci\u00f3n digital de imagen con sensor girosc\u00f3pico integrado<\/li>\n<li style='margin-bottom: 5px;'>D\u00eda\/Noche (ICR)<\/li>\n<li style='margin-bottom: 5px;'>WDR (120 dB)<\/li>\n<li style='margin-bottom: 5px;'>Iluminacion infraroja 15m.<\/li>\n<li style='margin-bottom: 5px;'>Memoria RAM: 8 GB<\/li>\n<li style='margin-bottom: 5px;'>Memoria Flash: 1GB<\/li>\n<li style='margin-bottom: 5px;'>ONVIF: Profile S&comma; SUNAPI<\/li>\n<\/ul><\/div>\n<\/p><\/div>\n<div style='border: 1px solid rgba(150&comma;150&comma;150&comma;0.4); border-radius: 8px; overflow: hidden;'>\n<div style='padding: 15px; border-bottom: 1px solid rgba(150&comma;150&comma;150&comma;0.2); font-weight: bold; font-size: 18px; color: inherit; background-color: rgba(255&comma;255&comma;255&comma;0.03);'>Interfaces<\/div>\n<div style='padding: 15px; color: inherit;'>\n<ul style='padding-left: 20px; margin: 0; font-size: 14px; list-style-type: disc;'>\n<li style='margin-bottom: 5px;'>Red: 1 puerto RJ45 10 \/ 100 \/ 1000 Mbps.<\/li>\n<li style='margin-bottom: 5px;'>Entrada y salida de audio.<\/li>\n<li style='margin-bottom: 5px;'>Ranura para tarjeta de memoria Micro SD \/ SDHC \/ SDXC<\/li>\n<li style='margin-bottom: 5px;'>Soporta hasta 2 tarjetas MicroSD de 512GB C\/U.<\/li>\n<li style='margin-bottom: 5px;'>Compatible con entrada y salida de alarma (opcional SPM-4210 I\/O box necesario para esta funcion).<\/li>\n<\/ul><\/div>\n<\/p><\/div>\n<div style='border: 1px solid rgba(150&comma;150&comma;150&comma;0.4); border-radius: 8px; overflow: hidden;'>\n<div style='padding: 15px; border-bottom: 1px solid rgba(150&comma;150&comma;150&comma;0.2); font-weight: bold; font-size: 18px; color: inherit; background-color: rgba(255&comma;255&comma;255&comma;0.03);'>Video Anal\u00edticos Avanzados basados en Inteligencia artificial<\/div>\n<div style='padding: 15px; color: inherit;'>\n<ul style='padding-left: 20px; margin: 0; font-size: 14px; list-style-type: disc;'>\n<li style='margin-bottom: 5px;'>Deteccion de manipulaci\u00f3n.<\/li>\n<li style='margin-bottom: 5px;'>Deteccion de desenfoque.<\/li>\n<li style='margin-bottom: 5px;'>Merodeo.<\/li>\n<li style='margin-bottom: 5px;'>Detecci\u00f3n de direcci\u00f3n<\/li>\n<li style='margin-bottom: 5px;'>Cruce de l\u00ednea virtual<\/li>\n<li style='margin-bottom: 5px;'>Entrada \/ Salida.<\/li>\n<li style='margin-bottom: 5px;'>Aparici\u00f3n \/ Desaparici\u00f3n.<\/li>\n<li style='margin-bottom: 5px;'>Detecci\u00f3n de objetos<\/li>\n<li style='margin-bottom: 5px;'>Detecci\u00f3n de intrusion de area virtual<\/li>\n<li style='margin-bottom: 5px;'>Detecci\u00f3n de entrada y salida de area virtual<\/li>\n<li style='margin-bottom: 5px;'>Clasificaci\u00f3n de Sonido.<\/li>\n<li style='margin-bottom: 5px;'>Detecci\u00f3n de Audio.<\/li>\n<\/ul><\/div>\n<\/p><\/div>\n<div style='border: 1px solid rgba(150&comma;150&comma;150&comma;0.4); border-radius: 8px; overflow: hidden;'>\n<div style='padding: 15px; border-bottom: 1px solid rgba(150&comma;150&comma;150&comma;0.2); font-weight: bold; font-size: 18px; color: inherit; background-color: rgba(255&comma;255&comma;255&comma;0.03);'>Caracter\u00edsticas f\u00edsicas y el\u00e9ctricas<\/div>\n<div style='padding: 15px; color: inherit;'>\n<ul style='padding-left: 20px; margin: 0; font-size: 14px; list-style-type: disc;'>\n<li style='margin-bottom: 5px;'>Temperatura de operaci\u00f3n: -40 a 55 \u00b0C<\/li>\n<li style='margin-bottom: 5px;'>Alimentacion: PoE+ 802.3at tipo 2&comma; Clase 4&comma; 25.5W<\/li>\n<li style='margin-bottom: 5px;'>Protecci\u00f3n: IP66&comma; IK10&comma; NEMA4X<\/li>\n<li style='margin-bottom: 5px;'>Dimensiones: \u00d8 250 x 114.2mm.<\/li>\n<li style='margin-bottom: 5px;'>Peso: 2.73 kg.<\/li>\n<\/ul><\/div>\n<\/p><\/div>\n<\/p><\/div>\n<p> <!-- Secci\u00f3n de videos --> <\/p>\n<div style='display: grid; grid-template-columns: repeat(auto-fill&comma; minmax(280px&comma; 1fr)); gap: 20px;'>\n<div style='border: 1px solid rgba(150&comma;150&comma;150&comma;0.4); border-radius: 8px; overflow: hidden;'>\n<div style='position: relative; padding-bottom: 56.25%; height: 0; overflow: hidden;'>   <\/div>\n<div style='padding: 15px; background-color: rgba(255&comma;255&comma;255&comma;0.03); font-weight: bold; color: #f37934;'> Demostraci\u00f3n H.265 &#038; WiseStream II <\/div>\n<\/p><\/div>\n<div style='border: 1px solid rgba(150&comma;150&comma;150&comma;0.4); border-radius: 8px; overflow: hidden;'>\n<div style='position: relative; padding-bottom: 56.25%; height: 0; overflow: hidden;'>   <\/div>\n<div style='padding: 15px; background-color: rgba(255&comma;255&comma;255&comma;0.03); font-weight: bold; color: #f37934;'> Demostraci\u00f3n Detecci\u00f3n de Rostros <\/div>\n<\/p><\/div>\n<div style='border: 1px solid rgba(150&comma;150&comma;150&comma;0.4); border-radius: 8px; overflow: hidden;'>\n<div style='position: relative; padding-bottom: 56.25%; height: 0; overflow: hidden;'>   <\/div>\n<div style='padding: 15px; background-color: rgba(255&comma;255&comma;255&comma;0.03); font-weight: bold; color: #f37934;'> Demostraci\u00f3n Funci\u00f3n Handover <\/div>\n<\/p><\/div>\n<div style='border: 1px solid rgba(150&comma;150&comma;150&comma;0.4); border-radius: 8px; overflow: hidden;'>\n<div style='position: relative; padding-bottom: 56.25%; height: 0; overflow: hidden;'>   <\/div>\n<div style='padding: 15px; background-color: rgba(255&comma;255&comma;255&comma;0.03); font-weight: bold; color: #f37934;'> Demostraci\u00f3n WDR 150dB <\/div>\n<\/p><\/div>\n<div style='border: 1px solid rgba(150&comma;150&comma;150&comma;0.4); border-radius: 8px; overflow: hidden;'>\n<div style='position: relative; padding-bottom: 56.25%; height: 0; overflow: hidden;'>   <\/div>\n<div style='padding: 15px; background-color: rgba(255&comma;255&comma;255&comma;0.03); font-weight: bold; color: #f37934;'> Demostraci\u00f3n Anal\u00edticos de Audio <\/div>\n<\/p><\/div>\n<div style='border: 1px solid rgba(150&comma;150&comma;150&comma;0.4); border-radius: 8px; overflow: hidden;'>\n<div style='position: relative; padding-bottom: 56.25%; height: 0; overflow: hidden;'>   <\/div>\n<div style='padding: 15px; background-color: rgba(255&comma;255&comma;255&comma;0.03); font-weight: bold; color: #f37934;'> Demostraci\u00f3n Auto-Seguimiento Digital <\/div>\n<\/p><\/div>\n<\/p><\/div>\n<p> <!-- Secci\u00f3n de enlace --> <\/p>\n<div style='text-align: center; margin-top: 30px;'> <a href='https:\/\/hanwhavisionamerica.com\/product\/pnm-c16083rvq\/' style='color: #f37934; text-decoration: none; font-weight: bold; font-size: 16px;'> Para m\u00e1s informaci\u00f3n sobre caracter\u00edsticas t\u00e9cnicas <\/a> <\/div>\n<\/p><\/div>\n<\/p><\/div>\n","protected":false},"excerpt":{"rendered":"<p>Camara IP Multisensor 16MP (4 Sensores de 4MP)\/ WDR 120DB\/ Lente Motorizado 3.3 &#8211; 5.7MM\/ Inteligencia Artificial\/ POE+\/ IP66\/ NEMA 4X\/ IK10\/ MICROSD\/ IR 15M\/ NDAA<\/p>\n","protected":false},"featured_media":97736,"comment_status":"open","ping_status":"closed","template":"","meta":[],"product_brand":[],"product_cat":[2248],"product_tag":[122,2249,1055],"class_list":{"0":"post-97737","1":"product","2":"type-product","3":"status-publish","4":"has-post-thumbnail","6":"product_cat-fisheye-y-hemisfericas","7":"product_tag-camaras-ip-y-nvrs","8":"product_tag-fisheye-y-hemisfericas","9":"product_tag-hanwha-vision","11":"first","12":"instock","13":"sale","14":"shipping-taxable","15":"purchasable","16":"product-type-simple"},"_links":{"self":[{"href":"https:\/\/soydeaqui.ddns.net\/pachuca\/index.php\/wp-json\/wp\/v2\/product\/97737","targetHints":{"allow":["GET"]}}],"collection":[{"href":"https:\/\/soydeaqui.ddns.net\/pachuca\/index.php\/wp-json\/wp\/v2\/product"}],"about":[{"href":"https:\/\/soydeaqui.ddns.net\/pachuca\/index.php\/wp-json\/wp\/v2\/types\/product"}],"replies":[{"embeddable":true,"href":"https:\/\/soydeaqui.ddns.net\/pachuca\/index.php\/wp-json\/wp\/v2\/comments?post=97737"}],"wp:featuredmedia":[{"embeddable":true,"href":"https:\/\/soydeaqui.ddns.net\/pachuca\/index.php\/wp-json\/wp\/v2\/media\/97736"}],"wp:attachment":[{"href":"https:\/\/soydeaqui.ddns.net\/pachuca\/index.php\/wp-json\/wp\/v2\/media?parent=97737"}],"wp:term":[{"taxonomy":"product_brand","embeddable":true,"href":"https:\/\/soydeaqui.ddns.net\/pachuca\/index.php\/wp-json\/wp\/v2\/product_brand?post=97737"},{"taxonomy":"product_cat","embeddable":true,"href":"https:\/\/soydeaqui.ddns.net\/pachuca\/index.php\/wp-json\/wp\/v2\/product_cat?post=97737"},{"taxonomy":"product_tag","embeddable":true,"href":"https:\/\/soydeaqui.ddns.net\/pachuca\/index.php\/wp-json\/wp\/v2\/product_tag?post=97737"}],"curies":[{"name":"wp","href":"https:\/\/api.w.org\/{rel}","templated":true}]}}