{"id":97713,"date":"2026-03-20T09:08:35","date_gmt":"2026-03-20T09:08:35","guid":{"rendered":"https:\/\/soydeaqui.ddns.net\/pachuca\/index.php\/producto\/medidor-de-flujo-de-agua-para-tuberia-de-6-pulgadas-contador-de-pulsos-modbus\/"},"modified":"2026-03-20T09:08:36","modified_gmt":"2026-03-20T09:08:36","slug":"medidor-de-flujo-de-agua-para-tuberia-de-6-pulgadas-contador-de-pulsos-modbus","status":"publish","type":"product","link":"https:\/\/soydeaqui.ddns.net\/pachuca\/index.php\/producto\/medidor-de-flujo-de-agua-para-tuberia-de-6-pulgadas-contador-de-pulsos-modbus\/","title":{"rendered":"Medidor de flujo de agua para tuber\u00eda de 6 pulgadas (Contador de pulsos, Modbus)"},"content":{"rendered":"<div style='width: 100%; max-width: 1200px; margin: 0 auto; font-family: sans-serif; line-height: 1.6; color: inherit; background-color: transparent;'> <!-- Secci\u00f3n de descripci\u00f3n principal --> <\/p>\n<div style='margin-bottom: 30px;'>\n<h2 style='font-size: 24px; border-bottom: 2px solid currentColor; padding-bottom: 8px; margin-top: 0; color: inherit; opacity: 0.9;'>Medidor Ultras\u00f3nico Ultra-TT150<\/h2>\n<p style='font-size: 15px; margin-top: 15px; color: inherit;'> Medidor digital de tipo ultras\u00f3nico tiempo en tr\u00e1nsito para medir agua limpia y\/o potable. Fabricado totalmente en pl\u00e1stico y registro electr\u00f3nico&comma; clase metrol\u00f3gica D (R400&comma; R800 opcional). Producido bajo el est\u00e1ndar ISO 4064&comma; el medidor cuenta con preparaci\u00f3n de lectura remota y data logger. <\/p>\n<\/p><\/div>\n<p> <!-- Secci\u00f3n de informaci\u00f3n t\u00e9cnica --> <\/p>\n<div style='display: flex; flex-wrap: wrap; gap: 30px; margin-bottom: 30px;'>\n<div style='flex: 1 1 300px; min-width: 280px;'>\n<h3 style='font-size: 20px; border-bottom: 2px solid currentColor; padding-bottom: 5px; margin-top: 0; color: inherit; opacity: 0.8;'>Informaci\u00f3n T\u00e9cnica<\/h3>\n<ul style='padding-left: 20px; font-size: 14px; color: inherit;'>\n<li style='margin-bottom: 8px;'>Medidor de Flujo con Tecnolog\u00eda Ultras\u00f3nica Bridado Modelo Ultra-TT<\/li>\n<li style='margin-bottom: 8px;'>Medidor para agua potable tipo ultras\u00f3nico de tiempo en tr\u00e1nsito<\/li>\n<li style='margin-bottom: 8px;'>Clase metrol\u00f3gica 2 (ISO 4064)&comma; rango din\u00e1mico R500<\/li>\n<li style='margin-bottom: 8px;'>Instalaci\u00f3n en cualquier posici\u00f3n<\/li>\n<li style='margin-bottom: 8px;'>Cuerpo de hierro nodular<\/li>\n<li style='margin-bottom: 8px;'>Display digital con lectura de totalizador y flujo instant\u00e1neo<\/li>\n<li style='margin-bottom: 8px;'>Pre-equipado para lectura remota<\/li>\n<li style='margin-bottom: 8px;'>Extremos bridados ANSI clase 150<\/li>\n<\/ul><\/div>\n<p> <!-- Caracter\u00edsticas t\u00e9cnicas --> <\/p>\n<div style='flex: 1 1 300px; min-width: 280px;'>\n<h3 style='font-size: 20px; border-bottom: 2px solid currentColor; padding-bottom: 5px; margin-top: 0; color: inherit; opacity: 0.8;'>Caracter\u00edsticas T\u00e9cnicas<\/h3>\n<ul style='padding-left: 20px; font-size: 14px; color: inherit;'>\n<li style='margin-bottom: 6px;'><strong style='color: inherit;'>Alimentaci\u00f3n:<\/strong> Bater\u00eda de litio 3.6 V (opcional 220 VAC \/ 24 VDC)<\/li>\n<li style='margin-bottom: 6px;'><strong style='color: inherit;'>Salidas:<\/strong> Pulsos&comma; 4-20 mA*&comma; RS485 Modbus*&comma; Mbus*&comma; Bacnet*&comma; NB-IoT*<\/li>\n<li style='margin-bottom: 6px;'><strong style='color: inherit;'>Exactitud:<\/strong> Clase 2 (Opcional clase 1)<\/li>\n<li style='margin-bottom: 6px;'><strong style='color: inherit;'>Rango din\u00e1mico (Q3\/Q1):<\/strong> R500<\/li>\n<li style='margin-bottom: 6px;'><strong style='color: inherit;'>Lectura m\u00e1xima:<\/strong> m\u00b3 DN50-DN100: 9999999.99999 DN125-DN1000: 99999999.99999<\/li>\n<li style='margin-bottom: 6px;'><strong style='color: inherit;'>Clase de temperatura:<\/strong> T50<\/li>\n<li style='margin-bottom: 6px;'><strong style='color: inherit;'>Registro de datos:<\/strong> D\u00eda\/mes\/a\u00f1o<\/li>\n<li style='margin-bottom: 6px;'><strong style='color: inherit;'>Direcci\u00f3n de flujo:<\/strong> Bidireccional<\/li>\n<li style='margin-bottom: 6px;'><strong style='color: inherit;'>Protecci\u00f3n:<\/strong> IP68<\/li>\n<li style='margin-bottom: 6px;'><strong style='color: inherit;'>Duraci\u00f3n de bater\u00eda:<\/strong> 12 a\u00f1os (Opcional 15 a\u00f1os)<\/li>\n<li style='margin-bottom: 6px;'><strong style='color: inherit;'>Instalaci\u00f3n:<\/strong> U3\/D0<\/li>\n<li style='margin-bottom: 6px;'><strong style='color: inherit;'>Material del sensor:<\/strong> Acero inoxidable<\/li>\n<li style='margin-bottom: 6px;'><strong style='color: inherit;'>Sensor de presi\u00f3n:<\/strong> Integrado (opcional)<\/li>\n<li style='margin-bottom: 6px;'><strong style='color: inherit;'>Interfaz de programaci\u00f3n:<\/strong> Cable \u00f3ptico<\/li>\n<li style='margin-bottom: 6px;'><strong style='color: inherit;'>Alarmas:<\/strong> Tubo vac\u00edo&comma; bater\u00eda&comma; temp. baja&comma; etc.<\/li>\n<li style='margin-bottom: 6px;'><strong style='color: inherit;'>P\u00e9rdida de presi\u00f3n:<\/strong> \u0394p25<\/li>\n<\/ul><\/div>\n<\/p><\/div>\n<p> <!-- Secci\u00f3n de aplicaciones --> <\/p>\n<div style='margin-bottom: 30px;'>\n<h3 style='font-size: 20px; border-bottom: 2px solid currentColor; padding-bottom: 5px; margin-top: 0; color: inherit; opacity: 0.8;'>Aplicaciones<\/h3>\n<ul style='padding-left: 20px; font-size: 14px; color: inherit;'>\n<li style='margin-bottom: 6px;'>Comercial: Medici\u00f3n de agua potable fr\u00eda<\/li>\n<li style='margin-bottom: 6px;'>Detecta flujos muy bajos&comma; lo que permite tener una lectura m\u00e1s precisa<\/li>\n<li style='margin-bottom: 6px;'>Municipal: Medici\u00f3n de flujo para redes de distribuci\u00f3n<\/li>\n<li style='margin-bottom: 6px;'>Industrial: Medici\u00f3n y control de agua limpia en sistemas de tuber\u00edas.<\/li>\n<li style='margin-bottom: 6px;'>Medici\u00f3n de agua limpia en l\u00edneas de proceso. Con excelente precisi\u00f3n y confiabilidad<\/li>\n<\/ul><\/div>\n<p> <!-- Secci\u00f3n de especificaciones --> <\/p>\n<div style='margin-bottom: 30px;'>\n<h3 style='font-size: 20px; border-bottom: 2px solid currentColor; padding-bottom: 5px; margin-top: 0; color: inherit; opacity: 0.8;'>Especificaciones<\/h3>\n<ul style='padding-left: 20px; font-size: 14px; color: inherit;'>\n<li style='margin-bottom: 6px;'>Medida de rosca: para tuber\u00eda de 6&#8242;<\/li>\n<li style='margin-bottom: 6px;'>Tipo de Medidor: Ultras\u00f3nico<\/li>\n<li style='margin-bottom: 6px;'>Clase Metrol\u00f3gica: Clase D (R400&comma; R800 opcional)<\/li>\n<li style='margin-bottom: 6px;'>Precisi\u00f3n: \u00b11%<\/li>\n<li style='margin-bottom: 6px;'>Unidad de Medici\u00f3n: m\u00b3<\/li>\n<li style='margin-bottom: 6px;'>Tipo de Conexi\u00f3n a Proceso Rosca: NPT<\/li>\n<li style='margin-bottom: 6px;'>Salida Remota: Radio frecuencia<\/li>\n<li style='margin-bottom: 6px;'>Normatividad: ISO-4064<\/li>\n<\/ul><\/div>\n<p> <!-- Separador final --> <\/p>\n<hr style='border: 0; border-top: 1px solid rgba(150&comma; 150&comma; 150&comma; 0.3); margin: 30px 0;'> <\/div>\n","protected":false},"excerpt":{"rendered":"<p>Medidor de flujo de agua para tuber\u00eda de 6 pulgadas (Contador de pulsos, Modbus)<\/p>\n","protected":false},"featured_media":32,"comment_status":"open","ping_status":"closed","template":"","meta":[],"product_brand":[],"product_cat":[1049],"product_tag":[122,158,1050],"class_list":{"0":"post-97713","1":"product","2":"type-product","3":"status-publish","4":"has-post-thumbnail","6":"product_cat-termicas","7":"product_tag-camaras-ip-y-nvrs","8":"product_tag-hikmicro","9":"product_tag-termicas","11":"first","12":"outofstock","13":"sale","14":"shipping-taxable","15":"purchasable","16":"product-type-simple"},"_links":{"self":[{"href":"https:\/\/soydeaqui.ddns.net\/pachuca\/index.php\/wp-json\/wp\/v2\/product\/97713","targetHints":{"allow":["GET"]}}],"collection":[{"href":"https:\/\/soydeaqui.ddns.net\/pachuca\/index.php\/wp-json\/wp\/v2\/product"}],"about":[{"href":"https:\/\/soydeaqui.ddns.net\/pachuca\/index.php\/wp-json\/wp\/v2\/types\/product"}],"replies":[{"embeddable":true,"href":"https:\/\/soydeaqui.ddns.net\/pachuca\/index.php\/wp-json\/wp\/v2\/comments?post=97713"}],"wp:featuredmedia":[{"embeddable":true,"href":"https:\/\/soydeaqui.ddns.net\/pachuca\/index.php\/wp-json\/wp\/v2\/media\/32"}],"wp:attachment":[{"href":"https:\/\/soydeaqui.ddns.net\/pachuca\/index.php\/wp-json\/wp\/v2\/media?parent=97713"}],"wp:term":[{"taxonomy":"product_brand","embeddable":true,"href":"https:\/\/soydeaqui.ddns.net\/pachuca\/index.php\/wp-json\/wp\/v2\/product_brand?post=97713"},{"taxonomy":"product_cat","embeddable":true,"href":"https:\/\/soydeaqui.ddns.net\/pachuca\/index.php\/wp-json\/wp\/v2\/product_cat?post=97713"},{"taxonomy":"product_tag","embeddable":true,"href":"https:\/\/soydeaqui.ddns.net\/pachuca\/index.php\/wp-json\/wp\/v2\/product_tag?post=97713"}],"curies":[{"name":"wp","href":"https:\/\/api.w.org\/{rel}","templated":true}]}}