{"id":97704,"date":"2026-03-20T09:08:08","date_gmt":"2026-03-20T09:08:08","guid":{"rendered":"https:\/\/soydeaqui.ddns.net\/pachuca\/index.php\/producto\/cargador-usb-c-de-20w-1-usb-c-de-carga-rapida-qc4-0-pd3-0-pps-bc1-2-carga-inteligente-chip-pwm-multiple-proteccion-mayor-eficiencia-energetica-tamano-compacto-carcasa-ignifuga\/"},"modified":"2026-03-20T09:08:12","modified_gmt":"2026-03-20T09:08:12","slug":"cargador-usb-c-de-20w-1-usb-c-de-carga-rapida-qc4-0-pd3-0-pps-bc1-2-carga-inteligente-chip-pwm-multiple-proteccion-mayor-eficiencia-energetica-tamano-compacto-carcasa-ignifuga","status":"publish","type":"product","link":"https:\/\/soydeaqui.ddns.net\/pachuca\/index.php\/producto\/cargador-usb-c-de-20w-1-usb-c-de-carga-rapida-qc4-0-pd3-0-pps-bc1-2-carga-inteligente-chip-pwm-multiple-proteccion-mayor-eficiencia-energetica-tamano-compacto-carcasa-ignifuga\/","title":{"rendered":"Cargador USB-C de 20W | 1 USB-C de Carga R\u00e1pida | QC4.0+ | PD3.0 | PPS | BC1.2| Carga Inteligente | Chip PWM | M\u00faltiple Protecci\u00f3n | Mayor Eficiencia Energ\u00e9tica | Tama\u00f1o Compacto | Carcasa Ignifuga | Color Blanco."},"content":{"rendered":"<div style='width: 100%; max-width: 1200px; margin: 0 auto; font-family: sans-serif; line-height: 1.6; color: inherit; background-color: transparent;'> <!-- Im\u00e1genes --> <\/p>\n<div style='display: flex; flex-wrap: wrap; gap: 15px; margin-bottom: 30px;'>\n<div style='flex: 1 1 300px; min-width: 280px;'> <img style='width: 100%; height: auto; border: 1px solid rgba(150&comma;150&comma;150&comma;0.3); border-radius: 8px;' src='http:\/\/ftp3.syscom.mx\/usuarios\/hallende\/UGREEN2\/Cargadores\/60449B\/60449B-20.jpg' alt=''> <\/div>\n<div style='flex: 1 1 300px; min-width: 280px;'> <img style='width: 100%; height: auto; border: 1px solid rgba(150&comma;150&comma;150&comma;0.3); border-radius: 8px;' src='http:\/\/ftp3.syscom.mx\/usuarios\/hallende\/UGREEN2\/Cargadores\/60449B\/60449B-21.jpg' alt=''> <\/div>\n<div style='flex: 1 1 300px; min-width: 280px;'> <img style='width: 100%; height: auto; border: 1px solid rgba(150&comma;150&comma;150&comma;0.3); border-radius: 8px;' src='http:\/\/ftp3.syscom.mx\/usuarios\/hallende\/UGREEN2\/Cargadores\/60449B\/60449B-22.jpg' alt=''> <\/div>\n<div style='flex: 1 1 300px; min-width: 280px;'> <img style='width: 100%; height: auto; border: 1px solid rgba(150&comma;150&comma;150&comma;0.3); border-radius: 8px;' src='http:\/\/ftp3.syscom.mx\/usuarios\/hallende\/UGREEN2\/Cargadores\/60449B\/60449B-23.jpg' alt=''> <\/div>\n<div style='flex: 1 1 300px; min-width: 280px;'> <img style='width: 100%; height: auto; border: 1px solid rgba(150&comma;150&comma;150&comma;0.3); border-radius: 8px;' src='http:\/\/ftp3.syscom.mx\/usuarios\/hallende\/UGREEN2\/Cargadores\/60449B\/60449B-24.jpg' alt=''> <\/div>\n<div style='flex: 1 1 300px; min-width: 280px;'> <img style='width: 100%; height: auto; border: 1px solid rgba(150&comma;150&comma;150&comma;0.3); border-radius: 8px;' src='http:\/\/ftp3.syscom.mx\/usuarios\/hallende\/UGREEN2\/Cargadores\/60449B\/60449B-25.jpg' alt=''> <\/div>\n<\/p><\/div>\n<p> <!-- Secci\u00f3n de caracter\u00edsticas principales --> <\/p>\n<div style='display: flex; flex-wrap: wrap; gap: 30px; margin-bottom: 30px;'>\n<div style='flex: 1 1 300px; min-width: 280px;'>\n<h3 style='font-size: 22px; border-bottom: 2px solid currentColor; padding-bottom: 5px; margin-top: 0; color: inherit; opacity: 0.8;'>Caracter\u00edsticas Principales<\/h3>\n<ul style='padding-left: 20px; font-size: 15px; color: inherit;'>\n<li style='margin-bottom: 5px;'>Cargador USB-C de 20W con m\u00faltiples protocolos de carga r\u00e1pida<\/li>\n<li style='margin-bottom: 5px;'>Compatible con protocolos PD 3.0&comma; QC 4.0+&comma; PPS y BC1.2<\/li>\n<li style='margin-bottom: 5px;'>Protecci\u00f3n m\u00faltiple contra sobretensiones&comma; sobre corrientes y cortocircuitos<\/li>\n<li style='margin-bottom: 5px;'>Tama\u00f1o compacto de 4.3 x 4.3 x 2.3cm para mayor portabilidad<\/li>\n<li style='margin-bottom: 5px;'>Carcasa ign\u00edfuga para mayor seguridad<\/li>\n<li style='margin-bottom: 5px;'>Compatible con dispositivos iOS y Android<\/li>\n<\/ul><\/div>\n<\/p><\/div>\n<p> <!-- Secci\u00f3n de compatibilidad --> <\/p>\n<div style='display: flex; flex-wrap: wrap; gap: 30px; margin-bottom: 30px;'>\n<div style='flex: 1 1 300px; min-width: 280px;'>\n<h3 style='font-size: 22px; border-bottom: 2px solid currentColor; padding-bottom: 5px; margin-top: 0; color: inherit; opacity: 0.8;'>Compatibilidad<\/h3>\n<ul style='padding-left: 20px; font-size: 15px; color: inherit;'>\n<li style='margin-bottom: 5px;'><strong>iOS:<\/strong> iPhone 15&comma; 14 Pro&comma; 13&comma; 12&comma; 11 Pro Max&comma; XS&comma; XR&comma; X&comma; 8&comma; 8 Plus&comma; iPad Pro 11&#8217;&comma; iPad Pro 12.9&#8217;&comma; iPad Air 3&comma; iPad Mini 5<\/li>\n<li style='margin-bottom: 5px;'><strong>Android:<\/strong> Galaxy S24&comma; S23&comma; S22&comma; S21&comma; S20&comma; Note 9&comma; 8&comma; Google Pixel 3a&comma; 3&comma; 2 XL&comma; Nexus 5X&comma; 6P&comma; LG G5&comma; G6&comma; G7&comma; V20&comma; V40&comma; V50 ThinQ&comma; Microsoft Lumia 950 XL&comma; HTC 10&comma; U12+<\/li>\n<\/ul><\/div>\n<\/p><\/div>\n<p> <!-- Secci\u00f3n de especificaciones t\u00e9cnicas --> <\/p>\n<div style='display: flex; flex-wrap: wrap; gap: 20px; margin-bottom: 30px;'>\n<div style='flex: 1 1 250px; border: 1px solid rgba(150&comma; 150&comma; 150&comma; 0.4); border-radius: 8px; overflow: hidden; display: flex; flex-direction: column;'>\n<div style='padding: 15px; border-bottom: 1px solid rgba(150&comma; 150&comma; 150&comma; 0.2); font-weight: bold; font-size: 18px; color: inherit;'>Especificaciones T\u00e9cnicas<\/div>\n<div style='padding: 15px; color: inherit;'>\n<ul style='padding-left: 20px; margin: 0; font-size: 14px; list-style-type: disc;'>\n<li style='margin-bottom: 5px;'><strong>Entrada:<\/strong> 100-240V\uff5e 50\/60Hz 500mA M\u00e1x.<\/li>\n<li style='margin-bottom: 5px;'><strong>Salida:<\/strong> 5V\/3A&comma; 9V\/2.22A&comma; 12V\/1.67A<\/li>\n<li style='margin-bottom: 5px;'><strong>Potencia M\u00e1xima:<\/strong> 20W<\/li>\n<li style='margin-bottom: 5px;'><strong>Protocolos:<\/strong> PD3.0 (PD2.0)&comma; QC4.0+ (QC4.0\/QC3.0\/QC2.0)&comma; FCP\/SCP&comma; BC1.2<\/li>\n<li style='margin-bottom: 5px;'><strong>Protecciones:<\/strong> Sobre voltaje&comma; sobre corriente&comma; sobrecalentamiento y cortocircuito<\/li>\n<li style='margin-bottom: 5px;'><strong>Certificaciones:<\/strong> UL&comma; PSE&comma; FCC&comma; CE<\/li>\n<\/ul><\/div>\n<\/p><\/div>\n<p> <!-- Secci\u00f3n de beneficios de carga r\u00e1pida --> <\/p>\n<div style='flex: 1 1 250px; border: 1px solid rgba(150&comma; 150&comma; 150&comma; 0.4); border-radius: 8px; overflow: hidden; display: flex; flex-direction: column;'>\n<div style='padding: 15px; border-bottom: 1px solid rgba(150&comma; 150&comma; 150&comma; 0.2); font-weight: bold; font-size: 18px; color: inherit;'>Carga R\u00e1pida<\/div>\n<div style='padding: 15px; color: inherit;'>\n<ul style='padding-left: 20px; margin: 0; font-size: 14px; list-style-type: disc;'>\n<li style='margin-bottom: 5px;'>Carga r\u00e1pida del 0% al 60% en 30 minutos para iPhone 15 Pro<\/li>\n<li style='margin-bottom: 5px;'>Puerto USB-C \u00fanico con salida de hasta 20W<\/li>\n<li style='margin-bottom: 5px;'>Tecnolog\u00eda de carga inteligente para adaptarse al dispositivo conectado<\/li>\n<\/ul><\/div>\n<\/p><\/div>\n<\/p><\/div>\n<p> <!-- Separador --> <\/p>\n<hr style='border: 0; border-top: 1px solid rgba(150&comma; 150&comma; 150&comma; 0.3); margin: 30px 0;'> <\/div>\n","protected":false},"excerpt":{"rendered":"<p>Cargador USB-C de 20W | 1 USB-C de Carga R\u00e1pida | QC4.0+ | PD3.0 | PPS | BC1.2| Carga Inteligente | Chip PWM | M\u00faltiple Protecci\u00f3n | Mayor Eficiencia Energ\u00e9tica | Tama\u00f1o Compacto | Carcasa Ignifuga | Color Blanco.<\/p>\n","protected":false},"featured_media":97703,"comment_status":"open","ping_status":"closed","template":"","meta":[],"product_brand":[],"product_cat":[1235],"product_tag":[417,1236,650],"class_list":{"0":"post-97704","1":"product","2":"type-product","3":"status-publish","4":"has-post-thumbnail","6":"product_cat-accesorios-para-computadora-y-smartphones","7":"product_tag-accesorios-generales","8":"product_tag-accesorios-para-computadora-y-smartphones","9":"product_tag-ugreen","11":"first","12":"outofstock","13":"sale","14":"shipping-taxable","15":"purchasable","16":"product-type-simple"},"_links":{"self":[{"href":"https:\/\/soydeaqui.ddns.net\/pachuca\/index.php\/wp-json\/wp\/v2\/product\/97704","targetHints":{"allow":["GET"]}}],"collection":[{"href":"https:\/\/soydeaqui.ddns.net\/pachuca\/index.php\/wp-json\/wp\/v2\/product"}],"about":[{"href":"https:\/\/soydeaqui.ddns.net\/pachuca\/index.php\/wp-json\/wp\/v2\/types\/product"}],"replies":[{"embeddable":true,"href":"https:\/\/soydeaqui.ddns.net\/pachuca\/index.php\/wp-json\/wp\/v2\/comments?post=97704"}],"wp:featuredmedia":[{"embeddable":true,"href":"https:\/\/soydeaqui.ddns.net\/pachuca\/index.php\/wp-json\/wp\/v2\/media\/97703"}],"wp:attachment":[{"href":"https:\/\/soydeaqui.ddns.net\/pachuca\/index.php\/wp-json\/wp\/v2\/media?parent=97704"}],"wp:term":[{"taxonomy":"product_brand","embeddable":true,"href":"https:\/\/soydeaqui.ddns.net\/pachuca\/index.php\/wp-json\/wp\/v2\/product_brand?post=97704"},{"taxonomy":"product_cat","embeddable":true,"href":"https:\/\/soydeaqui.ddns.net\/pachuca\/index.php\/wp-json\/wp\/v2\/product_cat?post=97704"},{"taxonomy":"product_tag","embeddable":true,"href":"https:\/\/soydeaqui.ddns.net\/pachuca\/index.php\/wp-json\/wp\/v2\/product_tag?post=97704"}],"curies":[{"name":"wp","href":"https:\/\/api.w.org\/{rel}","templated":true}]}}