{"id":97702,"date":"2026-03-20T09:08:05","date_gmt":"2026-03-20T09:08:05","guid":{"rendered":"https:\/\/soydeaqui.ddns.net\/pachuca\/index.php\/producto\/domo-ip-movil-2-megapixel-lente-2-mm-microfono-integrado-funciones-inteligentes-deteccion-de-congestion-de-personas-wdr-120-db-ip67-ik10-30-metros-metal-conector-rj45\/"},"modified":"2026-03-20T09:08:06","modified_gmt":"2026-03-20T09:08:06","slug":"domo-ip-movil-2-megapixel-lente-2-mm-microfono-integrado-funciones-inteligentes-deteccion-de-congestion-de-personas-wdr-120-db-ip67-ik10-30-metros-metal-conector-rj45","status":"publish","type":"product","link":"https:\/\/soydeaqui.ddns.net\/pachuca\/index.php\/producto\/domo-ip-movil-2-megapixel-lente-2-mm-microfono-integrado-funciones-inteligentes-deteccion-de-congestion-de-personas-wdr-120-db-ip67-ik10-30-metros-metal-conector-rj45\/","title":{"rendered":"Domo IP Movil 2 Megapixel \/ Lente 2 mm \/ Micr\u00f3fono Integrado \/ Funciones inteligentes: Detecci\u00f3n de congesti\u00f3n de personas \/ WDR 120 dB \/ IP67 \/ IK10 \/ 30 Metros \/ Metal \/ Conector RJ45"},"content":{"rendered":"<div style='width: 100%; max-width: 1200px; margin: 0 auto; font-family: sans-serif; line-height: 1.6; color: inherit; background-color: transparent;'>\n<div style='width: 100%; margin-bottom: 30px;'> <img style='width: 100%; height: auto; border: 1px solid rgba(150&comma;150&comma;150&comma;0.3); border-radius: 8px;' src='http:\/\/ftp3.syscom.mx\/usuarios\/jdelafuente\/HIKVISION\/hikvision%20logo%20complete.png' alt=''> <\/div>\n<div style='display: flex; flex-wrap: wrap; gap: 30px; margin-bottom: 30px;'>\n<div style='flex: 1 1 300px; min-width: 280px;'>\n<h3 style='font-size: 22px; border-bottom: 2px solid currentColor; padding-bottom: 5px; margin-top: 0; color: inherit; opacity: 0.8;'>Caracter\u00edsticas principales<\/h3>\n<ul style='padding-left: 20px; font-size: 15px; color: inherit;'>\n<li style='margin-bottom: 5px;'><strong>Resoluci\u00f3n:<\/strong> 2 MP<\/li>\n<li style='margin-bottom: 5px;'><strong>Iluminaci\u00f3n m\u00ednima:<\/strong> 0.01 Lux @(F1.2&comma; AGC ON)<\/li>\n<li style='margin-bottom: 5px;'><strong>Lente:<\/strong> 2 mm&comma; apertura 132\u00b0<\/li>\n<li style='margin-bottom: 5px;'><strong>Distancia IR:<\/strong> 30 mts<\/li>\n<li style='margin-bottom: 5px;'><strong>Funciones de imagen:<\/strong> WDR Real 120 dB \/ BLC \/ 3D DNR<\/li>\n<li style='margin-bottom: 5px;'><strong>Micr\u00f3fono:<\/strong> Integrado&comma; sonido Mono<\/li>\n<li style='margin-bottom: 5px;'><strong>Memoria:<\/strong> Slot para tarjeta Micro TF<\/li>\n<li style='margin-bottom: 5px;'><strong>Protecci\u00f3n:<\/strong> IP67<\/li>\n<li style='margin-bottom: 5px;'><strong>Antivand\u00e1lico:<\/strong> IK10<\/li>\n<li style='margin-bottom: 5px;'><strong>Compresi\u00f3n:<\/strong> H.264 \/ H.265<\/li>\n<\/ul><\/div>\n<div style='flex: 1 1 300px; min-width: 280px;'>\n<h3 style='font-size: 22px; border-bottom: 2px solid currentColor; padding-bottom: 5px; margin-top: 0; color: inherit; opacity: 0.8;'>Caracter\u00edsticas F\u00edsicas y El\u00e9ctricas<\/h3>\n<ul style='padding-left: 20px; font-size: 15px; color: inherit;'>\n<li style='margin-bottom: 5px;'><strong>Alimentaci\u00f3n:<\/strong> 9-36V \/ PoE (802.3af&comma; 36 V to 57 V)<\/li>\n<li style='margin-bottom: 5px;'><strong>Temperatura de operaci\u00f3n:<\/strong> -30 \u00b0C a 75 \u00b0C<\/li>\n<li style='margin-bottom: 5px;'><strong>Dimensiones:<\/strong> 110 mm \u00d7 57.4 mm<\/li>\n<li style='margin-bottom: 5px;'><strong>Conector:<\/strong> RJ45<\/li>\n<li style='margin-bottom: 5px;'><strong>Largo del cable:<\/strong> 50cm<\/li>\n<li style='margin-bottom: 5px;'><strong>Peso:<\/strong> 452 g<\/li>\n<\/ul><\/div>\n<\/p><\/div>\n<div style='display: flex; flex-wrap: wrap; gap: 20px; margin-bottom: 30px;'>\n<div style='flex: 1 1 100%; border: 1px solid rgba(150&comma; 150&comma; 150&comma; 0.4); border-radius: 8px; overflow: hidden; display: flex; flex-direction: column;'>\n<div style='padding: 15px; border-bottom: 1px solid rgba(150&comma; 150&comma; 150&comma; 0.2); font-weight: bold; font-size: 18px; color: inherit;'>Eventos Inteligentes<\/div>\n<div style='padding: 15px; color: inherit;'>\n<ul style='padding-left: 20px; margin: 0; font-size: 14px; list-style-type: disc;'>\n<li style='margin-bottom: 5px;'>Densidad de personas: Permite detectar la congesti\u00f3n de pasajeros en los vagones<\/li>\n<li style='margin-bottom: 5px;'>Detecci\u00f3n: Permite detectar art\u00edculos y personal olvidado en el vag\u00f3n<\/li>\n<li style='margin-bottom: 5px;'>Detecci\u00f3n de intrusi\u00f3n<\/li>\n<li style='margin-bottom: 5px;'>Detecci\u00f3n de cruce de linea<\/li>\n<li style='margin-bottom: 5px;'>Detecci\u00f3n de entrada a la zona<\/li>\n<li style='margin-bottom: 5px;'>Detecci\u00f3n de salida de la zona<\/li>\n<li style='margin-bottom: 5px;'>Detecci\u00f3n de equipaje desatendido<\/li>\n<li style='margin-bottom: 5px;'>Detecci\u00f3n de retirada de objetos<\/li>\n<li style='margin-bottom: 5px;'>Detecci\u00f3n de objetos: detecta rostros y carga im\u00e1genes<\/li>\n<li style='margin-bottom: 5px;'>Detecci\u00f3n de cambio de escena<\/li>\n<li style='margin-bottom: 5px;'>Detecci\u00f3n de desenfoque<\/li>\n<li style='margin-bottom: 5px;'>Detecci\u00f3n de merodeo<\/li>\n<li style='margin-bottom: 5px;'>Detecci\u00f3n de aglomeraci\u00f3n de personas<\/li>\n<li style='margin-bottom: 5px;'>Detecci\u00f3n de movimiento r\u00e1pido<\/li>\n<li style='margin-bottom: 5px;'>Detecci\u00f3n de aparcamiento<\/li>\n<\/ul><\/div>\n<\/p><\/div>\n<\/p><\/div>\n<\/p><\/div>\n","protected":false},"excerpt":{"rendered":"<p>Domo IP Movil 2 Megapixel \/ Lente 2 mm \/ Micr\u00f3fono Integrado \/ Funciones inteligentes: Detecci\u00f3n de congesti\u00f3n de personas \/ WDR 120 dB \/ IP67 \/ IK10 \/ 30 Metros \/ Metal \/ Conector RJ45<\/p>\n","protected":false},"featured_media":97701,"comment_status":"open","ping_status":"closed","template":"","meta":[],"product_brand":[],"product_cat":[2272,1406],"product_tag":[2273,1409,54,1345],"class_list":{"0":"post-97702","1":"product","2":"type-product","3":"status-publish","4":"has-post-thumbnail","6":"product_cat-camaras-moviles","7":"product_cat-videograbadoras-moviles-videovigilancia","8":"product_tag-camaras-moviles","9":"product_tag-dash-cams-y-body-cams","10":"product_tag-hikvision","11":"product_tag-videograbadoras-moviles","13":"first","14":"instock","15":"sale","16":"shipping-taxable","17":"purchasable","18":"product-type-simple"},"_links":{"self":[{"href":"https:\/\/soydeaqui.ddns.net\/pachuca\/index.php\/wp-json\/wp\/v2\/product\/97702","targetHints":{"allow":["GET"]}}],"collection":[{"href":"https:\/\/soydeaqui.ddns.net\/pachuca\/index.php\/wp-json\/wp\/v2\/product"}],"about":[{"href":"https:\/\/soydeaqui.ddns.net\/pachuca\/index.php\/wp-json\/wp\/v2\/types\/product"}],"replies":[{"embeddable":true,"href":"https:\/\/soydeaqui.ddns.net\/pachuca\/index.php\/wp-json\/wp\/v2\/comments?post=97702"}],"wp:featuredmedia":[{"embeddable":true,"href":"https:\/\/soydeaqui.ddns.net\/pachuca\/index.php\/wp-json\/wp\/v2\/media\/97701"}],"wp:attachment":[{"href":"https:\/\/soydeaqui.ddns.net\/pachuca\/index.php\/wp-json\/wp\/v2\/media?parent=97702"}],"wp:term":[{"taxonomy":"product_brand","embeddable":true,"href":"https:\/\/soydeaqui.ddns.net\/pachuca\/index.php\/wp-json\/wp\/v2\/product_brand?post=97702"},{"taxonomy":"product_cat","embeddable":true,"href":"https:\/\/soydeaqui.ddns.net\/pachuca\/index.php\/wp-json\/wp\/v2\/product_cat?post=97702"},{"taxonomy":"product_tag","embeddable":true,"href":"https:\/\/soydeaqui.ddns.net\/pachuca\/index.php\/wp-json\/wp\/v2\/product_tag?post=97702"}],"curies":[{"name":"wp","href":"https:\/\/api.w.org\/{rel}","templated":true}]}}