{"id":97658,"date":"2026-03-20T09:06:14","date_gmt":"2026-03-20T09:06:14","guid":{"rendered":"https:\/\/soydeaqui.ddns.net\/pachuca\/index.php\/producto\/audio-bidireccional-dvr-8-canales-turbohd-2-canal-ip-2-megapixel-1080p-lite-acusense-lite-evita-falsas-alarmas-audio-por-coaxitron-1-bahia-de-disco-duro-h-265-salida-de-video-full\/"},"modified":"2026-03-20T09:06:26","modified_gmt":"2026-03-20T09:06:26","slug":"audio-bidireccional-dvr-8-canales-turbohd-2-canal-ip-2-megapixel-1080p-lite-acusense-lite-evita-falsas-alarmas-audio-por-coaxitron-1-bahia-de-disco-duro-h-265-salida-de-video-full","status":"publish","type":"product","link":"https:\/\/soydeaqui.ddns.net\/pachuca\/index.php\/producto\/audio-bidireccional-dvr-8-canales-turbohd-2-canal-ip-2-megapixel-1080p-lite-acusense-lite-evita-falsas-alarmas-audio-por-coaxitron-1-bahia-de-disco-duro-h-265-salida-de-video-full\/","title":{"rendered":"[Audio Bidireccional] DVR 8 Canales TurboHD + 2 Canal IP \/ 2 Megapixel (1080p) Lite \/ Acusense Lite (Evita Falsas Alarmas) \/ Audio por Coaxitron \/ 1 Bahia de Disco Duro \/ H.265+ \/ Salida de V\u00eddeo Full HD"},"content":{"rendered":"<div style=\"width: 100%; max-width: 1200px; margin: 0 auto; font-family: sans-serif; line-height: 1.6; color: inherit; background-color: transparent;\"><!-- Videos HIKVISION --> <\/p>\n<div style=\"display: flex; flex-wrap: wrap; gap: 20px; justify-content: center; margin-bottom: 30px;\"><video style=\"width: 100%; max-width: 400px; height: auto; border: 1px solid rgba(150&comma;150&comma;150&comma;0.3); border-radius: 8px;\" muted=\"\" controls=\"controls\" width=\"300\" height=\"150\"><source src=\"https:\/\/ftp3.syscom.mx\/usuarios\/nicolas.jimenez\/Turbo8\/Turbo8%20animacion.mp4\" type=\"video\/mp4\" \/><\/video> <video style=\"width: 100%; max-width: 400px; height: auto; border: 1px solid rgba(150&comma;150&comma;150&comma;0.3); border-radius: 8px;\" muted=\"\" controls=\"controls\" width=\"300\" height=\"150\"><source src=\"https:\/\/ftp3.syscom.mx\/usuarios\/nicolas.jimenez\/Turbo8\/Turbo%20HD%208.0-Audio%20bidireccional%20TVI%20Doblaje.mp4\" type=\"video\/mp4\" \/><\/video><\/div>\n<p> <!-- APP HILOOK --> <\/p>\n<div style=\"text-align: center; margin: 40px 0 20px;\"><img decoding=\"async\" style=\"max-height: 6rem; width: auto; border: none;\" src=\"https:\/\/ftp3.syscom.mx\/usuarios\/fotos\/logotipos\/hilook_by_hikvision.png\" alt=\"Logo\" \/> <\/p>\n<h1 style=\"font-size: 2em; margin: 20px 0 10px; color: inherit; font-weight: bold;\">Controla y monitorea tus dispositivos de seguridad<\/h1>\n<p style=\"font-size: 16px; margin: 0 auto; max-width: 600px; color: inherit; opacity: 0.8;\">Descarga la app oficial y aprovecha al m&aacute;ximo tu producto inteligente<\/p>\n<\/p><\/div>\n<p> <!-- Beneficios principales --> <\/p>\n<div style=\"margin: 30px 0;\">\n<h2 style=\"text-align: center; font-size: 24px; margin-bottom: 20px; color: inherit; border-bottom: 2px solid currentColor; padding-bottom: 5px; display: inline-block;\">Beneficios principales<\/h2>\n<div style=\"display: flex; flex-wrap: wrap; gap: 20px; justify-content: center; margin-top: 20px;\">\n<div style=\"flex: 1 1 200px; max-width: 300px; border: 1px solid rgba(150&comma;150&comma;150&comma;0.3); border-radius: 8px; padding: 20px; text-align: center;\">\n<div style=\"width: 40px; height: 40px; margin: 0 auto 10px; background-color: #007bff; border-radius: 50%;\">&nbsp;<\/div>\n<h5 style=\"margin: 15px 0 10px; color: inherit;\">Control remoto<\/h5>\n<p style=\"font-size: 14px; color: inherit; opacity: 0.8; margin: 0;\">Controla tus dispositivos desde cualquier lugar<\/p>\n<\/p><\/div>\n<div style=\"flex: 1 1 200px; max-width: 300px; border: 1px solid rgba(150&comma;150&comma;150&comma;0.3); border-radius: 8px; padding: 20px; text-align: center;\">\n<div style=\"width: 40px; height: 40px; margin: 0 auto 10px; background-color: #28a745; border-radius: 50%;\">&nbsp;<\/div>\n<h5 style=\"margin: 15px 0 10px; color: inherit;\">Monitoreo en tiempo real<\/h5>\n<p style=\"font-size: 14px; color: inherit; opacity: 0.8; margin: 0;\">Visualiza tus dispositivos al instante<\/p>\n<\/p><\/div>\n<div style=\"flex: 1 1 200px; max-width: 300px; border: 1px solid rgba(150&comma;150&comma;150&comma;0.3); border-radius: 8px; padding: 20px; text-align: center;\">\n<div style=\"width: 40px; height: 40px; margin: 0 auto 10px; background-color: #17a2b8; border-radius: 50%;\">&nbsp;<\/div>\n<h5 style=\"margin: 15px 0 10px; color: inherit;\">Notificaciones<\/h5>\n<p style=\"font-size: 14px; color: inherit; opacity: 0.8; margin: 0;\">Recibe notificaciones y alertas de los eventos que registra tu dispositivo.<\/p>\n<\/p><\/div>\n<div style=\"flex: 1 1 200px; max-width: 300px; border: 1px solid rgba(150&comma;150&comma;150&comma;0.3); border-radius: 8px; padding: 20px; text-align: center;\">\n<div style=\"width: 40px; height: 40px; margin: 0 auto 10px; background-color: #ffc107; border-radius: 50%;\">&nbsp;<\/div>\n<h5 style=\"margin: 15px 0 10px; color: inherit;\">Interfaz de usuario sencilla<\/h5>\n<p style=\"font-size: 14px; color: inherit; opacity: 0.8; margin: 0;\">Amigable para usuarios finales<\/p>\n<\/p><\/div>\n<\/p><\/div>\n<\/p><\/div>\n<p> <!-- Galer\u00eda de im\u00e1genes --> <\/p>\n<div style=\"margin: 30px 0;\">\n<h3 style=\"font-size: 20px; border-bottom: 2px solid currentColor; padding-bottom: 5px; margin: 0 0 20px; color: inherit; opacity: 0.8;\">Galer&iacute;a de im&aacute;genes<\/h3>\n<div style=\"display: flex; flex-wrap: wrap; gap: 15px;\"><img decoding=\"async\" style=\"width: 100%; height: auto; border: 1px solid rgba(150&comma;150&comma;150&comma;0.3); border-radius: 8px; flex: 1 1 22%; min-width: 200px;\" src=\"https:\/\/ftp3.syscom.mx\/usuarios\/ftp\/single_page\/hilook\/interfaz.jpg\" alt=\"Imagen 1\" \/> <img decoding=\"async\" style=\"width: 100%; height: auto; border: 1px solid rgba(150&comma;150&comma;150&comma;0.3); border-radius: 8px; flex: 1 1 22%; min-width: 200px;\" src=\"https:\/\/ftp3.syscom.mx\/usuarios\/ftp\/single_page\/hilook\/grabaciones.jpg\" alt=\"Imagen 2\" \/> <img decoding=\"async\" style=\"width: 100%; height: auto; border: 1px solid rgba(150&comma;150&comma;150&comma;0.3); border-radius: 8px; flex: 1 1 22%; min-width: 200px;\" src=\"https:\/\/ftp3.syscom.mx\/usuarios\/ftp\/single_page\/hilook\/directo.jpg\" alt=\"Imagen 3\" \/> <img decoding=\"async\" style=\"width: 100%; height: auto; border: 1px solid rgba(150&comma;150&comma;150&comma;0.3); border-radius: 8px; flex: 1 1 22%; min-width: 200px;\" src=\"https:\/\/ftp3.syscom.mx\/usuarios\/ftp\/single_page\/hilook\/notificaciones2.jpg\" alt=\"Imagen 4\" \/><\/div>\n<\/p><\/div>\n<p> <!-- Videos de YouTube --> <\/p>\n<div style=\"margin: 30px 0;\">\n<h3 style=\"font-size: 20px; border-bottom: 2px solid currentColor; padding-bottom: 5px; margin: 0 0 20px; color: inherit; opacity: 0.8;\">Videos<\/h3>\n<div style=\"display: flex; flex-wrap: wrap; gap: 20px; justify-content: center;\">\n<div style=\"position: relative; padding-bottom: 56.25%; height: 0; overflow: hidden; flex: 1 1 300px; max-width: 400px;\"> <\/div>\n<div style=\"position: relative; padding-bottom: 56.25%; height: 0; overflow: hidden; flex: 1 1 300px; max-width: 400px;\"> <\/div>\n<div style=\"position: relative; padding-bottom: 56.25%; height: 0; overflow: hidden; flex: 1 1 300px; max-width: 400px;\"> <\/div>\n<div style=\"position: relative; padding-bottom: 56.25%; height: 0; overflow: hidden; flex: 1 1 300px; max-width: 400px;\"> <\/div>\n<\/p><\/div>\n<\/p><\/div>\n<p> <!-- Especificaciones --> <\/p>\n<div style=\"margin: 30px 0;\">\n<div style=\"display: flex; flex-wrap: wrap; gap: 20px;\"><!-- Caracter\u00edsticas Principales --> <\/p>\n<div style=\"flex: 1 1 300px; min-width: 280px;\">\n<div style=\"border: 1px solid rgba(150&comma;150&comma;150&comma;0.4); border-radius: 8px; overflow: hidden;\">\n<div style=\"padding: 15px; border-bottom: 1px solid rgba(150&comma;150&comma;150&comma;0.2); font-weight: bold; font-size: 16px; background-color: #0091ff; color: white; opacity: 0.9;\">Caracter&iacute;sticas Principales:<\/div>\n<div style=\"padding: 15px; color: inherit;\">\n<ul style=\"padding-left: 20px; margin: 0; font-size: 14px; list-style-type: disc;\">\n<li style=\"margin-bottom: 8px;\">Soporta audio bidireccional por coaxitron en todos los canales (UTP o coaxial)<\/li>\n<li style=\"margin-bottom: 8px;\">Soporta AcuSense Lite en todos los canales (Detecci&oacute;n de movimiento con filtro de humanos \/ veh&iacute;culos)<\/li>\n<li style=\"margin-bottom: 8px;\">Soporta 8 canales TURBOHD + 2 canales IP = 10 canales en total<\/li>\n<li style=\"margin-bottom: 8px;\">DVR pentah&iacute;brido: HD-TVI \/ HD-CVI \/ An&aacute;logo \/ IP \/ AHD<\/li>\n<li style=\"margin-bottom: 8px;\">Compatible con Hilook\/Hik-Connect P2P<\/li>\n<li style=\"margin-bottom: 8px;\">1 entrada y 1 salida de audio (bocina y micr&oacute;fono externo)<\/li>\n<li style=\"margin-bottom: 8px;\">Soporta 1 HDD de hasta 4 TB (no incluido)<\/li>\n<li style=\"margin-bottom: 8px;\">Compresi&oacute;n: H.265+ \/ H.265 \/ H.264<\/li>\n<li style=\"margin-bottom: 8px;\"><strong>Salida de video simult&aacute;neo en HDMI y VGA<\/strong><\/li>\n<\/ul><\/div>\n<\/p><\/div>\n<\/p><\/div>\n<p> <!-- Caracter\u00edsticas F\u00edsicas y El\u00e9ctricas --> <\/p>\n<div style=\"flex: 1 1 300px; min-width: 280px;\">\n<div style=\"border: 1px solid rgba(150&comma;150&comma;150&comma;0.4); border-radius: 8px; overflow: hidden;\">\n<div style=\"padding: 15px; border-bottom: 1px solid rgba(150&comma;150&comma;150&comma;0.2); font-weight: bold; font-size: 16px; background-color: #0091ff; color: white; opacity: 0.9;\">Caracter&iacute;sticas F&iacute;sicas y El&eacute;ctricas:<\/div>\n<div style=\"padding: 15px; color: inherit;\">\n<ul style=\"padding-left: 20px; margin: 0; font-size: 14px; list-style-type: disc;\">\n<li style=\"margin-bottom: 8px;\">Alimentaci&oacute;n: 12 Vcc (fuente incluida)<\/li>\n<li style=\"margin-bottom: 8px;\">Consumo sin HDD: 10 watts<\/li>\n<li style=\"margin-bottom: 8px;\">Temperatura de operaci&oacute;n: -10 &deg;C hasta 55 &deg;C<\/li>\n<li style=\"margin-bottom: 8px;\">Dimensiones: 263 x 225 x 48 (W &times; D &times; H)<\/li>\n<li style=\"margin-bottom: 8px;\">Peso: 0.8 Kg sin HDD<\/li>\n<li style=\"margin-bottom: 8px;\">No compatible con control remoto<\/li>\n<\/ul><\/div>\n<\/p><\/div>\n<\/p><\/div>\n<p> <!-- Resoluci\u00f3n --> <\/p>\n<div style=\"flex: 1 1 300px; min-width: 280px;\">\n<div style=\"border: 1px solid rgba(150&comma;150&comma;150&comma;0.4); border-radius: 8px; overflow: hidden;\">\n<div style=\"padding: 15px; border-bottom: 1px solid rgba(150&comma;150&comma;150&comma;0.2); font-weight: bold; font-size: 16px; background-color: #0091ff; color: white; opacity: 0.9;\">Resoluci&oacute;n:<\/div>\n<div style=\"padding: 15px; color: inherit;\">\n<ul style=\"padding-left: 20px; margin: 0; font-size: 14px; list-style-type: disc;\">\n<li style=\"margin-bottom: 8px;\">TVI (TURBOHD): 2 MP<\/li>\n<li style=\"margin-bottom: 8px;\">CVI: 2 MP<\/li>\n<li style=\"margin-bottom: 8px;\">AHD: 2 MP<\/li>\n<li style=\"margin-bottom: 8px;\">CVBS (anal&oacute;gico): 1200 TVL<\/li>\n<li style=\"margin-bottom: 8px;\">IP: 5 Megapixel \/ 4 Megapixel \/ 2 Megapixel<\/li>\n<\/ul><\/div>\n<\/p><\/div>\n<\/p><\/div>\n<\/p><\/div>\n<\/p><\/div>\n<p> <!-- Caracter\u00edsticas Destacadas --> <\/p>\n<div style=\"margin: 30px 0;\">\n<div style=\"border: 1px solid rgba(150&comma;150&comma;150&comma;0.4); border-radius: 8px; overflow: hidden;\">\n<div style=\"padding: 15px; border-bottom: 1px solid rgba(150&comma;150&comma;150&comma;0.2); font-weight: bold; font-size: 16px; background-color: #0091ff; color: white; opacity: 0.9;\">Caracter&iacute;sticas Destacadas:<\/div>\n<div style=\"padding: 15px; color: inherit;\">\n<ul style=\"padding-left: 20px; margin: 0; font-size: 14px; list-style-type: disc;\">\n<li style=\"margin-bottom: 12px;\">Soporta audio de dos v&iacute;as por coaxitron (UTP o coaxial). Compatible con modelo de c&aacute;maras TURBOHD que soporten audio de dos v&iacute;as. Podemos tener una comunicaci&oacute;n desde la App Hilook\/Hik-Connect bidireccional hacia la c&aacute;mara.<\/li>\n<li style=\"margin-bottom: 12px;\">Soporta en todos los canales con tecnolog&iacute;a ACUSENSE Lite&comma; permite filtrar por detecci&oacute;n de movimiento humanos o veh&iacute;culos para activar un evento o grabaci&oacute;n&comma; esto nos permite descartar falsas alarmas (grabaciones) cuando exista un movimiento de hojas o movimiento de alg&uacute;n animal&comma; vuelve m&aacute;s eficiente la grabaci&oacute;n cuando realmente sea necesario.<\/li>\n<li style=\"margin-bottom: 12px;\">Soporta apagar canales TURBOHD y poder convertir el DVR en un equipo NVR completo&comma; por cada canal TURBOHD que se apague se puede generar un canal IP adicional. Podemos tener hasta 5 canales<\/li>\n<\/ul><\/div>\n<\/p><\/div>\n<\/p><\/div>\n<p> <!-- Imagen de banner --> <\/p>\n<div style=\"margin: 30px 0;\"><img decoding=\"async\" style=\"width: 100%; height: auto; border: 1px solid rgba(150&comma;150&comma;150&comma;0.3); border-radius: 8px;\" src=\"https:\/\/ftp3.syscom.mx\/usuarios\/yvalenzuela\/Hilook\/hiklook.jpg\" alt=\"Banner\" \/><\/div>\n<p> <!-- Imagen de Coaxitron --> <\/p>\n<div style=\"margin: 30px 0;\"><img decoding=\"async\" style=\"width: 100%; height: auto; border: 1px solid rgba(150&comma;150&comma;150&comma;0.3); border-radius: 8px;\" src=\"https:\/\/ftp3.syscom.mx\/usuarios\/emendoza\/elesbanmch\/HIKVISON\/IMAGENES\/COAXITRON-audio.jpg\" alt=\"Coaxitron\" \/><\/div>\n<\/p><\/div>\n","protected":false},"excerpt":{"rendered":"<p>[Audio Bidireccional] DVR 8 Canales TurboHD + 2 Canal IP \/ 2 Megapixel (1080p) Lite \/ Acusense Lite (Evita Falsas Alarmas) \/ Audio por Coaxitron \/ 1 Bahia de Disco Duro \/ H.265+ \/ Salida de V\u00eddeo Full HD<\/p>\n","protected":false},"featured_media":97657,"comment_status":"open","ping_status":"closed","template":"","meta":[],"product_brand":[],"product_cat":[2254],"product_tag":[2255,715,2256],"class_list":{"0":"post-97658","1":"product","2":"type-product","3":"status-publish","4":"has-post-thumbnail","6":"product_cat-videograbadoras-analogicas-turbohd-tvi-ahd-cvi","7":"product_tag-camaras-y-dvrs-hd-turbohd-ahd-hd-tvi","8":"product_tag-hilook-by-hikvision","9":"product_tag-videograbadoras-analogicas-turbohd-tvi-ahd-cvi","11":"first","12":"instock","13":"sale","14":"shipping-taxable","15":"purchasable","16":"product-type-simple"},"_links":{"self":[{"href":"https:\/\/soydeaqui.ddns.net\/pachuca\/index.php\/wp-json\/wp\/v2\/product\/97658","targetHints":{"allow":["GET"]}}],"collection":[{"href":"https:\/\/soydeaqui.ddns.net\/pachuca\/index.php\/wp-json\/wp\/v2\/product"}],"about":[{"href":"https:\/\/soydeaqui.ddns.net\/pachuca\/index.php\/wp-json\/wp\/v2\/types\/product"}],"replies":[{"embeddable":true,"href":"https:\/\/soydeaqui.ddns.net\/pachuca\/index.php\/wp-json\/wp\/v2\/comments?post=97658"}],"wp:featuredmedia":[{"embeddable":true,"href":"https:\/\/soydeaqui.ddns.net\/pachuca\/index.php\/wp-json\/wp\/v2\/media\/97657"}],"wp:attachment":[{"href":"https:\/\/soydeaqui.ddns.net\/pachuca\/index.php\/wp-json\/wp\/v2\/media?parent=97658"}],"wp:term":[{"taxonomy":"product_brand","embeddable":true,"href":"https:\/\/soydeaqui.ddns.net\/pachuca\/index.php\/wp-json\/wp\/v2\/product_brand?post=97658"},{"taxonomy":"product_cat","embeddable":true,"href":"https:\/\/soydeaqui.ddns.net\/pachuca\/index.php\/wp-json\/wp\/v2\/product_cat?post=97658"},{"taxonomy":"product_tag","embeddable":true,"href":"https:\/\/soydeaqui.ddns.net\/pachuca\/index.php\/wp-json\/wp\/v2\/product_tag?post=97658"}],"curies":[{"name":"wp","href":"https:\/\/api.w.org\/{rel}","templated":true}]}}