{"id":97475,"date":"2026-03-20T08:58:12","date_gmt":"2026-03-20T08:58:12","guid":{"rendered":"https:\/\/soydeaqui.ddns.net\/pachuca\/index.php\/producto\/modulo-seguro-para-instalaciones-seguras-en-controles-de-acceso-hikvision-compatible-con-biometricos-faciales-min-moe-conexion-rs-485-soporta-boton-de-salida-y-chapa\/"},"modified":"2026-03-20T08:58:27","modified_gmt":"2026-03-20T08:58:27","slug":"modulo-seguro-para-instalaciones-seguras-en-controles-de-acceso-hikvision-compatible-con-biometricos-faciales-min-moe-conexion-rs-485-soporta-boton-de-salida-y-chapa","status":"publish","type":"product","link":"https:\/\/soydeaqui.ddns.net\/pachuca\/index.php\/producto\/modulo-seguro-para-instalaciones-seguras-en-controles-de-acceso-hikvision-compatible-con-biometricos-faciales-min-moe-conexion-rs-485-soporta-boton-de-salida-y-chapa\/","title":{"rendered":"M\u00f3dulo Seguro para Instalaciones SEGURAS en Controles de Acceso HIKVISION \/ Compatible con Biometricos Faciales Min Moe \/ Conexi\u00f3n RS-485  \/  Soporta Bot\u00f3n de Salida y Chapa"},"content":{"rendered":"<div style='width: 100%; max-width: 1200px; margin: 0 auto; font-family: sans-serif; line-height: 1.6; color: inherit; background-color: transparent;'>\n<div style='text-align: center; margin: 30px 0;'>\n<h3 style='font-size: 24px; color: inherit; margin: 0 0 15px;'> <strong>Aumente la Seguridad de su Instalaci\u00f3n con el M\u00f3dulo Seguro DS-K2M062<\/strong> <\/h3>\n<h4 style='font-size: 18px; color: inherit; margin: 0;'> <a href='https:\/\/soporte.syscom.mx\/es\/articles\/5608107-hikvision-instalacion-segura-de-control-de-acceso-con-equipo-autonomo-y-ds-k2m061' target='_blank' rel='noopener' style='color: inherit; text-decoration: none;'> \u00bfPor qu\u00e9 es recomendado usar un m\u00f3dulo seguro para sistemas aut\u00f3nomos? <\/a> <\/h4>\n<\/p><\/div>\n<p> <!-- Tabla comparativa responsiva --> <\/p>\n<div style='overflow-x: auto; margin: 30px 0;'>\n<table style='width: 100%; border-collapse: collapse; min-width: 600px;'>\n<thead style='background-color: rgba(150&comma; 150&comma; 150&comma; 0.1);'>\n<tr>\n<th style='border: 1px solid rgba(150&comma;150&comma;150&comma;0.3); padding: 12px; text-align: left; font-weight: bold; color: inherit; min-width: 150px;'> Caracter\u00edstica <\/th>\n<th style='border: 1px solid rgba(150&comma;150&comma;150&comma;0.3); padding: 12px; text-align: center; font-weight: bold; color: inherit; min-width: 150px;'> DS-K2M062 (Nuevo) <\/th>\n<th style='border: 1px solid rgba(150&comma;150&comma;150&comma;0.3); padding: 12px; text-align: center; font-weight: bold; color: inherit; min-width: 150px;'> DS-K2M061 (Anterior) <\/th>\n<\/tr>\n<\/thead>\n<tbody>\n<tr>\n<td style='border: 1px solid rgba(150&comma;150&comma;150&comma;0.3); padding: 10px; color: inherit;'> <strong>Imagen<\/strong> <\/td>\n<td style='border: 1px solid rgba(150&comma;150&comma;150&comma;0.3); padding: 10px; text-align: center; color: inherit;'> <img style='width: 100px; height: auto; border: 1px solid rgba(150&comma;150&comma;150&comma;0.3); border-radius: 8px;' src='https:\/\/mail.google.com\/mail\/u\/0?ui=2&#038;ik=c821a35654&#038;attid=0.10&#038;permmsgid=msg-f:1806969516773792451&#038;th=1913a533a742dac3&#038;view=fimg&#038;fur=ip&#038;sz=s0-l75-ft&#038;attbid=ANGjdJ9J5wSExMc6gTEn44Idd2IaBPKdCCxDyVJqrEdxMkkZ8o9QEVjX138Pq6TpzkL2PqcRQY_HFdvwjjLAJ9seUE9bmgYpb6fdmizkTzbsoKxpwV-mE7-iih8IMTA&#038;disp=emb' alt='DS-K2M062'> <\/td>\n<td style='border: 1px solid rgba(150&comma;150&comma;150&comma;0.3); padding: 10px; text-align: center; color: inherit;'> <img style='width: 100px; height: auto; border: 1px solid rgba(150&comma;150&comma;150&comma;0.3); border-radius: 8px;' src='https:\/\/mail.google.com\/mail\/u\/0?ui=2&#038;ik=c821a35654&#038;attid=0.11&#038;permmsgid=msg-f:1806969516773792451&#038;th=1913a533a742dac3&#038;view=fimg&#038;fur=ip&#038;sz=s0-l75-ft&#038;attbid=ANGjdJ-WB3rX6zCwAXQf7PdI2TAQjvzMizIFhV2P5X9GgGeTqjTOrOEtD4Ip5lT_ydo8YKSgOeATYkTrevczIMvy5AgecGCCIA95A2f82lZNeg6N4pDSRRKzn_4z8yg&#038;disp=emb' alt='DS-K2M061'> <\/td>\n<\/tr>\n<tr>\n<td style='border: 1px solid rgba(150&comma;150&comma;150&comma;0.3); padding: 10px; color: inherit;'> <strong>Dimensiones<\/strong> <\/td>\n<td style='border: 1px solid rgba(150&comma;150&comma;150&comma;0.3); padding: 10px; text-align: center; color: inherit;'> 53.95 mm \u00d7 43.5 mm \u00d7 15.5 mm <\/td>\n<td style='border: 1px solid rgba(150&comma;150&comma;150&comma;0.3); padding: 10px; text-align: center; color: inherit;'> 48 mm \u00d7 115 mm \u00d7 26 mm <\/td>\n<\/tr>\n<tr>\n<td style='border: 1px solid rgba(150&comma;150&comma;150&comma;0.3); padding: 10px; color: inherit;'> <strong>Control de cerradura<\/strong> <\/td>\n<td style='border: 1px solid rgba(150&comma;150&comma;150&comma;0.3); padding: 10px; text-align: center; color: inherit;'> 1 <\/td>\n<td style='border: 1px solid rgba(150&comma;150&comma;150&comma;0.3); padding: 10px; text-align: center; color: inherit;'> 1 <\/td>\n<\/tr>\n<tr>\n<td style='border: 1px solid rgba(150&comma;150&comma;150&comma;0.3); padding: 10px; color: inherit;'> <strong>Bot\u00f3n de salida<\/strong> <\/td>\n<td style='border: 1px solid rgba(150&comma;150&comma;150&comma;0.3); padding: 10px; text-align: center; color: inherit;'> 1 <\/td>\n<td style='border: 1px solid rgba(150&comma;150&comma;150&comma;0.3); padding: 10px; text-align: center; color: inherit;'> 1 <\/td>\n<\/tr>\n<tr>\n<td style='border: 1px solid rgba(150&comma;150&comma;150&comma;0.3); padding: 10px; color: inherit;'> <strong>Entrada de contacto de puerta<\/strong> <\/td>\n<td style='border: 1px solid rgba(150&comma;150&comma;150&comma;0.3); padding: 10px; text-align: center; color: inherit;'> 1 <\/td>\n<td style='border: 1px solid rgba(150&comma;150&comma;150&comma;0.3); padding: 10px; text-align: center; color: inherit;'> 1 <\/td>\n<\/tr>\n<tr>\n<td style='border: 1px solid rgba(150&comma;150&comma;150&comma;0.3); padding: 10px; color: inherit;'> <strong>RS-485<\/strong> <\/td>\n<td style='border: 1px solid rgba(150&comma;150&comma;150&comma;0.3); padding: 10px; text-align: center; color: inherit;'> 1 <\/td>\n<td style='border: 1px solid rgba(150&comma;150&comma;150&comma;0.3); padding: 10px; text-align: center; color: inherit;'> 1 <\/td>\n<\/tr>\n<tr>\n<td style='border: 1px solid rgba(150&comma;150&comma;150&comma;0.3); padding: 10px; color: inherit;'> <strong>Entrada de alarma<\/strong> <\/td>\n<td style='border: 1px solid rgba(150&comma;150&comma;150&comma;0.3); padding: 10px; text-align: center; color: inherit;'> NA <\/td>\n<td style='border: 1px solid rgba(150&comma;150&comma;150&comma;0.3); padding: 10px; text-align: center; color: inherit;'> 2 <\/td>\n<\/tr>\n<tr>\n<td style='border: 1px solid rgba(150&comma;150&comma;150&comma;0.3); padding: 10px; color: inherit;'> <strong>Salida de alarma<\/strong> <\/td>\n<td style='border: 1px solid rgba(150&comma;150&comma;150&comma;0.3); padding: 10px; text-align: center; color: inherit;'> NA <\/td>\n<td style='border: 1px solid rgba(150&comma;150&comma;150&comma;0.3); padding: 10px; text-align: center; color: inherit;'> 1 <\/td>\n<\/tr>\n<tr>\n<td style='border: 1px solid rgba(150&comma;150&comma;150&comma;0.3); padding: 10px; color: inherit;'> <strong>Wiegand<\/strong> <\/td>\n<td style='border: 1px solid rgba(150&comma;150&comma;150&comma;0.3); padding: 10px; text-align: center; color: inherit;'> NA <\/td>\n<td style='border: 1px solid rgba(150&comma;150&comma;150&comma;0.3); padding: 10px; text-align: center; color: inherit;'> 1 <\/td>\n<\/tr>\n<tr>\n<td style='border: 1px solid rgba(150&comma;150&comma;150&comma;0.3); padding: 10px; color: inherit;'> <strong>Alarma de violaci\u00f3n<\/strong> <\/td>\n<td style='border: 1px solid rgba(150&comma;150&comma;150&comma;0.3); padding: 10px; text-align: center; color: inherit;'> NA <\/td>\n<td style='border: 1px solid rgba(150&comma;150&comma;150&comma;0.3); padding: 10px; text-align: center; color: inherit;'> 1 <\/td>\n<\/tr>\n<tr>\n<td style='border: 1px solid rgba(150&comma;150&comma;150&comma;0.3); padding: 10px; color: inherit;'> <strong>Switch DIP<\/strong> <\/td>\n<td style='border: 1px solid rgba(150&comma;150&comma;150&comma;0.3); padding: 10px; text-align: center; color: inherit;'> NA <\/td>\n<td style='border: 1px solid rgba(150&comma;150&comma;150&comma;0.3); padding: 10px; text-align: center; color: inherit;'> 4 <\/td>\n<\/tr>\n<\/tbody>\n<\/table><\/div>\n<p> <!-- Imagen del producto --> <\/p>\n<div style='text-align: center; margin: 30px 0;'> <img style='width: 100%; max-width: 600px; height: auto; border: 1px solid rgba(150&comma;150&comma;150&comma;0.3); border-radius: 8px;' src='https:\/\/ftp3.syscom.mx\/usuarios\/fespinoza\/HIKVISION\/Dispositivos\/Accesorios\/Modulos\/062.png' alt='M\u00f3dulo Seguro DS-K2M062'> <\/div>\n<p> <!-- Secci\u00f3n de compatibilidad --> <\/p>\n<div style='border-left: 5px solid #ff0000; border-radius: 8px; padding: 15px; margin: 30px 0; background-color: rgba(255&comma;0&comma;0&comma;0.05);'>\n<h4 style='margin-top: 0; font-size: 18px; color: inherit; font-weight: bold; margin-bottom: 15px;'>Lista de Compatibilidad<\/h4>\n<ul style='padding-left: 20px; margin: 0 0 15px 20px; font-size: 14px; color: inherit;'>\n<li style='margin-bottom: 5px;'>DS-K1T671M<\/li>\n<li style='margin-bottom: 5px;'>DS-K1T681 Series<\/li>\n<li style='margin-bottom: 5px;'>DS-K1T321 Series<\/li>\n<li style='margin-bottom: 5px;'>DS-K1T341 Series<\/li>\n<li style='margin-bottom: 5px;'>DS-K1T331W<\/li>\n<li style='margin-bottom: 5px;'>DS-K1T342 Series<\/li>\n<li style='margin-bottom: 5px;'>DS-K1T343 Series<\/li>\n<li style='margin-bottom: 5px;'>DS-K1TA70MIT<\/li>\n<li style='margin-bottom: 5px;'>DSK1T-680 Series<\/li>\n<li style='margin-bottom: 5px;'>DSK1T642 Series<\/li>\n<li style='margin-bottom: 5px;'>DSK1T672 Series<\/li>\n<li style='margin-bottom: 5px;'>DSK5671 Series<\/li>\n<li style='margin-bottom: 5px;'>DS-K1T673 Series<\/li>\n<li style='margin-bottom: 5px;'>DS-K1T805 Series<\/li>\n<li style='margin-bottom: 5px;'>DS-K1T804A Series<\/li>\n<li style='margin-bottom: 5px;'>DS-K1T502 Series<\/li>\n<\/ul>\n<p style='margin: 15px 0 0; font-size: 14px; color: inherit;'> Los modelos <strong style='color: inherit;'>DS-K1T320<\/strong> \/ <strong style='color: inherit;'>DS-K1A340WX<\/strong> <span style='color: #c0392b; font-weight: bold;'>NO<\/span> son compatibles con este m\u00f3dulo. <\/p>\n<\/p><\/div>\n<\/p><\/div>\n","protected":false},"excerpt":{"rendered":"<p>M\u00f3dulo Seguro para Instalaciones SEGURAS en Controles de Acceso HIKVISION \/ Compatible con Biometricos Faciales Min Moe \/ Conexi\u00f3n RS-485  \/  Soporta Bot\u00f3n de Salida y Chapa<\/p>\n","protected":false},"featured_media":97474,"comment_status":"open","ping_status":"closed","template":"","meta":[],"product_brand":[],"product_cat":[556],"product_tag":[93,54,557],"class_list":{"0":"post-97475","1":"product","2":"type-product","3":"status-publish","4":"has-post-thumbnail","6":"product_cat-accesorios-videoporteros-e-interfonos","7":"product_tag-accesorios","8":"product_tag-hikvision","9":"product_tag-videoporteros-e-interfonos","11":"first","12":"instock","13":"sale","14":"shipping-taxable","15":"purchasable","16":"product-type-simple"},"_links":{"self":[{"href":"https:\/\/soydeaqui.ddns.net\/pachuca\/index.php\/wp-json\/wp\/v2\/product\/97475","targetHints":{"allow":["GET"]}}],"collection":[{"href":"https:\/\/soydeaqui.ddns.net\/pachuca\/index.php\/wp-json\/wp\/v2\/product"}],"about":[{"href":"https:\/\/soydeaqui.ddns.net\/pachuca\/index.php\/wp-json\/wp\/v2\/types\/product"}],"replies":[{"embeddable":true,"href":"https:\/\/soydeaqui.ddns.net\/pachuca\/index.php\/wp-json\/wp\/v2\/comments?post=97475"}],"wp:featuredmedia":[{"embeddable":true,"href":"https:\/\/soydeaqui.ddns.net\/pachuca\/index.php\/wp-json\/wp\/v2\/media\/97474"}],"wp:attachment":[{"href":"https:\/\/soydeaqui.ddns.net\/pachuca\/index.php\/wp-json\/wp\/v2\/media?parent=97475"}],"wp:term":[{"taxonomy":"product_brand","embeddable":true,"href":"https:\/\/soydeaqui.ddns.net\/pachuca\/index.php\/wp-json\/wp\/v2\/product_brand?post=97475"},{"taxonomy":"product_cat","embeddable":true,"href":"https:\/\/soydeaqui.ddns.net\/pachuca\/index.php\/wp-json\/wp\/v2\/product_cat?post=97475"},{"taxonomy":"product_tag","embeddable":true,"href":"https:\/\/soydeaqui.ddns.net\/pachuca\/index.php\/wp-json\/wp\/v2\/product_tag?post=97475"}],"curies":[{"name":"wp","href":"https:\/\/api.w.org\/{rel}","templated":true}]}}