{"id":97469,"date":"2026-03-20T08:57:57","date_gmt":"2026-03-20T08:57:57","guid":{"rendered":"https:\/\/soydeaqui.ddns.net\/pachuca\/index.php\/producto\/domo-panovu-series-vista-panoramica-180-4-lentes-de-4-megapixel-ptz-4-megapixel-de-40x-zoom-posicionamiento-3d-ip67-ik10-wdr-120-db-eis-autoseguimiento-250-mts-ir-36-vcd\/"},"modified":"2026-03-20T08:57:58","modified_gmt":"2026-03-20T08:57:58","slug":"domo-panovu-series-vista-panoramica-180-4-lentes-de-4-megapixel-ptz-4-megapixel-de-40x-zoom-posicionamiento-3d-ip67-ik10-wdr-120-db-eis-autoseguimiento-250-mts-ir-36-vcd","status":"publish","type":"product","link":"https:\/\/soydeaqui.ddns.net\/pachuca\/index.php\/producto\/domo-panovu-series-vista-panoramica-180-4-lentes-de-4-megapixel-ptz-4-megapixel-de-40x-zoom-posicionamiento-3d-ip67-ik10-wdr-120-db-eis-autoseguimiento-250-mts-ir-36-vcd\/","title":{"rendered":"Domo PanoVu series \/ Vista Panor\u00e1mica 180\u00b0 \/ 4 Lentes de 4 Megapixel + PTZ 4 Megapixel de 40X Zoom \/ Posicionamiento 3D \/ IP67 \/ IK10 \/ WDR 120 dB \/ EIS \/ Autoseguimiento \/ 250 mts IR \/ 36 VCD"},"content":{"rendered":"<div style='width: 100%; max-width: 1200px; margin: 0 auto; font-family: sans-serif; line-height: 1.6; color: inherit; background-color: transparent;'>\n<p style='text-align: center; margin: 0; padding: 0;'><img style='width: 100%; max-width: 400px; height: auto; border: 1px solid rgba(150&comma;150&comma;150&comma;0.3); border-radius: 8px;' src='https:\/\/ftp3.syscom.mx\/usuarios\/jsosa\/HIKVISION\/imagenes\/logo\/hikvision%20see%20far.png' alt='Logo Hikvision'><\/p>\n<div style='display: flex; flex-wrap: wrap; gap: 30px; margin-top: 30px;'> <!-- Columna 1 --> <\/p>\n<div style='flex: 1 1 300px; min-width: 280px;'>\n<div style='border-left: 5px solid #ff0000; border-radius: 5px; padding: 5px; box-shadow: 2px 2px 10px rgba(216&comma;216&comma;216&comma;0.3);'>\n<h3 style='font-size: 22px; border-bottom: 2px solid currentColor; padding-bottom: 5px; margin-top: 0; color: inherit; opacity: 0.8;'>Caracter\u00edsticas c\u00e1mara panor\u00e1mica<\/h3>\n<ul style='padding-left: 20px; font-size: 15px; color: inherit;'>\n<li style='margin-bottom: 5px;'>CMOS 1\/1.8&#8242; Scan Progresivo<\/li>\n<li style='margin-bottom: 5px;'>Iluminaci\u00f3n M\u00ednima:\n<ul style='padding-left: 20px; margin-top: 5px;'>\n<li style='margin-bottom: 5px;'>Color: 0.0005 Lux (F1.6&comma; AGC encendido)<\/li>\n<li style='margin-bottom: 5px;'>B\/N: 0.0001 Lux (F1.6&comma; AGC encendido)<\/li>\n<\/ul>\n<\/li>\n<li style='margin-bottom: 5px;'>D\u00eda \/ Noche<\/li>\n<li style='margin-bottom: 5px;'>Lente: 4 x 2.8 mm\n<ul style='padding-left: 20px; margin-top: 5px;'>\n<li style='margin-bottom: 5px;'>\u00c1ngulo de visi\u00f3n: 180\u00ba<\/li>\n<\/ul>\n<\/li>\n<li style='margin-bottom: 5px;'>Funciones: HLC \/ BLC \/ EIS \/ 3D DNR<\/li>\n<li style='margin-bottom: 5px;'>Funciones smart: Detecci\u00f3n de intrusi\u00f3n \/ Detecci\u00f3n de cruce de l\u00ednea \/ Detecci\u00f3n de entrada y salida de regi\u00f3n<\/li>\n<\/ul><\/div>\n<div style='border-left: 5px solid #ff0000; border-radius: 5px; padding: 5px; box-shadow: 2px 2px 10px rgba(216&comma;216&comma;216&comma;0.3); margin-top: 30px;'>\n<h3 style='font-size: 22px; border-bottom: 2px solid currentColor; padding-bottom: 5px; margin-top: 0; color: inherit; opacity: 0.8;'>Caracter\u00edsticas c\u00e1mara PTZ<\/h3>\n<ul style='padding-left: 20px; font-size: 15px; color: inherit;'>\n<li style='margin-bottom: 5px;'>CMOS 1\/1.8&#8242; Scan Progresivo<\/li>\n<li style='margin-bottom: 5px;'>Iluminaci\u00f3n M\u00ednima:\n<ul style='padding-left: 20px; margin-top: 5px;'>\n<li style='margin-bottom: 5px;'>Color: 0.0005 Lux (F1.2&comma; AGC encendido)<\/li>\n<li style='margin-bottom: 5px;'>B\/N: 0.0001 Lux (F1.2&comma; AGC encendido)<\/li>\n<\/ul>\n<\/li>\n<li style='margin-bottom: 5px;'>D\u00eda \/ Noche real (Filtro ICR)<\/li>\n<li style='margin-bottom: 5px;'>Longitud focal: 40X Zoom \u00f3ptico (6.0 &#8211; 240 mm) \/ 16X digital<\/li>\n<li style='margin-bottom: 5px;'>Smart IR 250 metros<\/li>\n<li style='margin-bottom: 5px;'>Funciones: WDR real 120dB \/ HLC \/ BLC \/ EIS \/ 3D DNR<\/li>\n<li style='margin-bottom: 5px;'>Funciones smart: Detecci\u00f3n de intrusi\u00f3n \/ Detecci\u00f3n de cruce de l\u00ednea \/ Detecci\u00f3n de entrada y salida de regi\u00f3n \/ Equipaje desatendido \/ Objeto removido \/ Detecci\u00f3n de rostro<\/li>\n<\/ul><\/div>\n<\/p><\/div>\n<p> <!-- Columna 2 --> <\/p>\n<div style='flex: 1 1 300px; min-width: 280px;'>\n<div style='border-left: 5px solid #ff0000; border-radius: 5px; padding: 5px; box-shadow: 2px 2px 10px rgba(216&comma;216&comma;216&comma;0.3);'>\n<h3 style='font-size: 22px; border-bottom: 2px solid currentColor; padding-bottom: 5px; margin-top: 0; color: inherit; opacity: 0.8;'>Caracter\u00edsticas F\u00edsicas y El\u00e9ctricas<\/h3>\n<ul style='padding-left: 20px; font-size: 15px; color: inherit;'>\n<li style='margin-bottom: 5px;'>Aplicaci\u00f3n: Interior \/ Exterior<\/li>\n<li style='margin-bottom: 5px;'>Nivel de protecci\u00f3n: IP66<\/li>\n<li style='margin-bottom: 5px;'>Antivand\u00e1lica IK10<\/li>\n<li style='margin-bottom: 5px;'>Temperatura de Operaci\u00f3n: -40\u00b0C a 60\u00baC<\/li>\n<li style='margin-bottom: 5px;'>Alimentaci\u00f3n: 36 Vcc \/ 150 W (Fuente no incluida&comma; modelo recomendado <a href='https:\/\/www.syscom.mx\/producto\/EUV-150S036ST-KW02-HIKVISION-185724.html' style='color: inherit; text-decoration: underline;'>EUV150S036STKW02<\/a>)<\/li>\n<li style='margin-bottom: 5px;'>Dimensiones: \u03a6391.8mm x 400.5mm<\/li>\n<li style='margin-bottom: 5px;'>Peso: 18kg<\/li>\n<\/ul><\/div>\n<div style='border-left: 5px solid #ff0000; border-radius: 5px; padding: 5px; box-shadow: 2px 2px 10px rgba(216&comma;216&comma;216&comma;0.3); margin-top: 30px;'>\n<h3 style='font-size: 22px; border-bottom: 2px solid currentColor; padding-bottom: 5px; margin-top: 0; color: inherit; opacity: 0.8;'>Compresi\u00f3n y Resoluci\u00f3n<\/h3>\n<ul style='padding-left: 20px; font-size: 15px; color: inherit;'>\n<li style='margin-bottom: 5px;'>Compresi\u00f3n de video: H.265+ \/ H.265 \/ H.264+ \/ H.264<\/li>\n<li style='margin-bottom: 5px;'>Resoluci\u00f3n m\u00e1xima:\n<ul style='padding-left: 20px; margin-top: 5px;'>\n<li style='margin-bottom: 5px;'>C\u00e1mara panor\u00e1mica: 2 x (5520 \u00d7 2400)<\/li>\n<li style='margin-bottom: 5px;'>C\u00e1mara PTZ: 4 Megapixel (2560 x 1440)<\/li>\n<\/ul>\n<\/li>\n<li style='margin-bottom: 5px;'>Compresi\u00f3n de audio: G.711alaw \/ G.711ulaw \/ G.722.1 \/ G.726 \/ MP2L2 \/ PCM<\/li>\n<\/ul><\/div>\n<div style='border-left: 5px solid #ff0000; border-radius: 5px; padding: 5px; box-shadow: 2px 2px 10px rgba(216&comma;216&comma;216&comma;0.3); margin-top: 30px;'>\n<h3 style='font-size: 22px; border-bottom: 2px solid currentColor; padding-bottom: 5px; margin-top: 0; color: inherit; opacity: 0.8;'>Accesorios<\/h3>\n<ul style='padding-left: 20px; font-size: 15px; color: inherit;'>\n<li style='margin-bottom: 5px;'>Montaje vertical con montaje de poste&comma; modelo: <a href='https:\/\/www.syscom.mx\/products\/239968' style='color: inherit; text-decoration: underline;'>DS-4604ZJ-PA<\/a><\/li>\n<li style='margin-bottom: 5px;'>Montaje pendante&comma; modelo: <a href='https:\/\/www.syscom.mx\/products\/242480' style='color: inherit; text-decoration: underline;'>DS-4614ZJ-PA<\/a><\/li>\n<\/ul><\/div>\n<\/p><\/div>\n<p> <!-- Columna 3 --> <\/p>\n<div style='flex: 1 1 300px; min-width: 280px;'>\n<div style='border-left: 5px solid #ff0000; border-radius: 5px; padding: 5px; box-shadow: 2px 2px 10px rgba(216&comma;216&comma;216&comma;0.3);'>\n<h3 style='font-size: 22px; border-bottom: 2px solid currentColor; padding-bottom: 5px; margin-top: 0; color: inherit; opacity: 0.8;'>PAN \/ TILT<\/h3>\n<ul style='padding-left: 20px; font-size: 15px; color: inherit;'>\n<li style='margin-bottom: 5px;'>Pan: 360\u00b0<\/li>\n<li style='margin-bottom: 5px;'>Tilt: -15\u00b0~90\u00b0<\/li>\n<li style='margin-bottom: 5px;'>No. presets: 300<\/li>\n<li style='margin-bottom: 5px;'>Patrol: 8 patrols&comma; hasta 32 presets por patrol<\/li>\n<li style='margin-bottom: 5px;'>Pattern: 4 pattern (hasta 10 min. por pattern)<\/li>\n<li style='margin-bottom: 5px;'>Park action<\/li>\n<li style='margin-bottom: 5px;'>Tareas calendarizadas<\/li>\n<\/ul><\/div>\n<div style='border-left: 5px solid #ff0000; border-radius: 5px; padding: 5px; box-shadow: 2px 2px 10px rgba(216&comma;216&comma;216&comma;0.3); margin-top: 30px;'>\n<h3 style='font-size: 22px; border-bottom: 2px solid currentColor; padding-bottom: 5px; margin-top: 0; color: inherit; opacity: 0.8;'>Interfaces<\/h3>\n<ul style='padding-left: 20px; font-size: 15px; color: inherit;'>\n<li style='margin-bottom: 5px;'>Red: RJ45 (10M \/ 100M \/ 1000M)<\/li>\n<li style='margin-bottom: 5px;'>Fibra \u00f3ptica:\n<ul style='padding-left: 20px; margin-top: 5px;'>\n<li style='margin-bottom: 5px;'>Interface: FC (1M \/ 1000M)<\/li>\n<li style='margin-bottom: 5px;'>Longitud de onda: TX1310 \/ RX1550 nm<\/li>\n<li style='margin-bottom: 5px;'>Distancia: 20 Km<\/li>\n<\/ul>\n<\/li>\n<li style='margin-bottom: 5px;'>Entrada de Audio: 1 puerto<\/li>\n<li style='margin-bottom: 5px;'>Salida de Audio: 1 puerto<\/li>\n<li style='margin-bottom: 5px;'>Entrada de Alarma: 7 puertos<\/li>\n<li style='margin-bottom: 5px;'>Salida de Alarma: 2 puertos<\/li>\n<li style='margin-bottom: 5px;'>Serial: RS485 (HIKVISION&comma; PELCO D&comma; PELCO P)<\/li>\n<li style='margin-bottom: 5px;'>Tarjeta de memoria: Micro SD\/SDHC\/SDXC hasta 256 GB (No incluida)<\/li>\n<\/ul><\/div>\n<\/p><\/div>\n<\/p><\/div>\n<hr style='border: 0; border-top: 1px solid rgba(150&comma; 150&comma; 150&comma; 0.3); margin: 40px 0;'>\n<p style='text-align: center; margin: 0; padding: 0;'><img style='width: 100%; max-width: 1200px; height: auto; border: 1px solid rgba(150&comma;150&comma;150&comma;0.3); border-radius: 8px;' src='https:\/\/ftp3.syscom.mx\/usuarios\/jsosa\/HIKVISION\/imagenes\/banners\/solution%20complete.png' alt='Banner Soluci\u00f3n Completa'><\/p>\n<\/p><\/div>\n","protected":false},"excerpt":{"rendered":"<p>Domo PanoVu series \/ Vista Panor\u00e1mica 180\u00b0 \/ 4 Lentes de 4 Megapixel + PTZ 4 Megapixel de 40X Zoom \/ Posicionamiento 3D \/ IP67 \/ IK10 \/ WDR 120 dB \/ EIS \/ Autoseguimiento \/ 250 mts IR \/ 36 VCD<\/p>\n","protected":false},"featured_media":97468,"comment_status":"open","ping_status":"closed","template":"","meta":[],"product_brand":[],"product_cat":[2248],"product_tag":[122,2249,54],"class_list":{"0":"post-97469","1":"product","2":"type-product","3":"status-publish","4":"has-post-thumbnail","6":"product_cat-fisheye-y-hemisfericas","7":"product_tag-camaras-ip-y-nvrs","8":"product_tag-fisheye-y-hemisfericas","9":"product_tag-hikvision","11":"first","12":"instock","13":"sale","14":"shipping-taxable","15":"purchasable","16":"product-type-simple"},"_links":{"self":[{"href":"https:\/\/soydeaqui.ddns.net\/pachuca\/index.php\/wp-json\/wp\/v2\/product\/97469","targetHints":{"allow":["GET"]}}],"collection":[{"href":"https:\/\/soydeaqui.ddns.net\/pachuca\/index.php\/wp-json\/wp\/v2\/product"}],"about":[{"href":"https:\/\/soydeaqui.ddns.net\/pachuca\/index.php\/wp-json\/wp\/v2\/types\/product"}],"replies":[{"embeddable":true,"href":"https:\/\/soydeaqui.ddns.net\/pachuca\/index.php\/wp-json\/wp\/v2\/comments?post=97469"}],"wp:featuredmedia":[{"embeddable":true,"href":"https:\/\/soydeaqui.ddns.net\/pachuca\/index.php\/wp-json\/wp\/v2\/media\/97468"}],"wp:attachment":[{"href":"https:\/\/soydeaqui.ddns.net\/pachuca\/index.php\/wp-json\/wp\/v2\/media?parent=97469"}],"wp:term":[{"taxonomy":"product_brand","embeddable":true,"href":"https:\/\/soydeaqui.ddns.net\/pachuca\/index.php\/wp-json\/wp\/v2\/product_brand?post=97469"},{"taxonomy":"product_cat","embeddable":true,"href":"https:\/\/soydeaqui.ddns.net\/pachuca\/index.php\/wp-json\/wp\/v2\/product_cat?post=97469"},{"taxonomy":"product_tag","embeddable":true,"href":"https:\/\/soydeaqui.ddns.net\/pachuca\/index.php\/wp-json\/wp\/v2\/product_tag?post=97469"}],"curies":[{"name":"wp","href":"https:\/\/api.w.org\/{rel}","templated":true}]}}