{"id":9746,"date":"2026-03-18T07:26:24","date_gmt":"2026-03-18T07:26:24","guid":{"rendered":"https:\/\/soydeaqui.ddns.net\/pachuca\/index.php\/producto\/panel-de-distribucin-de-fibra-ptica-con-bandeja-deslizable-acepta-12-cassettes-hd-flex-en-6-espacios-hasta-144-fibras-1-ur\/"},"modified":"2026-03-18T07:26:26","modified_gmt":"2026-03-18T07:26:26","slug":"panel-de-distribucin-de-fibra-ptica-con-bandeja-deslizable-acepta-12-cassettes-hd-flex-en-6-espacios-hasta-144-fibras-1-ur","status":"publish","type":"product","link":"https:\/\/soydeaqui.ddns.net\/pachuca\/index.php\/producto\/panel-de-distribucin-de-fibra-ptica-con-bandeja-deslizable-acepta-12-cassettes-hd-flex-en-6-espacios-hasta-144-fibras-1-ur\/","title":{"rendered":"Panel de Distribuci?n de Fibra ?ptica con Bandeja Deslizable, Acepta 12 Cassettes HD Flex en 6 Espacios, Hasta 144 Fibras, 1 UR"},"content":{"rendered":"<div style='width: 100%; max-width: 1200px; margin: 0 auto; font-family: sans-serif; line-height: 1.6; color: inherit; background-color: transparent;'> <!-- Secci\u00f3n de descripci\u00f3n --> <\/p>\n<div style='margin-bottom: 30px;'>\n<h3 style='font-size: 22px; border-bottom: 2px solid currentColor; padding-bottom: 5px; margin-top: 0; color: inherit; opacity: 0.8;'>Descripci\u00f3n<\/h3>\n<p style='font-size: 15px; color: inherit; margin-bottom: 15px;'>Los paneles HD Flex\u2122 organizan&comma; administran y protegen el cable de fibra \u00f3ptica&comma; las terminaciones&comma; los empalmes&comma; los conectores y los jumpers. Funciona con todos los casetes HD Flex\u2122 y paneles adaptadores de fibra (FAP).<\/p>\n<\/p><\/div>\n<p> <!-- Secci\u00f3n de caracter\u00edsticas t\u00e9cnicas --> <\/p>\n<div style='display: flex; flex-wrap: wrap; gap: 30px; margin-bottom: 30px;'>\n<div style='flex: 1 1 300px; min-width: 280px;'>\n<h3 style='font-size: 22px; border-bottom: 2px solid currentColor; padding-bottom: 5px; margin-top: 0; color: inherit; opacity: 0.8;'>Caracter\u00edsticas T\u00e9cnicas<\/h3>\n<ul style='padding-left: 20px; font-size: 15px; color: inherit;'>\n<li style='margin-bottom: 5px;'><strong>N\u00famero de unidades de rack:<\/strong> 1<\/li>\n<li style='margin-bottom: 5px;'><strong>Ancho total (pulg.):<\/strong> 19.69<\/li>\n<li style='margin-bottom: 5px;'><strong>Ancho total (mm):<\/strong> 500.1<\/li>\n<li style='margin-bottom: 5px;'><strong>Profundidad total (pulg.):<\/strong> 15.11<\/li>\n<li style='margin-bottom: 5px;'><strong>Profundidad total (mm):<\/strong> 383.7<\/li>\n<li style='margin-bottom: 5px;'><strong>Altura total (pulg.):<\/strong> 1.73<\/li>\n<li style='margin-bottom: 5px;'><strong>Altura total (mm):<\/strong> 43.9<\/li>\n<li style='margin-bottom: 5px;'><strong>Cumple con:<\/strong> RoHS<\/li>\n<li style='margin-bottom: 5px;'><strong>Color:<\/strong> Negro<\/li>\n<\/ul><\/div>\n<p> <!-- Secci\u00f3n de capacidad de fibra --> <\/p>\n<div style='flex: 1 1 300px; min-width: 280px;'>\n<h3 style='font-size: 22px; border-bottom: 2px solid currentColor; padding-bottom: 5px; margin-top: 0; color: inherit; opacity: 0.8;'>Capacidad de Fibra<\/h3>\n<ul style='padding-left: 20px; font-size: 15px; color: inherit;'>\n<li style='margin-bottom: 5px;'><strong>Cantidad de fibras:<\/strong> Hasta 144 fibras<\/li>\n<li style='margin-bottom: 5px;'><strong>Configuraci\u00f3n:<\/strong> 12 Cassettes HD Flex\u2122 en 6 espacios<\/li>\n<li style='margin-bottom: 5px;'><strong>Compatibilidad:<\/strong> 6-port y 12-port<\/li>\n<li style='margin-bottom: 5px;'><strong>Conectividad:<\/strong> Acepta casetes y paneles adaptadores de fibra (FAP)<\/li>\n<\/ul><\/div>\n<\/p><\/div>\n<p> <!-- Secci\u00f3n de caracter\u00edsticas principales --> <\/p>\n<div style='display: flex; flex-wrap: wrap; gap: 20px; margin-bottom: 30px;'>\n<div style='flex: 1 1 250px; border: 1px solid rgba(150&comma; 150&comma; 150&comma; 0.4); border-radius: 8px; overflow: hidden; display: flex; flex-direction: column;'>\n<div style='padding: 15px; border-bottom: 1px solid rgba(150&comma; 150&comma; 150&comma; 0.2); font-weight: bold; font-size: 18px; color: inherit;'>Dise\u00f1o Modular<\/div>\n<div style='padding: 15px; color: inherit;'>\n<ul style='padding-left: 20px; margin: 0; font-size: 14px; list-style-type: disc;'>\n<li style='margin-bottom: 5px;'>Acepta hasta 12 casetes HD Flex\u2122 en 6 espacios<\/li>\n<li style='margin-bottom: 5px;'>Dise\u00f1o modular para mayor densidad en menos unidades de rack<\/li>\n<li style='margin-bottom: 5px;'>Compatible con todos los casetes y paneles adaptadores HD Flex\u2122<\/li>\n<\/ul><\/div>\n<\/p><\/div>\n<div style='flex: 1 1 250px; border: 1px solid rgba(150&comma; 150&comma; 150&comma; 0.4); border-radius: 8px; overflow: hidden; display: flex; flex-direction: column;'>\n<div style='padding: 15px; border-bottom: 1px solid rgba(150&comma; 150&comma; 150&comma; 0.2); font-weight: bold; font-size: 18px; color: inherit;'>Accesibilidad<\/div>\n<div style='padding: 15px; color: inherit;'>\n<ul style='padding-left: 20px; margin: 0; font-size: 14px; list-style-type: disc;'>\n<li style='margin-bottom: 5px;'>Acceso frontal y trasero a conexiones<\/li>\n<li style='margin-bottom: 5px;'>Bandeja deslizable con dos posiciones bloqueadas<\/li>\n<li style='margin-bottom: 5px;'>Bandeja dividida para operaci\u00f3n independiente de cada mitad<\/li>\n<\/ul><\/div>\n<\/p><\/div>\n<div style='flex: 1 1 250px; border: 1px solid rgba(150&comma; 150&comma; 150&comma; 0.4); border-radius: 8px; overflow: hidden; display: flex; flex-direction: column;'>\n<div style='padding: 15px; border-bottom: 1px solid rgba(150&comma; 150&comma; 150&comma; 0.2); font-weight: bold; font-size: 18px; color: inherit;'>Construcci\u00f3n<\/div>\n<div style='padding: 15px; color: inherit;'>\n<ul style='padding-left: 20px; margin: 0; font-size: 14px; list-style-type: disc;'>\n<li style='margin-bottom: 5px;'>Material: Acero<\/li>\n<li style='margin-bottom: 5px;'>Dise\u00f1o convertible entre configuraciones de 6-port y 12-port<\/li>\n<li style='margin-bottom: 5px;'>Montaje en rack EIA-310 de 19&#8242;<\/li>\n<\/ul><\/div>\n<\/p><\/div>\n<\/p><\/div>\n<p> <!-- Secci\u00f3n de aplicaciones --> <\/p>\n<div style='margin-bottom: 30px;'>\n<h3 style='font-size: 22px; border-bottom: 2px solid currentColor; padding-bottom: 5px; margin-top: 0; color: inherit; opacity: 0.8;'>Aplicaciones<\/h3>\n<p style='font-size: 15px; color: inherit; margin-bottom: 15px;'>Los Enclosures HD Flex\u2122 son componentes del sistema de cableado HD Flex\u2122 para aplicaciones de fibra \u00f3ptica. Se utilizan para manejar terminaciones&comma; conexiones y parcheo en todos tipos de \u00e1reas de distribuci\u00f3n (MDA&comma; HDA y EDA).<\/p>\n<\/p><\/div>\n<p> <!-- Secci\u00f3n de especificaciones t\u00e9cnicas adicionales --> <\/p>\n<div style='margin-bottom: 30px;'>\n<h3 style='font-size: 22px; border-bottom: 2px solid currentColor; padding-bottom: 5px; margin-top: 0; color: inherit; opacity: 0.8;'>Especificaciones T\u00e9cnicas Adicionales<\/h3>\n<ul style='padding-left: 20px; font-size: 15px; color: inherit;'>\n<li style='margin-bottom: 5px;'><strong>Transiciones:<\/strong> Compatible con transiciones de 12 y 18 fibras (FLEX-CLIP12\/FLEX-CLIP18)<\/li>\n<li style='margin-bottom: 5px;'><strong>Administraci\u00f3n de cables:<\/strong> Incluye soporte para montaje de cableado en rieles de rack<\/li>\n<li style='margin-bottom: 5px;'><strong>Capacidad de gesti\u00f3n de fibra:<\/strong> Hasta 144 fibras (12F MPO a 6 Duplex LC)<\/li>\n<li style='margin-bottom: 5px;'><strong>Compatibilidad:<\/strong> Con todos los casetes HD Flex\u2122 y paneles adaptadores de fibra (FAP)<\/li>\n<li style='margin-bottom: 5px;'><strong>Material:<\/strong> Acero y pl\u00e1stico<\/li>\n<\/ul><\/div>\n<p> <!-- Separador --> <\/p>\n<hr style='border: 0; border-top: 1px solid rgba(150&comma; 150&comma; 150&comma; 0.3); margin: 30px 0;'> <\/div>\n","protected":false},"excerpt":{"rendered":"<p>Panel de Distribuci?n de Fibra ?ptica con Bandeja Deslizable, Acepta 12 Cassettes HD Flex en 6 Espacios, Hasta 144 Fibras, 1 UR<\/p>\n","protected":false},"featured_media":9745,"comment_status":"open","ping_status":"closed","template":"","meta":[],"product_brand":[],"product_cat":[621],"product_tag":[622,611,445],"class_list":{"0":"post-9746","1":"product","2":"type-product","3":"status-publish","4":"has-post-thumbnail","6":"product_cat-distribuidores-de-fibra-optica","7":"product_tag-distribuidores-de-fibra-optica","8":"product_tag-fibra-optica","9":"product_tag-panduit","11":"first","12":"instock","13":"sale","14":"shipping-taxable","15":"purchasable","16":"product-type-simple"},"_links":{"self":[{"href":"https:\/\/soydeaqui.ddns.net\/pachuca\/index.php\/wp-json\/wp\/v2\/product\/9746","targetHints":{"allow":["GET"]}}],"collection":[{"href":"https:\/\/soydeaqui.ddns.net\/pachuca\/index.php\/wp-json\/wp\/v2\/product"}],"about":[{"href":"https:\/\/soydeaqui.ddns.net\/pachuca\/index.php\/wp-json\/wp\/v2\/types\/product"}],"replies":[{"embeddable":true,"href":"https:\/\/soydeaqui.ddns.net\/pachuca\/index.php\/wp-json\/wp\/v2\/comments?post=9746"}],"wp:featuredmedia":[{"embeddable":true,"href":"https:\/\/soydeaqui.ddns.net\/pachuca\/index.php\/wp-json\/wp\/v2\/media\/9745"}],"wp:attachment":[{"href":"https:\/\/soydeaqui.ddns.net\/pachuca\/index.php\/wp-json\/wp\/v2\/media?parent=9746"}],"wp:term":[{"taxonomy":"product_brand","embeddable":true,"href":"https:\/\/soydeaqui.ddns.net\/pachuca\/index.php\/wp-json\/wp\/v2\/product_brand?post=9746"},{"taxonomy":"product_cat","embeddable":true,"href":"https:\/\/soydeaqui.ddns.net\/pachuca\/index.php\/wp-json\/wp\/v2\/product_cat?post=9746"},{"taxonomy":"product_tag","embeddable":true,"href":"https:\/\/soydeaqui.ddns.net\/pachuca\/index.php\/wp-json\/wp\/v2\/product_tag?post=9746"}],"curies":[{"name":"wp","href":"https:\/\/api.w.org\/{rel}","templated":true}]}}