{"id":9743,"date":"2026-03-18T07:26:21","date_gmt":"2026-03-18T07:26:21","guid":{"rendered":"https:\/\/soydeaqui.ddns.net\/pachuca\/index.php\/producto\/ferrul-de-cobre-din-amarillo-para-cable-10-awg-con-largo-12-mm-paquete-de-100-piezas\/"},"modified":"2026-03-18T07:26:22","modified_gmt":"2026-03-18T07:26:22","slug":"ferrul-de-cobre-din-amarillo-para-cable-10-awg-con-largo-12-mm-paquete-de-100-piezas","status":"publish","type":"product","link":"https:\/\/soydeaqui.ddns.net\/pachuca\/index.php\/producto\/ferrul-de-cobre-din-amarillo-para-cable-10-awg-con-largo-12-mm-paquete-de-100-piezas\/","title":{"rendered":"Ferr\u00fal de cobre DIN Amarillo para Cable 10 AWG con largo 12 mm.  Paquete de 100 Piezas"},"content":{"rendered":"<div style='width: 100%; max-width: 1200px; margin: 0 auto; font-family: sans-serif; line-height: 1.6; color: inherit; background-color: transparent;'>\n<div style='display: flex; flex-direction: column; gap: 20px;'>\n<div style='text-align: center;'> <img style='width: 300px; height: auto; border: 1px solid rgba(150&comma;150&comma;150&comma;0.3); border-radius: 8px;' src='https:\/\/ftp3.syscom.mx\/usuarios\/fotos\/SCL2\/0X\/214870-217843-panduit-logo-tm-negro-fondo_trans30-01_(002)_(1).png' alt=''> <\/div>\n<div style='border: 1px solid rgba(150&comma; 150&comma; 150&comma; 0.3); border-radius: 8px; padding: 20px;'>\n<h1 style='font-size: 24px; margin: 0 0 15px; color: inherit; opacity: 0.9; font-weight: 600; line-height: 1.3;'> Ferr\u00fal Pan-Term\u00ae DIN Amarillo para Cable 10 AWG con largo 12 mm. Paquete de 100 Piezas <\/h1>\n<div style='margin-top: 20px;'>\n<h3 style='font-size: 18px; margin: 0 0 10px; color: inherit; opacity: 0.8; font-weight: 600;'> FSD82-12-C <\/h3>\n<p style='margin: 15px 0; color: inherit; font-size: 15px; opacity: 0.95;'> La f\u00e9rula FSD82-12-C Pan-Term\u2122 es una manga para extremo de f\u00e9rula de cable \u00fanico cubierta. Dise\u00f1ado con un tambor integrado que contiene trenzados de cable suelto para brindar mejores terminaciones. La protecci\u00f3n de pl\u00e1stico acelera y simplifica la inserci\u00f3n de cables y reduce el costo de instalaci\u00f3n. Facilita la inserci\u00f3n del cable en el bloque de terminales y es apta para aplicaciones de panel con espacio limitado. <\/p>\n<div style='margin-top: 20px; text-align: center;'> <img style='width: 100%; max-width: 600px; height: auto; border: 1px solid rgba(150&comma;150&comma;150&comma;0.3); border-radius: 8px;' src='https:\/\/ftp3.syscom.mx\/usuarios\/fotos\/FSD8212C\/191262-captura_de_pantalla_2023-06-14_a_la(s)_17.58.00.png' alt=''> <\/div>\n<\/p><\/div>\n<\/p><\/div>\n<\/p><\/div>\n<\/p><\/div>\n","protected":false},"excerpt":{"rendered":"<p>Ferr\u00fal de cobre DIN Amarillo para Cable 10 AWG con largo 12 mm.  Paquete de 100 Piezas<\/p>\n","protected":false},"featured_media":9742,"comment_status":"open","ping_status":"closed","template":"","meta":[],"product_brand":[],"product_cat":[633],"product_tag":[634,445,605],"class_list":{"0":"post-9743","1":"product","2":"type-product","3":"status-publish","4":"has-post-thumbnail","6":"product_cat-accesorios-para-rack-gabinetes","7":"product_tag-accesorios-para-rack-gabinetes","8":"product_tag-panduit","9":"product_tag-racks-y-gabinetes","11":"first","12":"instock","13":"sale","14":"shipping-taxable","15":"purchasable","16":"product-type-simple"},"_links":{"self":[{"href":"https:\/\/soydeaqui.ddns.net\/pachuca\/index.php\/wp-json\/wp\/v2\/product\/9743","targetHints":{"allow":["GET"]}}],"collection":[{"href":"https:\/\/soydeaqui.ddns.net\/pachuca\/index.php\/wp-json\/wp\/v2\/product"}],"about":[{"href":"https:\/\/soydeaqui.ddns.net\/pachuca\/index.php\/wp-json\/wp\/v2\/types\/product"}],"replies":[{"embeddable":true,"href":"https:\/\/soydeaqui.ddns.net\/pachuca\/index.php\/wp-json\/wp\/v2\/comments?post=9743"}],"wp:featuredmedia":[{"embeddable":true,"href":"https:\/\/soydeaqui.ddns.net\/pachuca\/index.php\/wp-json\/wp\/v2\/media\/9742"}],"wp:attachment":[{"href":"https:\/\/soydeaqui.ddns.net\/pachuca\/index.php\/wp-json\/wp\/v2\/media?parent=9743"}],"wp:term":[{"taxonomy":"product_brand","embeddable":true,"href":"https:\/\/soydeaqui.ddns.net\/pachuca\/index.php\/wp-json\/wp\/v2\/product_brand?post=9743"},{"taxonomy":"product_cat","embeddable":true,"href":"https:\/\/soydeaqui.ddns.net\/pachuca\/index.php\/wp-json\/wp\/v2\/product_cat?post=9743"},{"taxonomy":"product_tag","embeddable":true,"href":"https:\/\/soydeaqui.ddns.net\/pachuca\/index.php\/wp-json\/wp\/v2\/product_tag?post=9743"}],"curies":[{"name":"wp","href":"https:\/\/api.w.org\/{rel}","templated":true}]}}