{"id":97335,"date":"2026-03-20T08:51:59","date_gmt":"2026-03-20T08:51:59","guid":{"rendered":"https:\/\/soydeaqui.ddns.net\/pachuca\/index.php\/producto\/camara-bala-ip-2mp-wifi-audio-de-2-vias-almacenamiento-en-microsd-lente-de-4mm-angulo-de-apertura-90-grados-ip65\/"},"modified":"2026-03-20T08:52:08","modified_gmt":"2026-03-20T08:52:08","slug":"camara-bala-ip-2mp-wifi-audio-de-2-vias-almacenamiento-en-microsd-lente-de-4mm-angulo-de-apertura-90-grados-ip65","status":"publish","type":"product","link":"https:\/\/soydeaqui.ddns.net\/pachuca\/index.php\/producto\/camara-bala-ip-2mp-wifi-audio-de-2-vias-almacenamiento-en-microsd-lente-de-4mm-angulo-de-apertura-90-grados-ip65\/","title":{"rendered":"CAMARA BALA IP 2MP| WIFI | AUDIO DE 2 VIAS| ALMACENAMIENTO EN MICROSD| LENTE DE 4MM | ANGULO DE APERTURA 90 GRADOS IP65"},"content":{"rendered":"<div style='width: 100%; max-width: 1200px; margin: 0 auto; font-family: sans-serif; line-height: 1.6; color: inherit; background-color: transparent;'>\n<div style='display: flex; flex-wrap: wrap; gap: 30px; margin-bottom: 30px;'>\n<div style='flex: 1 1 300px; min-width: 280px;'>\n<h3 style='font-size: 22px; border-bottom: 2px solid currentColor; padding-bottom: 5px; margin-top: 0; color: inherit; opacity: 0.8;'>Caracter\u00edsticas Principales<\/h3>\n<ul style='padding-left: 20px; font-size: 15px; color: inherit;'>\n<li style='margin-bottom: 5px;'>Resoluci\u00f3n: 2MP (1920 x 1080).<\/li>\n<li style='margin-bottom: 5px;'>Visualizaci\u00f3n nocturna: Cambio autom\u00e1tico.<\/li>\n<li style='margin-bottom: 5px;'>\u00c1ngulo de visualizaci\u00f3n: Diagonal: 90\u00b0&comma; Horizontal: 80\u00b0.<\/li>\n<li style='margin-bottom: 5px;'>Audio bidireccional.<\/li>\n<li style='margin-bottom: 5px;'>Soporta detecci\u00f3n de movimiento.<\/li>\n<li style='margin-bottom: 5px;'>Soporta grabaci\u00f3n continua.<\/li>\n<li style='margin-bottom: 5px;'>Soporta almacenamiento la nube directo en la aplicaci\u00f3n EpcomSmart Home.<\/li>\n<li style='margin-bottom: 5px;'>Soporta protocolo ONVIF. <a style='color: inherit; text-decoration: underline;' href='https:\/\/soporte.syscom.mx\/es\/articles\/10458413-smarthome-by-epcom-como-activar-protocolo-onvif' target='_blank' rel='noopener noreferrer'>Activaci\u00f3n y configuraci\u00f3n de protocolo Onvif<\/a><\/li>\n<\/ul><\/div>\n<div style='flex: 1 1 300px; min-width: 280px;'>\n<h3 style='font-size: 22px; border-bottom: 2px solid currentColor; padding-bottom: 5px; margin-top: 0; color: inherit; opacity: 0.8;'>Caracter\u00edsticas F\u00edsicas y El\u00e9ctricas<\/h3>\n<ul style='padding-left: 20px; font-size: 15px; color: inherit;'>\n<li style='margin-bottom: 5px;'>Alimentaci\u00f3n: 12 Volts&comma; 1A (Eliminador incluido).<\/li>\n<li style='margin-bottom: 5px;'>Almacenamiento: MicroSD hasta 256GB.<\/li>\n<li style='margin-bottom: 5px;'>Temperatura de operaci\u00f3n: -10\u00b0C ~ 50\u00b0C.<\/li>\n<li style='margin-bottom: 5px;'>Humedad: Menos del 95% (sin condensaci\u00f3n).<\/li>\n<li style='margin-bottom: 5px;'>Wi-Fi: 2.4GHz (802.11 b\/g\/n).<\/li>\n<li style='margin-bottom: 5px;'>Nivel de protecci\u00f3n: IP65&comma; para exteriores.<\/li>\n<\/ul><\/div>\n<div style='flex: 1 1 300px; min-width: 280px;'>\n<h3 style='font-size: 22px; border-bottom: 2px solid currentColor; padding-bottom: 5px; margin-top: 0; color: inherit; opacity: 0.8;'>Caracter\u00edsticas destacadas<\/h3>\n<ul style='padding-left: 20px; font-size: 15px; color: inherit;'>\n<li style='margin-bottom: 5px;'>Lente de 4 mm.<\/li>\n<li style='margin-bottom: 5px;'>\u00c1ngulo de visualizaci\u00f3n: Diagonal: 90\u00b0&comma; Horizontal: 80\u00b0.<\/li>\n<li style='margin-bottom: 5px;'>Modo D\u00eda\/Noche: Cambio autom\u00e1tico.<\/li>\n<li style='margin-bottom: 5px;'>Soporta grabaci\u00f3n continua y almacenamiento en la nube.<\/li>\n<li style='margin-bottom: 5px;'>Soporta colocaci\u00f3n en diversos entornos.<\/li>\n<\/ul><\/div>\n<\/p><\/div>\n<div style='display: flex; flex-wrap: wrap; gap: 30px; margin-bottom: 30px;'>\n<div style='flex: 1 1 100%;'> <img style='width: 100%; height: auto; border: 1px solid rgba(150&comma;150&comma;150&comma;0.3); border-radius: 8px;' src='https:\/\/ftp3.syscom.mx\/usuarios\/albamaria\/albamaria\/smarthomepoweredbyepcom\/smarthome-by-epcom.jpg' alt='Logo Smarthome by Epcom'> <\/div>\n<\/p><\/div>\n<div style='display: flex; flex-wrap: wrap; gap: 30px; margin-bottom: 30px;'>\n<div style='flex: 1 1 100%;'> <img style='width: 100%; height: auto; border: 1px solid rgba(150&comma;150&comma;150&comma;0.3); border-radius: 8px;' src='https:\/\/ftp3.syscom.mx\/usuarios\/albamaria\/albamaria\/smarthomepoweredbyepcom\/banner%20epcomSmart%20home.jpg' alt='Banner Epcom Smart Home'> <\/div>\n<\/p><\/div>\n<div style='display: flex; flex-wrap: wrap; gap: 30px; margin-bottom: 30px;'>\n<div style='flex: 1 1 100%;'> <img style='width: 100%; height: auto; border: 1px solid rgba(150&comma;150&comma;150&comma;0.3); border-radius: 8px;' src='http:\/\/ftp3.syscom.mx\/usuarios\/mbarrio\/bll\/DiagramaSHS.JPG' alt='Diagrama de instalaci\u00f3n'> <\/div>\n<\/p><\/div>\n<hr style='border: 0; border-top: 1px solid rgba(150&comma; 150&comma; 150&comma; 0.3); margin: 30px 0;'> <\/div>\n","protected":false},"excerpt":{"rendered":"<p>CAMARA BALA IP 2MP| WIFI | AUDIO DE 2 VIAS| ALMACENAMIENTO EN MICROSD| LENTE DE 4MM | ANGULO DE APERTURA 90 GRADOS IP65<\/p>\n","protected":false},"featured_media":97334,"comment_status":"open","ping_status":"closed","template":"","meta":[],"product_brand":[],"product_cat":[121],"product_tag":[122,187,123],"class_list":{"0":"post-97335","1":"product","2":"type-product","3":"status-publish","4":"has-post-thumbnail","6":"product_cat-wifi-4g-inalambricas","7":"product_tag-camaras-ip-y-nvrs","8":"product_tag-smarthome-by-epcom","9":"product_tag-wifi-4g-inalambricas","11":"first","12":"instock","13":"sale","14":"shipping-taxable","15":"purchasable","16":"product-type-simple"},"_links":{"self":[{"href":"https:\/\/soydeaqui.ddns.net\/pachuca\/index.php\/wp-json\/wp\/v2\/product\/97335","targetHints":{"allow":["GET"]}}],"collection":[{"href":"https:\/\/soydeaqui.ddns.net\/pachuca\/index.php\/wp-json\/wp\/v2\/product"}],"about":[{"href":"https:\/\/soydeaqui.ddns.net\/pachuca\/index.php\/wp-json\/wp\/v2\/types\/product"}],"replies":[{"embeddable":true,"href":"https:\/\/soydeaqui.ddns.net\/pachuca\/index.php\/wp-json\/wp\/v2\/comments?post=97335"}],"wp:featuredmedia":[{"embeddable":true,"href":"https:\/\/soydeaqui.ddns.net\/pachuca\/index.php\/wp-json\/wp\/v2\/media\/97334"}],"wp:attachment":[{"href":"https:\/\/soydeaqui.ddns.net\/pachuca\/index.php\/wp-json\/wp\/v2\/media?parent=97335"}],"wp:term":[{"taxonomy":"product_brand","embeddable":true,"href":"https:\/\/soydeaqui.ddns.net\/pachuca\/index.php\/wp-json\/wp\/v2\/product_brand?post=97335"},{"taxonomy":"product_cat","embeddable":true,"href":"https:\/\/soydeaqui.ddns.net\/pachuca\/index.php\/wp-json\/wp\/v2\/product_cat?post=97335"},{"taxonomy":"product_tag","embeddable":true,"href":"https:\/\/soydeaqui.ddns.net\/pachuca\/index.php\/wp-json\/wp\/v2\/product_tag?post=97335"}],"curies":[{"name":"wp","href":"https:\/\/api.w.org\/{rel}","templated":true}]}}