{"id":97319,"date":"2026-03-20T08:51:18","date_gmt":"2026-03-20T08:51:18","guid":{"rendered":"https:\/\/soydeaqui.ddns.net\/pachuca\/index.php\/producto\/controlador-de-video-wall-1-entrada-de-fuente-fuente-hdmi-a-9-salidas-hdmi-3x3-4k60hz\/"},"modified":"2026-03-20T08:51:27","modified_gmt":"2026-03-20T08:51:27","slug":"controlador-de-video-wall-1-entrada-de-fuente-fuente-hdmi-a-9-salidas-hdmi-3x3-4k60hz","status":"publish","type":"product","link":"https:\/\/soydeaqui.ddns.net\/pachuca\/index.php\/producto\/controlador-de-video-wall-1-entrada-de-fuente-fuente-hdmi-a-9-salidas-hdmi-3x3-4k60hz\/","title":{"rendered":"Controlador de video Wall | 1 entrada de fuente fuente HDMI a 9 salidas HDMI | 3&#215;3 | 4K60Hz"},"content":{"rendered":"<div style='width: 100%; max-width: 1200px; margin: 0 auto; font-family: sans-serif; line-height: 1.6; color: inherit; background-color: transparent;'> <!-- IMAGEN 1 --> <\/p>\n<p><img style='width: 100%; height: auto; border: 1px solid rgba(150&comma;150&comma;150&comma;0.3); border-radius: 8px;' src='https:\/\/ftp3.syscom.mx\/usuarios\/luis.vargas\/EpcomTitanium\/titaniumup.jpg' alt=''><\/p>\n<p> <!-- Informaci\u00f3n del producto --> <\/p>\n<div style='display: flex; flex-direction: column; align-items: center; text-align: center; margin: 30px 0;'>\n<h1 style='font-size: 28px; color: inherit; margin: 0;'>TT109VW4K<\/h1>\n<h3 style='font-size: 22px; color: inherit; margin: 10px 0;'>Controlador de pared de video 4K60Hz 3X3<\/h3>\n<p style='font-size: 15px; color: inherit; margin: 20px 0; max-width: 800px;'>Controlador de video wall de 1 entrada y 9 salidas que admite una entrada de fuente HDMI y nueve salidas HDMI. Admite modos de empalme 1&#215;2\/1&#215;3\/1&#215;4\/2&#215;2\/2&#215;3\/3&#215;2\/2&#215;4\/4&#215;2\/3&#215;3&comma; que se pueden configurar mediante RS-232 o interruptor DIP. Equipado con salida de audio de 3&comma;5 mm&comma; salida de audio S\/PDIF y rotaci\u00f3n de 180 grados de la imagen de visualizaci\u00f3n. El producto puede adaptarse de manera flexible a diferentes requisitos de instalaci\u00f3n&comma; lo que puede usarse ampliamente en monitoreo de seguridad&comma; tr\u00e1nsito ferroviario&comma; radiodifusi\u00f3n&comma; ciudades inteligentes&comma; cine en casa&comma; formaci\u00f3n y otros campos<\/p>\n<\/p><\/div>\n<p> <!-- Caracter\u00edsticas --> <\/p>\n<div style='display: flex; flex-wrap: wrap; gap: 30px; margin-bottom: 30px;'> <!-- Caracter\u00edsticas Principales --> <\/p>\n<div style='flex: 1 1 300px; min-width: 280px;'> <img style='width: 100%; height: auto; border: 1px solid rgba(150&comma;150&comma;150&comma;0.3); border-radius: 8px;' src='https:\/\/ftp3.syscom.mx\/usuarios\/luis.vargas\/EpcomTitanium\/TT109VW-4K\/TT109VW-4K-1.jpg' alt=''> <\/p>\n<div style='border: 1px solid rgba(150&comma; 150&comma; 150&comma; 0.4); border-radius: 8px; overflow: hidden; margin-top: 15px;'>\n<div style='padding: 15px; border-bottom: 1px solid rgba(150&comma; 150&comma; 150&comma; 0.2); font-weight: bold; font-size: 18px; color: inherit;'>Caracter\u00edsticas Principales:<\/div>\n<div style='padding: 15px; color: inherit;'>\n<ul style='padding-left: 20px; margin: 0; font-size: 14px; list-style-type: disc;'>\n<li style='margin-bottom: 5px;'>HDMI: HDMI 2.0<\/li>\n<li style='margin-bottom: 5px;'>HDCP: HDCP2.2\/HDCP1.4<\/li>\n<li style='margin-bottom: 5px;'>Ancho de banda de video: 18G<\/li>\n<li style='margin-bottom: 5px;'>Formato de audio: PCM<\/li>\n<li style='margin-bottom: 5px;'>Soporte de resoluci\u00f3n:<\/li>\n<ul style='padding-left: 25px; margin: 5px 0;'>\n<li style='margin-bottom: 5px;'>Entrada: 4096&#215;2160@24\/25\/30\/50\/60Hz&comma; 3840&#215;2160@24\/25\/30\/50\/60Hz&comma; 3440&#215;1440@60Hz&comma; 2560&#215;1600@60Hz&comma; 2560&#215;1440@60Hz&comma; 2560&#215;1080@60Hz&comma; 1920&#215;1200@60Hz<\/li>\n<li style='margin-bottom: 5px;'>Salida: Cuando el modo es 0000\/0001\/0010&comma; la salida m\u00e1xima es 1080P@30Hz; otros modos tienen una salida m\u00e1xima de 1080P@60Hz.<\/li>\n<li style='margin-bottom: 5px;'>Entrada: 1080P@24\/25\/30\/50\/60Hz<\/li>\n<li style='margin-bottom: 5px;'>Salida: 1080P@24\/25\/30\/50\/60Hz en todo modo<\/li>\n<\/ul>\n<\/ul><\/div>\n<\/p><\/div>\n<\/p><\/div>\n<p> <!-- Caracter\u00edsticas F\u00edsicas y El\u00e9ctricas --> <\/p>\n<div style='flex: 1 1 300px; min-width: 280px;'> <img style='width: 100%; height: auto; border: 1px solid rgba(150&comma;150&comma;150&comma;0.3); border-radius: 8px;' src='https:\/\/ftp3.syscom.mx\/usuarios\/luis.vargas\/EpcomTitanium\/TT109VW-4K\/TT109VW-4K-2.jpg' alt=''> <\/p>\n<div style='border: 1px solid rgba(150&comma; 150&comma; 150&comma; 0.4); border-radius: 8px; overflow: hidden; margin-top: 15px;'>\n<div style='padding: 15px; border-bottom: 1px solid rgba(150&comma; 150&comma; 150&comma; 0.2); font-weight: bold; font-size: 18px; color: inherit;'>Caracter\u00edsticas F\u00edsicas y El\u00e9ctricas:<\/div>\n<div style='padding: 15px; color: inherit;'>\n<ul style='padding-left: 20px; margin: 0; font-size: 14px; list-style-type: disc;'>\n<li style='margin-bottom: 5px;'>Entrada HDMI x 1<\/li>\n<li style='margin-bottom: 5px;'>Salida HDMI x 9&comma; S\/PDIF x 1&comma; L\/R audio x 1&comma; RS232 x 1<\/li>\n<li style='margin-bottom: 5px;'>Modo de empalme: 1&#215;2\/1&#215;3\/1&#215;4\/2&#215;2\/2&#215;3\/3&#215;2\/2&#215;4\/4&#215;2\/3&#215;3<\/li>\n<li style='margin-bottom: 5px;'>Dip switch: Apoyo<\/li>\n<li style='margin-bottom: 5px;'>RS-232 (GND\/RxD\/TxD)&comma; Velocidad de transmisi\u00f3n: 9600. El modo se puede cambiar usando RS-232 solo cuando el interruptor DIP est\u00e1 configurado en 1111<\/li>\n<li style='margin-bottom: 5px;'>Alojamiento: Met\u00e1lico<\/li>\n<li style='margin-bottom: 5px;'>Dimensiones: 265(L) x 105(W) x 25(H) mm<\/li>\n<li style='margin-bottom: 5px;'>Peso neto: 844g<\/li>\n<li style='margin-bottom: 5px;'>Fuente de alimentaci\u00f3n: DC12V2A<\/li>\n<li style='margin-bottom: 5px;'>Consumo: <17W<\/li>\n<li style='margin-bottom: 5px;'>Temperatura de operaci\u00f3n: -20\u00b0C~60\u00b0C<\/li>\n<li style='margin-bottom: 5px;'>Temperatura de almacenamiento: -30\u00b0C~70\u00b0C<\/li>\n<li style='margin-bottom: 5px;'>Humedad relativa: 0~90% (sin condensaci\u00f3n)<\/li>\n<li style='margin-bottom: 5px;'>Protecci\u00f3n est\u00e1tica:<\/li>\n<ul style='padding-left: 25px; margin: 5px 0;'>\n<li style='margin-bottom: 5px;'>Protecci\u00f3n ESD<\/li>\n<li style='margin-bottom: 5px;'>Descarga de contacto: Nivel 2 (\u00b14KV)<\/li>\n<li style='margin-bottom: 5px;'>Descarga de aire: Nivel 3 (\u00b18KV)<\/li>\n<li style='margin-bottom: 5px;'>Est\u00e1ndar: IEC61000-4-2<\/li>\n<\/ul>\n<\/ul><\/div>\n<\/p><\/div>\n<\/p><\/div>\n<p> <!-- Caracter\u00edsticas Destacadas --> <\/p>\n<div style='flex: 1 1 300px; min-width: 280px;'> <img style='width: 100%; height: auto; border: 1px solid rgba(150&comma;150&comma;150&comma;0.3); border-radius: 8px;' src='https:\/\/ftp3.syscom.mx\/usuarios\/luis.vargas\/EpcomTitanium\/TT109VW-4K\/TT109VW-4K-3.jpg' alt=''> <\/p>\n<div style='border: 1px solid rgba(150&comma; 150&comma; 150&comma; 0.4); border-radius: 8px; overflow: hidden; margin-top: 15px;'>\n<div style='padding: 15px; border-bottom: 1px solid rgba(150&comma; 150&comma; 150&comma; 0.2); font-weight: bold; font-size: 18px; color: inherit;'>Caracter\u00edsticas Destacadas:<\/div>\n<div style='padding: 15px; color: inherit;'>\n<ul style='padding-left: 20px; margin: 0; font-size: 14px; list-style-type: disc;'>\n<li style='margin-bottom: 5px;'>Admitir salida de audio S\/PDIF.<\/li>\n<li style='margin-bottom: 5px;'>Plug and play sin ning\u00fan ajuste manual.<\/li>\n<li style='margin-bottom: 5px;'>Protecci\u00f3n contra rayos&comma; protecci\u00f3n contra sobretensiones&comma; protecci\u00f3n ESD.<\/li>\n<li style='margin-bottom: 5px;'>Admite rotaci\u00f3n de 180 grados de la imagen de pantalla HDMI en modo 2&#215;2\/2X3\/2X4 (cuando las pantallas superiores est\u00e1n instaladas al rev\u00e9s).<\/li>\n<li style='margin-bottom: 5px;'>Admita el modo de empalme de conmutaci\u00f3n del interruptor DIP.<\/li>\n<\/ul><\/div>\n<\/p><\/div>\n<\/p><\/div>\n<\/p><\/div>\n<p> <!-- IMAGEN 2 --> <\/p>\n<p><img style='width: 100%; height: auto; border: 1px solid rgba(150&comma;150&comma;150&comma;0.3); border-radius: 8px;' src='https:\/\/ftp3.syscom.mx\/usuarios\/luis.vargas\/EpcomTitanium\/TT109VW-4K\/TT109VW-4K.jpg' alt=''><\/p>\n<p> <!-- PDF --> <\/p>\n<div style='position: relative; padding-bottom: 56.25%; height: 0; overflow: hidden; margin: 30px 0;'>   <\/div>\n<p> <!-- IMAGEN 3 --> <\/p>\n<p><img style='width: 100%; height: auto; border: 1px solid rgba(150&comma;150&comma;150&comma;0.3); border-radius: 8px;' src='https:\/\/ftp3.syscom.mx\/usuarios\/ccasares\/CCTV\/Espanol_2.jpg' alt=''><\/p>\n<p> <!-- IMAGEN 4 --> <\/p>\n<p><img style='width: 100%; height: auto; border: 1px solid rgba(150&comma;150&comma;150&comma;0.3); border-radius: 8px;' src='https:\/\/ftp3.syscom.mx\/usuarios\/ccasares\/CCTV\/espanol_3.jpg' alt=''><\/p>\n<\/p><\/div>\n","protected":false},"excerpt":{"rendered":"<p>Controlador de video Wall | 1 entrada de fuente fuente HDMI a 9 salidas HDMI | 3&#215;3 | 4K60Hz<\/p>\n","protected":false},"featured_media":97318,"comment_status":"open","ping_status":"closed","template":"","meta":[],"product_brand":[],"product_cat":[2073,2074,2077,2075,2072,2076],"product_tag":[417,2079,2080,2083,507,2081,2078,2082],"class_list":{"0":"post-97319","1":"product","2":"type-product","3":"status-publish","4":"has-post-thumbnail","6":"product_cat-convertidores","7":"product_cat-divisores","8":"product_cat-dvi","9":"product_cat-hdmi","10":"product_cat-kits-extensores","11":"product_cat-vga","12":"product_tag-accesorios-generales","13":"product_tag-convertidores","14":"product_tag-divisores","15":"product_tag-dvi","16":"product_tag-epcom-titanium","17":"product_tag-hdmi","18":"product_tag-kits-extensores","19":"product_tag-vga","21":"first","22":"instock","23":"sale","24":"shipping-taxable","25":"purchasable","26":"product-type-simple"},"_links":{"self":[{"href":"https:\/\/soydeaqui.ddns.net\/pachuca\/index.php\/wp-json\/wp\/v2\/product\/97319","targetHints":{"allow":["GET"]}}],"collection":[{"href":"https:\/\/soydeaqui.ddns.net\/pachuca\/index.php\/wp-json\/wp\/v2\/product"}],"about":[{"href":"https:\/\/soydeaqui.ddns.net\/pachuca\/index.php\/wp-json\/wp\/v2\/types\/product"}],"replies":[{"embeddable":true,"href":"https:\/\/soydeaqui.ddns.net\/pachuca\/index.php\/wp-json\/wp\/v2\/comments?post=97319"}],"wp:featuredmedia":[{"embeddable":true,"href":"https:\/\/soydeaqui.ddns.net\/pachuca\/index.php\/wp-json\/wp\/v2\/media\/97318"}],"wp:attachment":[{"href":"https:\/\/soydeaqui.ddns.net\/pachuca\/index.php\/wp-json\/wp\/v2\/media?parent=97319"}],"wp:term":[{"taxonomy":"product_brand","embeddable":true,"href":"https:\/\/soydeaqui.ddns.net\/pachuca\/index.php\/wp-json\/wp\/v2\/product_brand?post=97319"},{"taxonomy":"product_cat","embeddable":true,"href":"https:\/\/soydeaqui.ddns.net\/pachuca\/index.php\/wp-json\/wp\/v2\/product_cat?post=97319"},{"taxonomy":"product_tag","embeddable":true,"href":"https:\/\/soydeaqui.ddns.net\/pachuca\/index.php\/wp-json\/wp\/v2\/product_tag?post=97319"}],"curies":[{"name":"wp","href":"https:\/\/api.w.org\/{rel}","templated":true}]}}