{"id":97113,"date":"2026-03-20T08:42:38","date_gmt":"2026-03-20T08:42:38","guid":{"rendered":"https:\/\/soydeaqui.ddns.net\/pachuca\/index.php\/producto\/kit-de-transceptor-balluns-turbohd-con-boton-push-hasta-8-mp-4k-100-cobre-soporta-hd-tvi-ahd-cvi-cvbs-audio-por-coaxitron-datos-para-menu-de-configurar-de-camaras\/"},"modified":"2026-03-20T08:42:56","modified_gmt":"2026-03-20T08:42:56","slug":"kit-de-transceptor-balluns-turbohd-con-boton-push-hasta-8-mp-4k-100-cobre-soporta-hd-tvi-ahd-cvi-cvbs-audio-por-coaxitron-datos-para-menu-de-configurar-de-camaras","status":"publish","type":"product","link":"https:\/\/soydeaqui.ddns.net\/pachuca\/index.php\/producto\/kit-de-transceptor-balluns-turbohd-con-boton-push-hasta-8-mp-4k-100-cobre-soporta-hd-tvi-ahd-cvi-cvbs-audio-por-coaxitron-datos-para-menu-de-configurar-de-camaras\/","title":{"rendered":"Kit de Transceptor (Balluns) TURBOHD con Boton Push \/ Hasta 8 MP (4K) \/ 100% Cobre \/ Soporta HD-TVI \/ AHD \/ CVI \/ CVBS \/ Audio por Coaxitron \/ Datos para Menu de Configurar de C\u00e1maras"},"content":{"rendered":"<div style='width: 100%; max-width: 1200px; margin: 0 auto; font-family: sans-serif; line-height: 1.6; color: inherit; background-color: transparent;'> <!-- Imagen principal --> <\/p>\n<div style='text-align: center; margin-bottom: 30px;'> <img style='width: 45%; height: auto; border: 1px solid rgba(150&comma;150&comma;150&comma;0.3); border-radius: 8px; max-width: 100%;' src='https:\/\/ftp3.syscom.mx\/usuarios\/fotos\/IPCB120\/143291-hilook.png' alt=''> <\/div>\n<p> <!-- Video YouTube --> <\/p>\n<div style='position: relative; padding-bottom: 56.25%; height: 0; overflow: hidden; margin-bottom: 30px;'>   <\/div>\n<p> <!-- Secci\u00f3n de caracter\u00edsticas --> <\/p>\n<div style='display: flex; flex-wrap: wrap; gap: 30px; margin-bottom: 30px;'>\n<div style='flex: 1 1 300px; min-width: 280px;'>\n<h3 style='font-size: 22px; border-bottom: 2px solid currentColor; padding-bottom: 5px; margin-top: 0; color: inherit; opacity: 0.8;'>Caracter\u00edsticas principales:<\/h3>\n<ul style='padding-left: 20px; font-size: 15px; color: inherit;'>\n<li style='margin-bottom: 5px;'>Transceptor de video compatible con todas las c\u00e1maras epcom y HIKVISION.<\/li>\n<li style='margin-bottom: 5px;'>Acepta resolucion de: 8 Megapixel \/ 5 Megapixel \/ 4 Megapixel \/ 3 Megapixel \/ 2 Megapixel \/ 1 Megapixel.<\/li>\n<li style='margin-bottom: 5px;'>Compatible con cable cat 5e y cat 6.<\/li>\n<li style='margin-bottom: 5px;'>Distancias de video hasta 150 mts (8 Megapixel).<\/li>\n<li style='margin-bottom: 5px;'>Distancias de video hasta 180 mts (5 Megapixel).<\/li>\n<li style='margin-bottom: 5px;'>Distancias de video hasta 250 mts (2 Megapixel).<\/li>\n<li style='margin-bottom: 5px;'>Distancias de video hasta 400 mts (1 Megapixel o analogico).<\/li>\n<\/ul><\/div>\n<div style='flex: 1 1 300px; min-width: 280px;'>\n<h3 style='font-size: 22px; border-bottom: 2px solid currentColor; padding-bottom: 5px; margin-top: 0; color: inherit; opacity: 0.8;'>Caracter\u00edsticas F\u00edsicas y El\u00e9ctricas:<\/h3>\n<ul style='padding-left: 20px; font-size: 15px; color: inherit;'>\n<li style='margin-bottom: 5px;'>Color negro.<\/li>\n<li style='margin-bottom: 5px;'>Inmunidad de ruido de 60 dB.<\/li>\n<li style='margin-bottom: 5px;'>Impedancia de 75 Ohms.<\/li>\n<li style='margin-bottom: 5px;'>Temperatura de operaci\u00f3n: -20\u00ba &#8211; 55\u00baC.<\/li>\n<li style='margin-bottom: 5px;'>Dimensiones: 38.4 x 18.6 x 19.5 mm.<\/li>\n<li style='margin-bottom: 5px;'>Peso: 22 gramos.<\/li>\n<\/ul><\/div>\n<\/p><\/div>\n<p> <!-- Separador --> <\/p>\n<hr style='border: 0; border-top: 1px solid rgba(150&comma; 150&comma; 150&comma; 0.3); margin: 30px 0;'> <!-- Imagen adicional --> <\/p>\n<div style='text-align: center; margin-top: 30px;'> <img style='width: 100%; height: auto; border: 1px solid rgba(150&comma;150&comma;150&comma;0.3); border-radius: 8px; max-width: 100%;' src='https:\/\/ftp3.syscom.mx\/usuarios\/yvalenzuela\/Hilook\/hiklook.jpg' alt=''> <\/div>\n<\/p><\/div>\n","protected":false},"excerpt":{"rendered":"<p>Kit de Transceptor (Balluns) TURBOHD con Boton Push \/ Hasta 8 MP (4K) \/ 100% Cobre \/ Soporta HD-TVI \/ AHD \/ CVI \/ CVBS \/ Audio por Coaxitron \/ Datos para Menu de Configurar de C\u00e1maras<\/p>\n","protected":false},"featured_media":97112,"comment_status":"open","ping_status":"closed","template":"","meta":[],"product_brand":[],"product_cat":[2327],"product_tag":[417,715,2328],"class_list":{"0":"post-97113","1":"product","2":"type-product","3":"status-publish","4":"has-post-thumbnail","6":"product_cat-transceptores-de-video","7":"product_tag-accesorios-generales","8":"product_tag-hilook-by-hikvision","9":"product_tag-transceptores-de-video","11":"first","12":"instock","13":"sale","14":"shipping-taxable","15":"purchasable","16":"product-type-simple"},"_links":{"self":[{"href":"https:\/\/soydeaqui.ddns.net\/pachuca\/index.php\/wp-json\/wp\/v2\/product\/97113","targetHints":{"allow":["GET"]}}],"collection":[{"href":"https:\/\/soydeaqui.ddns.net\/pachuca\/index.php\/wp-json\/wp\/v2\/product"}],"about":[{"href":"https:\/\/soydeaqui.ddns.net\/pachuca\/index.php\/wp-json\/wp\/v2\/types\/product"}],"replies":[{"embeddable":true,"href":"https:\/\/soydeaqui.ddns.net\/pachuca\/index.php\/wp-json\/wp\/v2\/comments?post=97113"}],"wp:featuredmedia":[{"embeddable":true,"href":"https:\/\/soydeaqui.ddns.net\/pachuca\/index.php\/wp-json\/wp\/v2\/media\/97112"}],"wp:attachment":[{"href":"https:\/\/soydeaqui.ddns.net\/pachuca\/index.php\/wp-json\/wp\/v2\/media?parent=97113"}],"wp:term":[{"taxonomy":"product_brand","embeddable":true,"href":"https:\/\/soydeaqui.ddns.net\/pachuca\/index.php\/wp-json\/wp\/v2\/product_brand?post=97113"},{"taxonomy":"product_cat","embeddable":true,"href":"https:\/\/soydeaqui.ddns.net\/pachuca\/index.php\/wp-json\/wp\/v2\/product_cat?post=97113"},{"taxonomy":"product_tag","embeddable":true,"href":"https:\/\/soydeaqui.ddns.net\/pachuca\/index.php\/wp-json\/wp\/v2\/product_tag?post=97113"}],"curies":[{"name":"wp","href":"https:\/\/api.w.org\/{rel}","templated":true}]}}