{"id":97087,"date":"2026-03-20T08:41:30","date_gmt":"2026-03-20T08:41:30","guid":{"rendered":"https:\/\/soydeaqui.ddns.net\/pachuca\/index.php\/producto\/estacion-de-trabajo-cliente-wave-con-3-salidas-de-video-intel-core-i3-14th-gen-8gb-ram-256-ssd-windows-10-iot-nvidia-quadro-t400-gpu\/"},"modified":"2026-03-20T08:41:35","modified_gmt":"2026-03-20T08:41:35","slug":"estacion-de-trabajo-cliente-wave-con-3-salidas-de-video-intel-core-i3-14th-gen-8gb-ram-256-ssd-windows-10-iot-nvidia-quadro-t400-gpu","status":"publish","type":"product","link":"https:\/\/soydeaqui.ddns.net\/pachuca\/index.php\/producto\/estacion-de-trabajo-cliente-wave-con-3-salidas-de-video-intel-core-i3-14th-gen-8gb-ram-256-ssd-windows-10-iot-nvidia-quadro-t400-gpu\/","title":{"rendered":"Estaci\u00f3n de trabajo cliente Wave con 3 salidas de video Intel Core i3 (14th Gen), 8GB RAM, 256 SSD, Windows 10 IoT, Nvidia Quadro T400 GPU"},"content":{"rendered":"<div style='width: 100%; max-width: 1200px; margin: 0 auto; font-family: sans-serif; line-height: 1.6; color: inherit; background-color: transparent;'>\n<h3 style='font-size: 22px; border-bottom: 2px solid currentColor; padding-bottom: 5px; margin-top: 0; color: inherit; opacity: 0.8; text-align: center;'>Caracter\u00edsticas t\u00e9cnicas<\/h3>\n<div style='display: flex; flex-wrap: wrap; gap: 30px; margin-top: 30px;'>\n<div style='flex: 1 1 300px; min-width: 280px;'>\n<div style='border: 1px solid rgba(150&comma;150&comma;150&comma;0.4); border-radius: 8px; padding: 15px; background-color: rgba(243&comma;115&comma;36&comma;0.05);'>\n<h4 style='margin-top: 0; margin-bottom: 15px; font-size: 18px; color: inherit; border-left: 4px solid #f37324; padding-left: 10px;'>Sistema<\/h4>\n<ul style='padding-left: 20px; margin: 0; font-size: 14px; list-style-type: disc; color: inherit;'>\n<li style='margin-bottom: 5px;'><span style='color: inherit;'>Software VMS: Wisenet WAVE<\/span><\/li>\n<li style='margin-bottom: 5px;'><span style='color: inherit;'>Disco duro sistema operativo: 1 x 256GB SSD<\/span><\/li>\n<li style='margin-bottom: 5px;'><span style='color: inherit;'>1 Intel\u00ae Core\u2122 i3 14th Gen<\/span><\/li>\n<li style='margin-bottom: 5px;'><span style='color: inherit;'>Memoria: 8GB DDR4<\/span><\/li>\n<li style='margin-bottom: 5px;'><span style='color: inherit;'>Windows 10 IoT Enterprise<\/span><\/li>\n<\/ul><\/div>\n<\/p><\/div>\n<div style='flex: 1 1 300px; min-width: 280px;'>\n<div style='border: 1px solid rgba(150&comma;150&comma;150&comma;0.4); border-radius: 8px; padding: 15px; background-color: rgba(243&comma;115&comma;36&comma;0.05);'>\n<h4 style='margin-top: 0; margin-bottom: 15px; font-size: 18px; color: inherit; border-left: 4px solid #f37324; padding-left: 10px;'>Interfaces<\/h4>\n<ul style='padding-left: 20px; margin: 0; font-size: 14px; list-style-type: disc; color: inherit;'>\n<li style='margin-bottom: 5px;'><span style='color: inherit;'>Interfaces de red: 1 x RJ45&comma; Gigabit Ethernet<\/span><\/li>\n<li style='margin-bottom: 5px;'><span style='color: inherit;'>Salidas de video: 3 x Display port<\/span><\/li>\n<li style='margin-bottom: 5px;'><span style='color: inherit;'>Puertos USB: 2 USB 3.2 y 2 USB 2.0 Traseros&comma; 2 USB 3.2&comma; 2 USB 2.0<\/span><\/li>\n<li style='margin-bottom: 5px;'><span style='color: inherit;'>Otros puertos: 1 puerto de audio 3.5mm<\/span><\/li>\n<\/ul><\/div>\n<div style='border: 1px solid rgba(150&comma;150&comma;150&comma;0.4); border-radius: 8px; padding: 15px; background-color: rgba(243&comma;115&comma;36&comma;0.05); margin-top: 20px;'>\n<h4 style='margin-top: 0; margin-bottom: 15px; font-size: 18px; color: inherit; border-left: 4px solid #f37324; padding-left: 10px;'>Caracter\u00edsticas F\u00edsicas y El\u00e9ctricas<\/h4>\n<ul style='padding-left: 20px; margin: 0; font-size: 14px; list-style-type: disc; color: inherit;'>\n<li style='margin-bottom: 5px;'><span style='color: inherit;'>Fuente de poder: 80 Plus Bronce 180W<\/span><\/li>\n<li style='margin-bottom: 5px;'><span style='color: inherit;'>Entrada de voltaje: 100 &#8211; 240 VCA<\/span><\/li>\n<li style='margin-bottom: 5px;'><span style='color: inherit;'>Consumo maximo: 180W<\/span><\/li>\n<\/ul><\/div>\n<\/p><\/div>\n<div style='flex: 1 1 300px; min-width: 280px;'>\n<div style='border: 1px solid rgba(150&comma;150&comma;150&comma;0.4); border-radius: 8px; padding: 15px; background-color: rgba(243&comma;115&comma;36&comma;0.05);'>\n<h4 style='margin-top: 0; margin-bottom: 15px; font-size: 18px; color: inherit; border-left: 4px solid #f37324; padding-left: 10px;'>Caracter\u00edsticas Mec\u00e1nicas<\/h4>\n<ul style='padding-left: 20px; margin: 0; font-size: 14px; list-style-type: disc; color: inherit;'>\n<li style='margin-bottom: 5px;'><span style='color: inherit;'>Forma del equipo: Tipo Torre<\/span><\/li>\n<li style='margin-bottom: 5px;'><span style='color: inherit;'>Color \/ Material: Negro \/ Metal<\/span><\/li>\n<li style='margin-bottom: 5px;'><span style='color: inherit;'>Dimensiones: 92.6 mm x 292.8 mm x 290 mm<\/span><\/li>\n<li style='margin-bottom: 5px;'><span style='color: inherit;'>Peso: 5.16 Kg<\/span><\/li>\n<\/ul><\/div>\n<div style='border: 1px solid rgba(150&comma;150&comma;150&comma;0.4); border-radius: 8px; padding: 15px; background-color: rgba(243&comma;115&comma;36&comma;0.05); margin-top: 20px;'>\n<h4 style='margin-top: 0; margin-bottom: 15px; font-size: 18px; color: inherit; border-left: 4px solid #f37324; padding-left: 10px;'>Ambientales<\/h4>\n<ul style='padding-left: 20px; margin: 0; font-size: 14px; list-style-type: disc; color: inherit;'>\n<li style='margin-bottom: 5px;'><span style='color: inherit;'>Temperatura de operacion: 5 a 35 \u00baC<\/span><\/li>\n<li style='margin-bottom: 5px;'><span style='color: inherit;'>Temperatura de almacenamiento: -40 a 65 \u00baC<\/span><\/li>\n<li style='margin-bottom: 5px;'><span style='color: inherit;'>Humedad de operacion: 20% a 80% RH sin condensacion<\/span><\/li>\n<\/ul><\/div>\n<div style='border: 1px solid rgba(150&comma;150&comma;150&comma;0.4); border-radius: 8px; padding: 15px; background-color: rgba(243&comma;115&comma;36&comma;0.05); margin-top: 20px;'>\n<h4 style='margin-top: 0; margin-bottom: 15px; font-size: 18px; color: inherit; border-left: 4px solid #f37324; padding-left: 10px;'>Certificaciones<\/h4>\n<ul style='padding-left: 20px; margin: 0; font-size: 14px; list-style-type: disc; color: inherit;'>\n<li style='margin-bottom: 5px;'><span style='color: inherit;'>UL&comma; cUL&comma; CB&comma; FCC&comma; 80 Plus Bronce<\/span><\/li>\n<\/ul><\/div>\n<\/p><\/div>\n<\/p><\/div>\n<div style='margin-top: 30px; padding: 15px; border-left: 4px solid #f37324;'>\n<p style='margin: 0; font-size: 14px; font-weight: bold; color: inherit;'><span style='color: inherit;'>Garant\u00eda de 3 a\u00f1os<\/span><\/p>\n<\/p><\/div>\n<\/p><\/div>\n","protected":false},"excerpt":{"rendered":"<p>Estaci\u00f3n de trabajo cliente Wave con 3 salidas de video Intel Core i3 (14th Gen), 8GB RAM, 256 SSD, Windows 10 IoT, Nvidia Quadro T400 GPU<\/p>\n","protected":false},"featured_media":97086,"comment_status":"open","ping_status":"closed","template":"","meta":[],"product_brand":[],"product_cat":[2181],"product_tag":[2182,1055,2065],"class_list":{"0":"post-97087","1":"product","2":"type-product","3":"status-publish","4":"has-post-thumbnail","6":"product_cat-estaciones-de-trabajo-workstation","7":"product_tag-estaciones-de-trabajo-workstation","8":"product_tag-hanwha-vision","9":"product_tag-servidores-almacenamiento","11":"first","12":"outofstock","13":"sale","14":"shipping-taxable","15":"purchasable","16":"product-type-simple"},"_links":{"self":[{"href":"https:\/\/soydeaqui.ddns.net\/pachuca\/index.php\/wp-json\/wp\/v2\/product\/97087","targetHints":{"allow":["GET"]}}],"collection":[{"href":"https:\/\/soydeaqui.ddns.net\/pachuca\/index.php\/wp-json\/wp\/v2\/product"}],"about":[{"href":"https:\/\/soydeaqui.ddns.net\/pachuca\/index.php\/wp-json\/wp\/v2\/types\/product"}],"replies":[{"embeddable":true,"href":"https:\/\/soydeaqui.ddns.net\/pachuca\/index.php\/wp-json\/wp\/v2\/comments?post=97087"}],"wp:featuredmedia":[{"embeddable":true,"href":"https:\/\/soydeaqui.ddns.net\/pachuca\/index.php\/wp-json\/wp\/v2\/media\/97086"}],"wp:attachment":[{"href":"https:\/\/soydeaqui.ddns.net\/pachuca\/index.php\/wp-json\/wp\/v2\/media?parent=97087"}],"wp:term":[{"taxonomy":"product_brand","embeddable":true,"href":"https:\/\/soydeaqui.ddns.net\/pachuca\/index.php\/wp-json\/wp\/v2\/product_brand?post=97087"},{"taxonomy":"product_cat","embeddable":true,"href":"https:\/\/soydeaqui.ddns.net\/pachuca\/index.php\/wp-json\/wp\/v2\/product_cat?post=97087"},{"taxonomy":"product_tag","embeddable":true,"href":"https:\/\/soydeaqui.ddns.net\/pachuca\/index.php\/wp-json\/wp\/v2\/product_tag?post=97087"}],"curies":[{"name":"wp","href":"https:\/\/api.w.org\/{rel}","templated":true}]}}