{"id":96976,"date":"2026-03-20T08:36:42","date_gmt":"2026-03-20T08:36:42","guid":{"rendered":"https:\/\/soydeaqui.ddns.net\/pachuca\/index.php\/producto\/servidor-para-hik-central-professional-incluye-licencias-de-32-camaras-y-4-puertas-intel-core-i7-12700-64-bits-alto-desempeno-diseno-compacto-crecimiento-hasta-256-canales\/"},"modified":"2026-03-20T08:36:46","modified_gmt":"2026-03-20T08:36:46","slug":"servidor-para-hik-central-professional-incluye-licencias-de-32-camaras-y-4-puertas-intel-core-i7-12700-64-bits-alto-desempeno-diseno-compacto-crecimiento-hasta-256-canales","status":"publish","type":"product","link":"https:\/\/soydeaqui.ddns.net\/pachuca\/index.php\/producto\/servidor-para-hik-central-professional-incluye-licencias-de-32-camaras-y-4-puertas-intel-core-i7-12700-64-bits-alto-desempeno-diseno-compacto-crecimiento-hasta-256-canales\/","title":{"rendered":"Servidor para Hik-Central Professional \/ Incluye Licencias de 32 C\u00e1maras y 4 Puertas \/ Intel\u00ae Core\u2122 i7-12700 \/ 64 Bits \/ Alto Desempe\u00f1o \/ Dise\u00f1o Compacto \/ Crecimiento hasta 256 Canales"},"content":{"rendered":"<div style='width: 100%; max-width: 1200px; margin: 0 auto; font-family: sans-serif; line-height: 1.6; color: inherit; background-color: transparent;'>\n<p style='text-align: center; margin: 0 0 20px 0;'>\n<p style='text-align: center; margin: 0 0 20px 0;'> <img style='width: 100%; max-width: 400px; height: auto; border: 1px solid rgba(150&comma;150&comma;150&comma;0.3); border-radius: 8px;' src='https:\/\/ftp3.syscom.mx\/usuarios\/jsosa\/HIKVISION\/imagenes\/logo\/hikvision%20see%20far.png' alt='Logo Hikvision'> <\/p>\n<p style='margin: 20px 0;'>\n<div style='display: flex; flex-wrap: wrap; gap: 30px; margin-bottom: 30px;'>\n<div style='flex: 1 1 300px; min-width: 280px;'>\n<h3 style='font-size: 22px; border-bottom: 2px solid currentColor; padding-bottom: 5px; margin-top: 0; color: inherit; opacity: 0.8;'>Caracter\u00edsticas Principales<\/h3>\n<ul style='padding-left: 20px; font-size: 15px; color: inherit;'>\n<li style='margin-bottom: 5px;'><strong>Procesador:<\/strong> Intel\u00ae Core i7-12700<\/li>\n<li style='margin-bottom: 5px;'><strong>Sistema operativo:<\/strong> Microsoft\u00ae Windows 10 Multilenguaje (64-bit)<\/li>\n<li style='margin-bottom: 5px;'><strong>Memoria:<\/strong> 2 \u00d7 8 GB 3200MT\/s UDIMM<\/li>\n<li style='margin-bottom: 5px;'><strong>Almacenamiento:<\/strong> 1TB M.2 SSD<\/li>\n<li style='margin-bottom: 5px;'><strong>Tarjeta Gr\u00e1fica:<\/strong> UHD Graphics 770 (Integrada en el CPU)<\/li>\n<li style='margin-bottom: 5px;'>Se puede tener crecimiento hasta 256 canales (incluye 32 canales de video y 4 puertas) y m\u00f3dulos adicionales (ver hoja de especificaciones)<\/li>\n<li style='margin-bottom: 5px;'>El crecimiento es con licencias de HikCentral Professional\n<ul style='padding-left: 25px; margin-top: 5px; margin-bottom: 5px;'>\n<li style='margin-bottom: 5px;'><strong>VIDEO:<\/strong> HCPVSS\/1C<\/li>\n<li style='margin-bottom: 5px;'><strong>ACCESO:<\/strong> HCACS\/1D<\/li>\n<\/ul>\n<\/li>\n<li style='margin-bottom: 5px;'><strong>Soporta:<\/strong> M\u00f3dulo de SmarWall (VideoWall)<\/li>\n<\/ul><\/div>\n<div style='flex: 1 1 300px; min-width: 280px;'>\n<h3 style='font-size: 22px; border-bottom: 2px solid currentColor; padding-bottom: 5px; margin-top: 0; color: inherit; opacity: 0.8;'>Caracter\u00edsticas F\u00edsicas y El\u00e9ctricas<\/h3>\n<ul style='padding-left: 20px; font-size: 15px; color: inherit;'>\n<li style='margin-bottom: 5px;'><strong>9 Puertos USB:<\/strong>\n<ul style='padding-left: 25px; margin-top: 5px; margin-bottom: 5px;'>\n<li style='margin-bottom: 5px;'>1 \u00d7 USB Type-C 3.1 Gen 2<\/li>\n<li style='margin-bottom: 5px;'>4 \u00d7 USB 3.0 (1 Front&comma; 4 Rear)<\/li>\n<li style='margin-bottom: 5px;'>4 \u00d7 USB 2.0<\/li>\n<\/ul>\n<\/li>\n<li style='margin-bottom: 5px;'><strong>Puerto RJ45:<\/strong> 10\/100\/100<\/li>\n<li style='margin-bottom: 5px;'><strong>Puertos DisplayPort:<\/strong> 3<\/li>\n<li style='margin-bottom: 5px;'><strong>Puerto HDMI:<\/strong> 1<\/li>\n<li style='margin-bottom: 5px;'><strong>Alimentaci\u00f3n:<\/strong> 100 a 240 VCA<\/li>\n<li style='margin-bottom: 5px;'><strong>Consumo:<\/strong> 300 W<\/li>\n<li style='margin-bottom: 5px;'><strong>Dimensiones:<\/strong> 29 cm x 9.26 cm x 29.2 cm<\/li>\n<li style='margin-bottom: 5px;'><strong>Peso:<\/strong> 5.63 kg<\/li>\n<\/ul><\/div>\n<\/p><\/div>\n<div style='margin-bottom: 30px;'>\n<h3 style='font-size: 22px; border-bottom: 2px solid currentColor; padding-bottom: 5px; margin-top: 0; color: inherit; opacity: 0.8;'>Caracter\u00edsticas Destacadas<\/h3>\n<ul style='padding-left: 20px; font-size: 15px; color: inherit;'>\n<li style='margin-bottom: 5px;'>La estaci\u00f3n de trabajo combina funciones potentes con un dise\u00f1o compacto&comma; que puede utilizarse como servidor y cliente al mismo tiempo<\/li>\n<li style='margin-bottom: 5px;'>4 salidas de video independiente para una gesti\u00f3n eficiente<\/li>\n<li style='margin-bottom: 5px;'>La GPU integrada admite una gran capacidad de decodificaci\u00f3n<\/li>\n<li style='margin-bottom: 5px;'>Software y Hardware todo en uno&comma; no requiere activaci\u00f3n&comma; f\u00e1cil entrega y servicio confiable<\/li>\n<li style='margin-bottom: 5px;'>Compatibilidad garantizada: Probada por un equipo de pruebas profesional para garantizar un funcionamiento estable<\/li>\n<\/ul><\/div>\n<div style='margin: 40px 0;'>\n<div style='display: flex; align-items: center; justify-content: center; margin-bottom: 20px;'>\n<div style='width: 100%; max-width: 200px; border-left: 15px solid #ff0000; border-top: 5px solid #ff0000; border-radius: 5px; padding: 10px;'> <span style='font-size: 24px; font-weight: bold; color: inherit;'>Gran Capacidad<\/span> <\/div>\n<\/p><\/div>\n<div style='margin: 30px 0;'> <img style='width: 100%; height: auto; border: 1px solid rgba(150&comma;150&comma;150&comma;0.3); border-radius: 8px;' src='https:\/\/ftp3.syscom.mx\/usuarios\/yalvarado\/hikvision\/WORKSTATION\/WS2.png' alt=''> <\/div>\n<\/p><\/div>\n<div style='margin: 40px 0;'>\n<div style='display: flex; align-items: center; justify-content: flex-end; margin-bottom: 20px;'>\n<div style='width: 100%; max-width: 200px; border-right: 15px solid #ff0000; border-top: 5px solid #ff0000; border-radius: 5px; padding: 10px; text-align: right;'> <span style='font-size: 24px; font-weight: bold; color: inherit;'>F\u00e1cil de usar<\/span> <\/div>\n<\/p><\/div>\n<div style='margin: 30px 0;'> <img style='width: 100%; height: auto; border: 1px solid rgba(150&comma;150&comma;150&comma;0.3); border-radius: 8px;' src='https:\/\/ftp3.syscom.mx\/usuarios\/yalvarado\/hikvision\/WORKSTATION\/1-8-2025%205-05-55%20PM.png' alt=''> <\/div>\n<\/p><\/div>\n<div style='margin: 40px 0 0 0;'> <img style='width: 100%; height: auto; border: 1px solid rgba(150&comma;150&comma;150&comma;0.3); border-radius: 8px;' src='https:\/\/ftp3.syscom.mx\/usuarios\/jsosa\/HIKVISION\/imagenes\/banners\/solution%20complete.png' alt=''> <\/div>\n<\/p><\/div>\n","protected":false},"excerpt":{"rendered":"<p>Servidor para Hik-Central Professional \/ Incluye Licencias de 32 C\u00e1maras y 4 Puertas \/ Intel\u00ae Core\u2122 i7-12700 \/ 64 Bits \/ Alto Desempe\u00f1o \/ Dise\u00f1o Compacto \/ Crecimiento hasta 256 Canales<\/p>\n","protected":false},"featured_media":96975,"comment_status":"open","ping_status":"closed","template":"","meta":[],"product_brand":[],"product_cat":[2236],"product_tag":[54,2065,2237],"class_list":{"0":"post-96976","1":"product","2":"type-product","3":"status-publish","4":"has-post-thumbnail","6":"product_cat-servidores-de-aplicacion","7":"product_tag-hikvision","8":"product_tag-servidores-almacenamiento","9":"product_tag-servidores-de-aplicacion","11":"first","12":"outofstock","13":"sale","14":"shipping-taxable","15":"purchasable","16":"product-type-simple"},"_links":{"self":[{"href":"https:\/\/soydeaqui.ddns.net\/pachuca\/index.php\/wp-json\/wp\/v2\/product\/96976","targetHints":{"allow":["GET"]}}],"collection":[{"href":"https:\/\/soydeaqui.ddns.net\/pachuca\/index.php\/wp-json\/wp\/v2\/product"}],"about":[{"href":"https:\/\/soydeaqui.ddns.net\/pachuca\/index.php\/wp-json\/wp\/v2\/types\/product"}],"replies":[{"embeddable":true,"href":"https:\/\/soydeaqui.ddns.net\/pachuca\/index.php\/wp-json\/wp\/v2\/comments?post=96976"}],"wp:featuredmedia":[{"embeddable":true,"href":"https:\/\/soydeaqui.ddns.net\/pachuca\/index.php\/wp-json\/wp\/v2\/media\/96975"}],"wp:attachment":[{"href":"https:\/\/soydeaqui.ddns.net\/pachuca\/index.php\/wp-json\/wp\/v2\/media?parent=96976"}],"wp:term":[{"taxonomy":"product_brand","embeddable":true,"href":"https:\/\/soydeaqui.ddns.net\/pachuca\/index.php\/wp-json\/wp\/v2\/product_brand?post=96976"},{"taxonomy":"product_cat","embeddable":true,"href":"https:\/\/soydeaqui.ddns.net\/pachuca\/index.php\/wp-json\/wp\/v2\/product_cat?post=96976"},{"taxonomy":"product_tag","embeddable":true,"href":"https:\/\/soydeaqui.ddns.net\/pachuca\/index.php\/wp-json\/wp\/v2\/product_tag?post=96976"}],"curies":[{"name":"wp","href":"https:\/\/api.w.org\/{rel}","templated":true}]}}