{"id":96915,"date":"2026-03-20T08:34:18","date_gmt":"2026-03-20T08:34:18","guid":{"rendered":"https:\/\/soydeaqui.ddns.net\/pachuca\/index.php\/producto\/dual-light-colorvu-3-0-hikai-domo-ip-6-megapixel-lente-2-8-mm-30-mts-ir-luz-blanca-2-microfonos-integrados-exterior-ip67-wdr-130-db-acusense-3-0-metal-nema-4x-acusearch-2\/"},"modified":"2026-03-20T08:34:19","modified_gmt":"2026-03-20T08:34:19","slug":"dual-light-colorvu-3-0-hikai-domo-ip-6-megapixel-lente-2-8-mm-30-mts-ir-luz-blanca-2-microfonos-integrados-exterior-ip67-wdr-130-db-acusense-3-0-metal-nema-4x-acusearch-2","status":"publish","type":"product","link":"https:\/\/soydeaqui.ddns.net\/pachuca\/index.php\/producto\/dual-light-colorvu-3-0-hikai-domo-ip-6-megapixel-lente-2-8-mm-30-mts-ir-luz-blanca-2-microfonos-integrados-exterior-ip67-wdr-130-db-acusense-3-0-metal-nema-4x-acusearch-2\/","title":{"rendered":"[Dual Light + ColorVu 3.0 + HikAI] Domo IP 6 Megapixel \/ Lente 2.8 mm \/ 30 mts IR + Luz Blanca \/ 2 Microfonos Integrados \/ Exterior IP67 \/ WDR 130 dB \/ ACUSENSE 3.0 \/ Metal \/ NEMA 4X \/ ACUSEARCH"},"content":{"rendered":"<div style='width: 100%; max-width: 1200px; margin: 0 auto; font-family: sans-serif; line-height: 1.6; color: inherit; background-color: transparent;'> <!-- Imagen principal --> <\/p>\n<div style='width: 100%; margin-bottom: 30px;'> <img style='width: 100%; height: auto; border: 1px solid rgba(150&comma;150&comma;150&comma;0.3); border-radius: 8px;' src='https:\/\/ftp3.syscom.mx\/usuarios\/ftp\/landingpage\/colorvu\/header.jpg' alt='Serie Pro con ColorVu 3.0'> <\/div>\n<p> <!-- Secci\u00f3n de contenido con flex --> <\/p>\n<div style='display: flex; flex-wrap: wrap; gap: 30px; margin-bottom: 30px;'> <!-- Caracter\u00edsticas principales --> <\/p>\n<div style='flex: 1 1 300px; min-width: 280px;'>\n<h3 style='font-size: 22px; border-bottom: 2px solid currentColor; padding-bottom: 5px; margin-top: 0; color: inherit; opacity: 0.8;'>Caracter\u00edsticas Principales<\/h3>\n<ul style='padding-left: 20px; font-size: 15px; color: inherit;'>\n<li>Resoluci\u00f3n M\u00e1xima: 6 Megapixel (3200 x 1800)<\/li>\n<li>Iluminaci\u00f3n m\u00ednima: 0.0005 Lux @ (F1.0&comma; AGC ON)<\/li>\n<li>Lente fijo: 2.8mm (\u00c1ngulo de apertura 108.8\u00b0)<\/li>\n<li>30 m de IR EXIR (visi\u00f3n nocturna)<\/li>\n<li>30 m de luz blanca (ayuda a iluminar el sitio para mantener la imagen siempre a color)<\/li>\n<li>WDR de 130 dB<\/li>\n<li>Detecci\u00f3n de movimiento \/ Cruce de l\u00ednea \/ Detecci\u00f3n de intrusi\u00f3n<\/li>\n<li>Compatible con plataforma Hik-Connect P2P <a style='color: inherit; text-decoration: underline;' href='https:\/\/appstore.hikvision.com\/'>https:\/\/appstore.hikvision.com\/<\/a><\/li>\n<li>No soporta audio de 2 v\u00edas<\/li>\n<\/ul><\/div>\n<p> <!-- Entradas y salidas --> <\/p>\n<div style='flex: 1 1 300px; min-width: 280px;'>\n<h3 style='font-size: 22px; border-bottom: 2px solid currentColor; padding-bottom: 5px; margin-top: 0; color: inherit; opacity: 0.8;'>Entradas y Salidas de Audio \/ Alarmas \/ Red \/ Almacenamiento<\/h3>\n<ul style='padding-left: 20px; font-size: 15px; color: inherit;'>\n<li>Entradas de alarma: 1<\/li>\n<li>Salidas de alarma: 1 (max. 24 VAC\/VDC&comma; 1A)<\/li>\n<li>Entradas de audio: 1<\/li>\n<li>Salidas de audio: 1<\/li>\n<li>Micr\u00f3fono Dual Integrado<\/li>\n<li>Soporta memoria micro SD 512 GB (no incluida)<\/li>\n<li>Puerto de red: 1 (10 \/ 100 Mbps \/ PoE 802.3at)<\/li>\n<li>Soporta ONVIF (PROFILE S&comma; G y T ) \/ ISAPI&comma; SDK&comma; ISUP<\/li>\n<\/ul><\/div>\n<p> <!-- Caracter\u00edsticas f\u00edsicas --> <\/p>\n<div style='flex: 1 1 300px; min-width: 280px;'>\n<h3 style='font-size: 22px; border-bottom: 2px solid currentColor; padding-bottom: 5px; margin-top: 0; color: inherit; opacity: 0.8;'>Caracter\u00edsticas F\u00edsicas y El\u00e9ctricas<\/h3>\n<ul style='padding-left: 20px; font-size: 15px; color: inherit;'>\n<li>Temperatura de Operaci\u00f3n: &#8211; 30\u00b0C a 60\u00b0C<\/li>\n<li>Alimentaci\u00f3n: 12Vcc \/ 5.4 Watts<\/li>\n<li>Soporta PoE 802.3at \/ 8.5 Watts<\/li>\n<li>Protecci\u00f3n: Interior \/ Exterior IP67<\/li>\n<li>Material: Aluminio<\/li>\n<li>Dimensiones: 234 x 120 x 117 mm<\/li>\n<li>Peso: 600 gramos<\/li>\n<\/ul><\/div>\n<p> <!-- Acesorios compatibles --> <\/p>\n<div style='flex: 1 1 300px; min-width: 280px;'>\n<h3 style='font-size: 22px; border-bottom: 2px solid currentColor; padding-bottom: 5px; margin-top: 0; color: inherit; opacity: 0.8;'>Acesorios Compatibles<\/h3>\n<ul style='padding-left: 20px; font-size: 15px; color: inherit;'>\n<li><a style='color: inherit; text-decoration: underline;' href='https:\/\/ftp3.syscom.mx\/usuarios\/alexh\/Hikvision\/Specsheet\/DS-2CD2167G3-LI%28S2U%29Y_Datasheet_20241126.pdf?_gl=1*1sa08uk*_gcl_au*MTc3NjMxMDk4MS4xNzUwMTgxMDMx' target='_blank' rel='noopener'>Consulte la ficha t\u00e9cnica para validar los accesorios compatibles<\/a><\/li>\n<\/ul><\/div>\n<\/p><\/div>\n<p> <!-- Caracter\u00edsticas destacadas --> <\/p>\n<div style='width: 100%; margin-bottom: 30px;'>\n<h3 style='font-size: 22px; border-bottom: 2px solid currentColor; padding-bottom: 5px; margin-top: 0; color: inherit; opacity: 0.8;'>Caracter\u00edsticas Destacadas<\/h3>\n<ul style='padding-left: 20px; font-size: 15px; color: inherit;'>\n<li>Para utilizar la funci\u00f3n AcuSearch&comma; es necesario contar con un NVR compatible (modelos: NX-K1(D)&comma; NXI-K2(D)&comma; NXI-I y NXI-M)<\/li>\n<li>Compatible con la plataforma de Hik-Connect para una conexi\u00f3n m\u00e1s r\u00e1pida y sencilla<\/li>\n<li>Soporta anal\u00edtico de ACUSENSE con filtros de humano y veh\u00edculos para eventos inteligentes<\/li>\n<li>Soporta tecnolog\u00eda Dual Light para imagen en B\/N con IR y color con luz blanca al detectar movimiento<\/li>\n<li>Soporta anal\u00edtico de cruce de l\u00ednea o intrusi\u00f3n de \u00e1rea<\/li>\n<li>Soporta anal\u00edtico de cambio de escena<\/li>\n<\/ul><\/div>\n<p> <!-- Imagen introductoria --> <\/p>\n<div style='width: 100%; margin-bottom: 30px;'> <img style='width: 100%; height: auto; border: 1px solid rgba(150&comma;150&comma;150&comma;0.3); border-radius: 8px;' src='https:\/\/ftp3.syscom.mx\/usuarios\/ftp\/landingpage\/syscomexpo\/2024\/colorvu\/turnthepage.png' alt='ColorVu 3.0'> <\/div>\n<p> <!-- Introducci\u00f3n --> <\/p>\n<div style='width: 100%; margin-bottom: 30px;'>\n<p style='font-size: 16px; line-height: 1.6;'>Hikvision presenta las nuevas C\u00e1maras de Red ColorVu 3.0&comma; con tecnolog\u00eda mejorada para un rendimiento visual excepcional. Incorpora AcuSense 3.0 con funciones inteligentes y Audio 2.0 para una comunicaci\u00f3n clara y eficiente.<\/p>\n<\/p><\/div>\n<p> <!-- HikAI-ISP --> <\/p>\n<div style='width: 100%; margin-bottom: 30px;'>\n<h3 style='font-size: 22px; border-bottom: 2px solid currentColor; padding-bottom: 5px; margin-top: 0; color: inherit; opacity: 0.8;'>HikAI-ISP<\/h3>\n<ul style='padding-left: 20px; font-size: 15px; color: inherit;'>\n<li>La reducci\u00f3n de ruido por IA brinda un aumento en el brillo est\u00e1tico<\/li>\n<li>Potente soporte de ajuste de par\u00e1metros y proceso profesional de prueba de efectos<\/li>\n<li>La reducci\u00f3n din\u00e1mica de rastros de movimiento permite calidad de imagen cristalina en condiciones de poca luz<\/li>\n<\/ul><\/div>\n<p> <!-- Video HikAI-ISP --> <\/p>\n<div style='position: relative; padding-bottom: 56.25%; height: 0; overflow: hidden; margin-bottom: 30px;'>   <\/div>\n<p> <!-- Imagen F1CERO --> <\/p>\n<div style='width: 100%; margin-bottom: 30px;'> <img style='width: 100%; height: auto; border: 1px solid rgba(150&comma;150&comma;150&comma;0.3); border-radius: 8px;' src='https:\/\/ftp3.syscom.mx\/usuarios\/ftp\/landingpage\/hikvision\/colorvu30\/F1.0-Super-Confocal-LenS.jpg' alt='F1CERO'> <\/div>\n<p> <!-- Video YouTube F1CERO --> <\/p>\n<div style='position: relative; padding-bottom: 56.25%; height: 0; overflow: hidden; margin-bottom: 30px;'>   <\/div>\n<p> <!-- Smart Hybrid Light --> <\/p>\n<div style='display: flex; flex-wrap: wrap; gap: 30px; margin-bottom: 30px;'>\n<div style='flex: 1 1 300px; min-width: 280px;'>\n<h3 style='font-size: 22px; border-bottom: 2px solid currentColor; padding-bottom: 5px; margin-top: 0; color: inherit; opacity: 0.8;'>Smart Hybrid Light<\/h3>\n<ul style='padding-left: 20px; font-size: 15px; color: inherit;'>\n<li>Permite seleccionar modo de iluminaci\u00f3n: IR&comma; luz blanca o modo inteligente<\/li>\n<li>En modo inteligente&comma; activa luz blanca al detectar movimiento para imagen a color<\/li>\n<li>Soporta correcci\u00f3n de color 3D LUT y WDR con IA<\/li>\n<\/ul><\/div>\n<div style='flex: 1 1 300px; min-width: 280px;'> <img style='width: 100%; height: auto; border: 1px solid rgba(150&comma;150&comma;150&comma;0.3); border-radius: 8px;' src='https:\/\/ftp3.syscom.mx\/usuarios\/ftp\/landingpage\/hikvision\/colorvu30\/smart-hybrid-light02.jpg' alt='Smart Hybrid Light'> <\/div>\n<\/p><\/div>\n<p> <!-- Correcci\u00f3n de color --> <\/p>\n<div style='width: 100%; margin-bottom: 30px;'>\n<h3 style='font-size: 22px; border-bottom: 2px solid currentColor; padding-bottom: 5px; margin-top: 0; color: inherit; opacity: 0.8;'>Correcci\u00f3n de Color 3D LUT y WDR con IA<\/h3>\n<p style='font-size: 15px; color: inherit;'>La calibraci\u00f3n precisa del color y la combinaci\u00f3n de colores mejoran el brillo de la imagen con poca luz y restauran el color verdadero de las cosas&comma; haciendo que las im\u00e1genes nocturnas sean tan brillantes como durante el d\u00eda.<\/p>\n<\/p><\/div>\n<p> <!-- AI WDR --> <\/p>\n<div style='width: 100%; margin-bottom: 30px;'>\n<h3 style='font-size: 22px; border-bottom: 2px solid currentColor; padding-bottom: 5px; margin-top: 0; color: inherit; opacity: 0.8;'>AI WDR<\/h3>\n<p style='font-size: 15px; color: inherit;'>El WDR mejorado con IA permite que las \u00e1reas brillantes no est\u00e9n sobreexpuestas y los detalles en \u00e1reas oscuras no se pierdan&comma; sin necesidad de ajustes manuales.<\/p>\n<\/p><\/div>\n<p> <!-- Imagen correcci\u00f3n de color --> <\/p>\n<div style='width: 100%; margin-bottom: 30px;'> <img style='width: 100%; height: auto; border: 1px solid rgba(150&comma;150&comma;150&comma;0.3); border-radius: 8px;' src='https:\/\/ftp3.syscom.mx\/usuarios\/ftp\/landingpage\/hikvision\/colorvu30\/3D-LUT-Color-Correction2.jpg' alt='Correcci\u00f3n de Color 3D LUT'> <\/div>\n<p> <!-- Imagen AcuSense --> <\/p>\n<div style='width: 100%; margin-bottom: 30px;'> <img style='width: 100%; height: auto; border: 1px solid rgba(150&comma;150&comma;150&comma;0.3); border-radius: 8px;' src='https:\/\/www.hikvision.com\/content\/dam\/hikvision\/en\/marketing\/image\/products\/ip-products\/pro-series-with-colorvu-3-0\/acusense.jpg' alt='AcuSense 3.0'> <\/div>\n<p> <!-- Videos AcuSense --> <\/p>\n<div style='display: flex; flex-wrap: wrap; gap: 20px; margin-bottom: 30px;'>\n<div style='flex: 1 1 300px; min-width: 280px;'>\n<div style='position: relative; padding-bottom: 56.25%; height: 0; overflow: hidden;'>   <\/div>\n<\/p><\/div>\n<div style='flex: 1 1 300px; min-width: 280px;'>\n<div style='position: relative; padding-bottom: 56.25%; height: 0; overflow: hidden;'>   <\/div>\n<\/p><\/div>\n<\/p><\/div>\n<p> <!-- Audio 2.0 --> <\/p>\n<div style='width: 100%; margin-bottom: 30px;'> <img style='width: 100%; height: auto; border: 1px solid rgba(150&comma;150&comma;150&comma;0.3); border-radius: 8px;' src='https:\/\/ftp3.syscom.mx\/usuarios\/ftp\/landingpage\/hikvision\/colorvu30\/audio-top.png' alt='Audio 2.0'> <\/div>\n<p> <!-- Caracter\u00edsticas Audio 2.0 --> <\/p>\n<div style='display: flex; flex-wrap: wrap; gap: 30px; margin-bottom: 30px;'>\n<div style='flex: 1 1 300px; min-width: 280px;'>\n<h3 style='font-size: 22px; border-bottom: 2px solid currentColor; padding-bottom: 5px; margin-top: 0; color: inherit; opacity: 0.8;'>Voz Clara y M\u00e1s Potente<\/h3>\n<ul style='padding-left: 20px; font-size: 15px; color: inherit;'>\n<li>Integra sistema de altavoces de mayor potencia con Smart PA (Amplificador de Potencia Inteligente)<\/li>\n<li>Mejor efecto de advertencia para mejorar la disuasi\u00f3n de intrusos<\/li>\n<li>Audio bidireccional optimizado para comunicaci\u00f3n m\u00e1s eficiente<\/li>\n<\/ul><\/div>\n<div style='flex: 1 1 300px; min-width: 280px;'>\n<h3 style='font-size: 22px; border-bottom: 2px solid currentColor; padding-bottom: 5px; margin-top: 0; color: inherit; opacity: 0.8;'>Calidad de Audio Superior<\/h3>\n<ul style='padding-left: 20px; font-size: 15px; color: inherit;'>\n<li>Sistema de reducci\u00f3n de ruido avanzado para comunicaci\u00f3n m\u00e1s clara<\/li>\n<li>Mayor rango de cobertura de audio para vigilancia m\u00e1s efectiva<\/li>\n<li>Integraci\u00f3n perfecta con sistemas de seguridad existentes<\/li>\n<\/ul><\/div>\n<\/p><\/div>\n<p> <!-- Imagen Audio 2.0 adicional --> <\/p>\n<div style='width: 100%; margin-bottom: 30px;'> <img style='width: 100%; height: auto; border: 1px solid rgba(150&comma;150&comma;150&comma;0.3); border-radius: 8px;' src='https:\/\/ftp3.syscom.mx\/usuarios\/ftp\/landingpage\/hikvision\/colorvu30\/audiobottom2.png' alt='Audio 2.0 Adicional'> <\/div>\n<\/p><\/div>\n","protected":false},"excerpt":{"rendered":"<p>[Dual Light + ColorVu 3.0 + HikAI] Domo IP 6 Megapixel \/ Lente 2.8 mm \/ 30 mts IR + Luz Blanca \/ 2 Microfonos Integrados \/ Exterior IP67 \/ WDR 130 dB \/ ACUSENSE 3.0 \/ Metal \/ NEMA 4X \/ ACUSEARCH<\/p>\n","protected":false},"featured_media":96914,"comment_status":"open","ping_status":"closed","template":"","meta":[],"product_brand":[],"product_cat":[2056],"product_tag":[122,2057,54],"class_list":{"0":"post-96915","1":"product","2":"type-product","3":"status-publish","4":"has-post-thumbnail","6":"product_cat-domo-eyeball-turret","7":"product_tag-camaras-ip-y-nvrs","8":"product_tag-domo-eyeball-turret","9":"product_tag-hikvision","11":"first","12":"instock","13":"sale","14":"shipping-taxable","15":"purchasable","16":"product-type-simple"},"_links":{"self":[{"href":"https:\/\/soydeaqui.ddns.net\/pachuca\/index.php\/wp-json\/wp\/v2\/product\/96915","targetHints":{"allow":["GET"]}}],"collection":[{"href":"https:\/\/soydeaqui.ddns.net\/pachuca\/index.php\/wp-json\/wp\/v2\/product"}],"about":[{"href":"https:\/\/soydeaqui.ddns.net\/pachuca\/index.php\/wp-json\/wp\/v2\/types\/product"}],"replies":[{"embeddable":true,"href":"https:\/\/soydeaqui.ddns.net\/pachuca\/index.php\/wp-json\/wp\/v2\/comments?post=96915"}],"wp:featuredmedia":[{"embeddable":true,"href":"https:\/\/soydeaqui.ddns.net\/pachuca\/index.php\/wp-json\/wp\/v2\/media\/96914"}],"wp:attachment":[{"href":"https:\/\/soydeaqui.ddns.net\/pachuca\/index.php\/wp-json\/wp\/v2\/media?parent=96915"}],"wp:term":[{"taxonomy":"product_brand","embeddable":true,"href":"https:\/\/soydeaqui.ddns.net\/pachuca\/index.php\/wp-json\/wp\/v2\/product_brand?post=96915"},{"taxonomy":"product_cat","embeddable":true,"href":"https:\/\/soydeaqui.ddns.net\/pachuca\/index.php\/wp-json\/wp\/v2\/product_cat?post=96915"},{"taxonomy":"product_tag","embeddable":true,"href":"https:\/\/soydeaqui.ddns.net\/pachuca\/index.php\/wp-json\/wp\/v2\/product_tag?post=96915"}],"curies":[{"name":"wp","href":"https:\/\/api.w.org\/{rel}","templated":true}]}}