{"id":96888,"date":"2026-03-20T08:33:25","date_gmt":"2026-03-20T08:33:25","guid":{"rendered":"https:\/\/soydeaqui.ddns.net\/pachuca\/index.php\/producto\/cargador-rapido-de-20-w-y-2-puertos-paquete-de-2-negro-ee-uu\/"},"modified":"2026-03-20T08:33:26","modified_gmt":"2026-03-20T08:33:26","slug":"cargador-rapido-de-20-w-y-2-puertos-paquete-de-2-negro-ee-uu","status":"publish","type":"product","link":"https:\/\/soydeaqui.ddns.net\/pachuca\/index.php\/producto\/cargador-rapido-de-20-w-y-2-puertos-paquete-de-2-negro-ee-uu\/","title":{"rendered":"Cargador r\u00e1pido de 20 W y 2 puertos, paquete de 2, negro, EE. UU."},"content":{"rendered":"<div style='width: 100%; max-width: 1200px; margin: 0 auto; font-family: sans-serif; line-height: 1.6; color: inherit; background-color: transparent;'> <!-- Caracter\u00edsticas principales --> <\/p>\n<div style='display: flex; flex-wrap: wrap; gap: 30px; margin-bottom: 30px;'>\n<div style='flex: 1 1 300px; min-width: 280px;'>\n<h3 style='font-size: 22px; border-bottom: 2px solid currentColor; padding-bottom: 5px; margin-top: 0; color: inherit; opacity: 0.8;'>Caracter\u00edsticas Principales<\/h3>\n<ul style='padding-left: 20px; font-size: 15px; color: inherit;'>\n<li style='margin-bottom: 5px;'>20W Carga R\u00e1pida: Cargador compacto con chip GaN que carga el iPhone 16 hasta 60% en 30 minutos&comma; 3 veces m\u00e1s r\u00e1pido que uno normal<\/li>\n<li style='margin-bottom: 5px;'>Carga de 2 Puertos Simult\u00e1nea: Permite cargar dos dispositivos a la vez con puertos USB-C y USB-A&comma; potente y eficiente para uso diario<\/li>\n<li style='margin-bottom: 5px;'>Totalmente Seguro y Fiable: Chip inteligente protege contra cortocircuitos&comma; sobretensi\u00f3n y sobrecalentamiento para carga segura<\/li>\n<li style='margin-bottom: 5px;'>Ideal para los Viajes: Dise\u00f1o compacto (48x48x28 mm) y compatible con varios dispositivos&comma; perfecto para llevar<\/li>\n<li style='margin-bottom: 5px;'>Todo en Uno: Compatible con m\u00faltiples protocolos y dispositivos&comma; incluyendo iPhone&comma; iPad&comma; Galaxy y m\u00e1s<\/li>\n<\/ul><\/div>\n<\/p><\/div>\n<p> <!-- Especificaciones t\u00e9cnicas --> <\/p>\n<div style='display: flex; flex-wrap: wrap; gap: 20px; margin-bottom: 30px;'>\n<div style='flex: 1 1 250px; border: 1px solid rgba(150&comma; 150&comma; 150&comma; 0.4); border-radius: 8px; overflow: hidden; display: flex; flex-direction: column;'>\n<div style='padding: 15px; border-bottom: 1px solid rgba(150&comma; 150&comma; 150&comma; 0.2); font-weight: bold; font-size: 18px; color: inherit;'>Salida USB<\/div>\n<div style='padding: 15px; color: inherit;'>\n<ul style='padding-left: 20px; margin: 0; font-size: 14px; list-style-type: disc;'>\n<li style='margin-bottom: 5px;'><strong>USB-C:<\/strong> 5 V\/3 A&comma; 9 V\/2&comma;22 A&comma; 12 V\/1&comma;67 A&comma; 20 W m\u00e1x.&comma; sin PPS<\/li>\n<li style='margin-bottom: 5px;'><strong>USB-A:<\/strong> 5 V\/3 A&comma; 9 V\/2 A&comma; 12 V\/1&comma;5 A&comma; 18 W m\u00e1x.<\/li>\n<li style='margin-bottom: 5px;'><strong>Salida simult\u00e1nea USB-C+USB-A:<\/strong> 5 V\/3 A (15 W m\u00e1x.)<\/li>\n<\/ul><\/div>\n<\/p><\/div>\n<div style='flex: 1 1 250px; border: 1px solid rgba(150&comma; 150&comma; 150&comma; 0.4); border-radius: 8px; overflow: hidden; display: flex; flex-direction: column;'>\n<div style='padding: 15px; border-bottom: 1px solid rgba(150&comma; 150&comma; 150&comma; 0.2); font-weight: bold; font-size: 18px; color: inherit;'>Especificaciones T\u00e9cnicas<\/div>\n<div style='padding: 15px; color: inherit;'>\n<ul style='padding-left: 20px; margin: 0; font-size: 14px; list-style-type: disc;'>\n<li style='margin-bottom: 5px;'><strong>Potencia total de salida:<\/strong> 20 W m\u00e1x.<\/li>\n<li style='margin-bottom: 5px;'><strong>Consumo est\u00e1tico:<\/strong> \u22640&comma;1 W<\/li>\n<li style='margin-bottom: 5px;'><strong>Rango de tensi\u00f3n de salida:<\/strong> \u00b15 % de la tensi\u00f3n nominal<\/li>\n<li style='margin-bottom: 5px;'><strong>Ondulaci\u00f3n de salida:<\/strong> 5 V: <180 mVp-p&comma; 9 V\/12 V: <200 mVp-p<\/li>\n<li style='margin-bottom: 5px;'><strong>Nivel de eficiencia energ\u00e9tica:<\/strong> Alcanza el nivel 6<\/li>\n<li style='margin-bottom: 5px;'><strong>Eficiencia:<\/strong> 5 V \u226581 % y 9 V\/12 V \u226585 %<\/li>\n<li style='margin-bottom: 5px;'><strong>Temperatura m\u00e1xima de la carcasa:<\/strong> 77 \u00b0C<\/li>\n<li style='margin-bottom: 5px;'><strong>Temperatura de funcionamiento:<\/strong> -10 ~ 25 \u00b0C<\/li>\n<li style='margin-bottom: 5px;'><strong>Temperatura de almacenamiento:<\/strong> -20 \u00b0C a 80 \u00b0C<\/li>\n<li style='margin-bottom: 5px;'><strong>Altitud de aplicaci\u00f3n:<\/strong> \u2264 5000 metros<\/li>\n<\/ul><\/div>\n<\/p><\/div>\n<div style='flex: 1 1 250px; border: 1px solid rgba(150&comma; 150&comma; 150&comma; 0.4); border-radius: 8px; overflow: hidden; display: flex; flex-direction: column;'>\n<div style='padding: 15px; border-bottom: 1px solid rgba(150&comma; 150&comma; 150&comma; 0.2); font-weight: bold; font-size: 18px; color: inherit;'>Protecci\u00f3n y Seguridad<\/div>\n<div style='padding: 15px; color: inherit;'>\n<ul style='padding-left: 20px; margin: 0; font-size: 14px; list-style-type: disc;'>\n<li style='margin-bottom: 5px;'><strong>Protecci\u00f3n contra sobretensi\u00f3n:<\/strong> 110 %-130 % de la potencia nominal<\/li>\n<li style='margin-bottom: 5px;'><strong>Protecci\u00f3n contra sobrecorriente:<\/strong> 105-130 % de la corriente nominal<\/li>\n<li style='margin-bottom: 5px;'><strong>Protecciones:<\/strong> Sobretemperatura&comma; Sobretensi\u00f3n&comma; Cortocircuito y Sobrecorriente<\/li>\n<li style='margin-bottom: 5px;'><strong>Certificaci\u00f3n:<\/strong> PSE<\/li>\n<li style='margin-bottom: 5px;'><strong>Material de la carcasa:<\/strong> PC\/V0 ign\u00edfugo<\/li>\n<\/ul><\/div>\n<\/p><\/div>\n<div style='flex: 1 1 250px; border: 1px solid rgba(150&comma; 150&comma; 150&comma; 0.4); border-radius: 8px; overflow: hidden; display: flex; flex-direction: column;'>\n<div style='padding: 15px; border-bottom: 1px solid rgba(150&comma; 150&comma; 150&comma; 0.2); font-weight: bold; font-size: 18px; color: inherit;'>Compatibilidad<\/div>\n<div style='padding: 15px; color: inherit;'>\n<ul style='padding-left: 20px; margin: 0; font-size: 14px; list-style-type: disc;'>\n<li style='margin-bottom: 5px;'><strong>USB-C:<\/strong> PD3.0\/2.0&comma; QC3.0&comma; QC2.0&comma; AFC&comma; FCP&comma; SCP&comma; APPLE&comma; SAMSUNG&comma; BC1.2<\/li>\n<li style='margin-bottom: 5px;'><strong>USB-A:<\/strong> QC3.0&comma; QC2.0&comma; AFC&comma; FCP&comma; SCP&comma; APPLE&comma; SAMSUNG&comma; BC1.2<\/li>\n<li style='margin-bottom: 5px;'><strong>Dispositivos compatibles:<\/strong> iPhone&comma; iPad Pro&comma; iPad mini&comma; smartphones Android&comma; tabletas&comma; iWatch&comma; MacBook Air&comma; AirPods Pro&comma; etc.<\/li>\n<\/ul><\/div>\n<\/p><\/div>\n<div style='flex: 1 1 250px; border: 1px solid rgba(150&comma; 150&comma; 150&comma; 0.4); border-radius: 8px; overflow: hidden; display: flex; flex-direction: column;'>\n<div style='padding: 15px; border-bottom: 1px solid rgba(150&comma; 150&comma; 150&comma; 0.2); font-weight: bold; font-size: 18px; color: inherit;'>Caracter\u00edsticas F\u00edsicas<\/div>\n<div style='padding: 15px; color: inherit;'>\n<ul style='padding-left: 20px; margin: 0; font-size: 14px; list-style-type: disc;'>\n<li style='margin-bottom: 5px;'><strong>Pines de interfaz:<\/strong> USB-C: 16 pines&comma; USB-A: 4 pines<\/li>\n<li style='margin-bottom: 5px;'><strong>Dimensiones:<\/strong> (48&comma;6 x 48 x 28) \u00b10&comma;5 mm<\/li>\n<li style='margin-bottom: 5px;'><strong>Peso:<\/strong> No especificado<\/li>\n<li style='margin-bottom: 5px;'><strong>Funci\u00f3n de filtrado:<\/strong> Disponible<\/li>\n<li style='margin-bottom: 5px;'><strong>Cable incluido:<\/strong> Ninguno<\/li>\n<\/ul><\/div>\n<\/p><\/div>\n<\/p><\/div>\n<p> <!-- Garant\u00eda --> <\/p>\n<div style='display: flex; flex-wrap: wrap; gap: 30px; margin-bottom: 30px;'>\n<div style='flex: 1 1 300px; min-width: 280px;'>\n<h3 style='font-size: 22px; border-bottom: 2px solid currentColor; padding-bottom: 5px; margin-top: 0; color: inherit; opacity: 0.8;'>Garant\u00eda y Soporte<\/h3>\n<ul style='padding-left: 20px; font-size: 15px; color: inherit;'>\n<li style='margin-bottom: 5px;'>Garant\u00eda de 24 meses desde la fecha de compra<\/li>\n<li style='margin-bottom: 5px;'>No cubre da\u00f1os intencionales al producto o por terceros<\/li>\n<\/ul><\/div>\n<\/p><\/div>\n<p> <!-- Separador --> <\/p>\n<hr style='border: 0; border-top: 1px solid rgba(150&comma; 150&comma; 150&comma; 0.3); margin: 30px 0;'> <\/div>\n","protected":false},"excerpt":{"rendered":"<p>Cargador r\u00e1pido de 20 W y 2 puertos, paquete de 2, negro, EE. UU.<\/p>\n","protected":false},"featured_media":96887,"comment_status":"open","ping_status":"closed","template":"","meta":[],"product_brand":[],"product_cat":[1235],"product_tag":[417,1236,650],"class_list":{"0":"post-96888","1":"product","2":"type-product","3":"status-publish","4":"has-post-thumbnail","6":"product_cat-accesorios-para-computadora-y-smartphones","7":"product_tag-accesorios-generales","8":"product_tag-accesorios-para-computadora-y-smartphones","9":"product_tag-ugreen","11":"first","12":"outofstock","13":"sale","14":"shipping-taxable","15":"purchasable","16":"product-type-simple"},"_links":{"self":[{"href":"https:\/\/soydeaqui.ddns.net\/pachuca\/index.php\/wp-json\/wp\/v2\/product\/96888","targetHints":{"allow":["GET"]}}],"collection":[{"href":"https:\/\/soydeaqui.ddns.net\/pachuca\/index.php\/wp-json\/wp\/v2\/product"}],"about":[{"href":"https:\/\/soydeaqui.ddns.net\/pachuca\/index.php\/wp-json\/wp\/v2\/types\/product"}],"replies":[{"embeddable":true,"href":"https:\/\/soydeaqui.ddns.net\/pachuca\/index.php\/wp-json\/wp\/v2\/comments?post=96888"}],"wp:featuredmedia":[{"embeddable":true,"href":"https:\/\/soydeaqui.ddns.net\/pachuca\/index.php\/wp-json\/wp\/v2\/media\/96887"}],"wp:attachment":[{"href":"https:\/\/soydeaqui.ddns.net\/pachuca\/index.php\/wp-json\/wp\/v2\/media?parent=96888"}],"wp:term":[{"taxonomy":"product_brand","embeddable":true,"href":"https:\/\/soydeaqui.ddns.net\/pachuca\/index.php\/wp-json\/wp\/v2\/product_brand?post=96888"},{"taxonomy":"product_cat","embeddable":true,"href":"https:\/\/soydeaqui.ddns.net\/pachuca\/index.php\/wp-json\/wp\/v2\/product_cat?post=96888"},{"taxonomy":"product_tag","embeddable":true,"href":"https:\/\/soydeaqui.ddns.net\/pachuca\/index.php\/wp-json\/wp\/v2\/product_tag?post=96888"}],"curies":[{"name":"wp","href":"https:\/\/api.w.org\/{rel}","templated":true}]}}