{"id":96747,"date":"2026-03-20T08:27:15","date_gmt":"2026-03-20T08:27:15","guid":{"rendered":"https:\/\/soydeaqui.ddns.net\/pachuca\/index.php\/producto\/poste-seccionado-de-6-metros-especializado-para-la-instalacion-de-videovigilancia-incluye-base-de-cimentacion-y-brazo-para-camara-ptz-color-negro\/"},"modified":"2026-03-20T08:27:22","modified_gmt":"2026-03-20T08:27:22","slug":"poste-seccionado-de-6-metros-especializado-para-la-instalacion-de-videovigilancia-incluye-base-de-cimentacion-y-brazo-para-camara-ptz-color-negro","status":"publish","type":"product","link":"https:\/\/soydeaqui.ddns.net\/pachuca\/index.php\/producto\/poste-seccionado-de-6-metros-especializado-para-la-instalacion-de-videovigilancia-incluye-base-de-cimentacion-y-brazo-para-camara-ptz-color-negro\/","title":{"rendered":"Poste Seccionado de 6 Metros \/ Especializado para la Instalaci\u00f3n de Videovigilancia \/ Incluye Base de Cimentaci\u00f3n y Brazo para C\u00e1mara PTZ \/ Color Negro"},"content":{"rendered":"<div style='width: 100%; max-width: 1200px; margin: 0 auto; font-family: sans-serif; line-height: 1.6; color: inherit; background-color: transparent;'>\n<div style='display: flex; flex-wrap: wrap; gap: 30px; margin-bottom: 30px;'>\n<div style='flex: 1 1 300px; min-width: 280px;'>\n<h3 style='font-size: 22px; border-bottom: 2px solid currentColor; padding-bottom: 5px; margin-top: 0; color: inherit; opacity: 0.8;'>Caracter\u00edsticas<\/h3>\n<ul style='padding-left: 20px; font-size: 15px; color: inherit;'>\n<li style='margin-bottom: 5px;'>Poste seccionado para transporte e instalaci\u00f3n m\u00e1s f\u00e1cil<\/li>\n<li style='margin-bottom: 5px;'>Soporte para c\u00e1maras PTZ compatible con modelos Hikvision o Epcom con montaje G 1-1\/2<\/li>\n<li style='margin-bottom: 5px;'>Soporte para housing serie XGA9011 (no incluye gabinete)<\/li>\n<li style='margin-bottom: 5px;'>Sellos para evitar el ingreso de agua<\/li>\n<li style='margin-bottom: 5px;'>Color negro<\/li>\n<\/ul><\/div>\n<div style='flex: 1 1 300px; min-width: 280px;'>\n<h3 style='font-size: 22px; border-bottom: 2px solid currentColor; padding-bottom: 5px; margin-top: 0; color: inherit; opacity: 0.8;'>Especificaciones T\u00e9cnicas<\/h3>\n<ul style='padding-left: 20px; font-size: 15px; color: inherit;'>\n<li style='margin-bottom: 5px;'>Altura total: <strong>6m<\/strong><\/li>\n<li style='margin-bottom: 5px;'>Cuatro secciones de poste<\/li>\n<li style='margin-bottom: 5px;'>Secciones 1-3: Di\u00e1metro 87mm&comma; espesor 2mm&comma; altura 1.60m cada pieza<\/li>\n<li style='margin-bottom: 5px;'>Secci\u00f3n 4 (base): Di\u00e1metro 140mm&comma; espesor 3mm&comma; altura 1.20mts<\/li>\n<li style='margin-bottom: 5px;'>Cada secci\u00f3n incluye anillo a prueba de agua y tuerca de ajuste<\/li>\n<li style='margin-bottom: 5px;'>Puerto de acceso: Tapa de conexiones inferior de 200mm x 90mm<\/li>\n<li style='margin-bottom: 5px;'>Barra: Tubo cuadrado de 350mm x 58mm&comma; espesor 1.5mm<\/li>\n<li style='margin-bottom: 5px;'>Soporte de c\u00e1mara PTZ: 350mm x 200mm x 48.5mm&comma; espesor 2mm<\/li>\n<li style='margin-bottom: 5px;'>Soporte de c\u00e1mara con orificio de 18mm y base transversal de 100x120mm<\/li>\n<li style='margin-bottom: 5px;'>Base: Disco de 320mm de di\u00e1metro&comma; 12mm de espesor&comma; 4 agujeros de 60mm<\/li>\n<li style='margin-bottom: 5px;'>Soporte para pararrayos en parte superior (no incluido)<\/li>\n<li style='margin-bottom: 5px;'>Material: Acero rolado en fr\u00edo<\/li>\n<li style='margin-bottom: 5px;'><strong>Peso neto: 49 Kg<\/strong><\/li>\n<\/ul><\/div>\n<\/p><\/div>\n<div style='display: flex; flex-wrap: wrap; gap: 20px; margin-bottom: 30px;'>\n<div style='flex: 1 1 250px; border: 1px solid rgba(150&comma; 150&comma; 150&comma; 0.4); border-radius: 8px; overflow: hidden; display: flex; flex-direction: column;'>\n<div style='padding: 15px; border-bottom: 1px solid rgba(150&comma; 150&comma; 150&comma; 0.2); font-weight: bold; font-size: 18px; color: inherit;'>Sistema de Tierra F\u00edsica Recomendada<\/div>\n<div style='padding: 15px; color: inherit;'>\n<ul style='padding-left: 20px; margin: 0; font-size: 14px; list-style-type: disc;'>\n<li style='margin-bottom: 5px;'><strong>Cantidad:<\/strong> 1<\/li>\n<li style='margin-bottom: 5px;'><strong>Modelo:<\/strong> LP-GROUND30A-KIT<\/li>\n<li style='margin-bottom: 5px;'><strong>Descripci\u00f3n:<\/strong> Kit de puesta a tierra LinkedPro&comma; para protecci\u00f3n de hasta 30A<\/li>\n<\/ul><\/div>\n<\/p><\/div>\n<div style='flex: 1 1 250px; border: 1px solid rgba(150&comma; 150&comma; 150&comma; 0.4); border-radius: 8px; overflow: hidden; display: flex; flex-direction: column;'>\n<div style='padding: 15px; border-bottom: 1px solid rgba(150&comma; 150&comma; 150&comma; 0.2); font-weight: bold; font-size: 18px; color: inherit;'>Sistema de Pararrayos B\u00e1sico Recomendado<\/div>\n<div style='padding: 15px; color: inherit;'>\n<ul style='padding-left: 20px; margin: 0; font-size: 14px; list-style-type: disc;'>\n<li style='margin-bottom: 5px;'><strong>Cantidad:<\/strong> 1<\/li>\n<li style='margin-bottom: 5px;'><strong>Modelo:<\/strong> LP-DIPOLO-ALU<\/li>\n<li style='margin-bottom: 5px;'><strong>Descripci\u00f3n:<\/strong> Punta Pararrayo con M\u00e1stil de Aluminio<\/li>\n<li style='margin-bottom: 5px;'><strong>Cantidad:<\/strong> 1<\/li>\n<li style='margin-bottom: 5px;'><strong>Modelo:<\/strong> LP-GROUND-30A<\/li>\n<li style='margin-bottom: 5px;'><strong>Descripci\u00f3n:<\/strong> Electrodo de 30Amp con saco de compuesto mejorador de terreno<\/li>\n<li style='margin-bottom: 5px;'><strong>Cantidad:<\/strong> 1<\/li>\n<li style='margin-bottom: 5px;'><strong>Modelo:<\/strong> LP-REGISTRO-7<\/li>\n<li style='margin-bottom: 5px;'><strong>Descripci\u00f3n:<\/strong> Registro pl\u00e1stico chico<\/li>\n<li style='margin-bottom: 5px;'><strong>Cantidad:<\/strong> 3<\/li>\n<li style='margin-bottom: 5px;'><strong>Modelo:<\/strong> LP-CB-20<\/li>\n<li style='margin-bottom: 5px;'><strong>Descripci\u00f3n:<\/strong> Conector de Ojo<\/li>\n<li style='margin-bottom: 5px;'><strong>Cantidad:<\/strong> 2<\/li>\n<li style='margin-bottom: 5px;'><strong>Modelo:<\/strong> LP-CV-20<\/li>\n<li style='margin-bottom: 5px;'><strong>Descripci\u00f3n:<\/strong> Conector para Varilla<\/li>\n<\/ul><\/div>\n<\/p><\/div>\n<\/p><\/div>\n<div style='display: flex; flex-wrap: wrap; gap: 20px; margin-bottom: 30px;'>\n<div style='flex: 1 1 250px; min-width: 280px;'>\n<h3 style='font-size: 22px; border-bottom: 2px solid currentColor; padding-bottom: 5px; margin-top: 0; color: inherit; opacity: 0.8;'>Recomendaciones de Instalaci\u00f3n<\/h3>\n<ul style='padding-left: 20px; font-size: 15px; color: inherit;'>\n<li style='margin-bottom: 5px;'>Cable de cobre calibre 4 AWG (SLY-287-GRN) para aterrizaje del electrodo hasta la barra<\/li>\n<li style='margin-bottom: 5px;'>Cable de cobre calibre 6 AWG (SLY-291-GRN) para equipos<\/li>\n<li style='margin-bottom: 5px;'>Cable de cobre calibre 1\/0 (SLY-343-BLK) para integraci\u00f3n del pararrayos<\/li>\n<li style='margin-bottom: 5px;'>Punta tipo dipolo ofrece cono de protecci\u00f3n de 72\u00b0&comma; recomendado para zonas de baja incidencia de rayos<\/li>\n<\/ul><\/div>\n<\/p><\/div>\n<div style='display: flex; flex-wrap: wrap; gap: 20px; margin-bottom: 30px;'>\n<div style='flex: 1 1 250px; min-width: 280px;'>\n<h3 style='font-size: 22px; border-bottom: 2px solid currentColor; padding-bottom: 5px; margin-top: 0; color: inherit; opacity: 0.8;'>Contenido del Paquete<\/h3>\n<ul style='padding-left: 20px; font-size: 15px; color: inherit;'>\n<li style='margin-bottom: 5px;'>Poste seccionado de 6 metros<\/li>\n<li style='margin-bottom: 5px;'>Base de cimentaci\u00f3n<\/li>\n<li style='margin-bottom: 5px;'>Brazo para c\u00e1mara PTZ<\/li>\n<\/ul><\/div>\n<\/p><\/div>\n<div style='display: flex; flex-wrap: wrap; gap: 20px; margin-bottom: 30px;'>\n<div style='flex: 1 1 250px; min-width: 280px;'>\n<h3 style='font-size: 22px; border-bottom: 2px solid currentColor; padding-bottom: 5px; margin-top: 0; color: inherit; opacity: 0.8;'>Notas<\/h3>\n<ul style='padding-left: 20px; font-size: 15px; color: inherit;'>\n<li style='margin-bottom: 5px;'>No incluye gabinete<\/li>\n<li style='margin-bottom: 5px;'>No incluye sistema de pararrayos<\/li>\n<li style='margin-bottom: 5px;'>No incluye sistema de tierra f\u00edsica<\/li>\n<\/ul><\/div>\n<\/p><\/div>\n<div style='margin: 30px 0;'> <img style='width: 100%; height: auto; border: 1px solid rgba(150&comma;150&comma;150&comma;0.3); border-radius: 8px;' src='https:\/\/ftp3.syscom.mx\/usuarios\/jmolinar\/JonathanMolinar\/CajasDconexionYmontajes\/imagenes\/PiecesXGAPOLE-esp.jpg' alt=''> <\/div>\n<hr style='border: 0; border-top: 1px solid rgba(150&comma; 150&comma; 150&comma; 0.3); margin: 30px 0;'> <\/div>\n","protected":false},"excerpt":{"rendered":"<p>Poste Seccionado de 6 Metros \/ Especializado para la Instalaci\u00f3n de Videovigilancia \/ Incluye Base de Cimentaci\u00f3n y Brazo para C\u00e1mara PTZ \/ Color Negro<\/p>\n","protected":false},"featured_media":96746,"comment_status":"open","ping_status":"closed","template":"","meta":[],"product_brand":[],"product_cat":[416],"product_tag":[417,418,939],"class_list":{"0":"post-96747","1":"product","2":"type-product","3":"status-publish","4":"has-post-thumbnail","6":"product_cat-montajes-y-brackets-para-camaras","7":"product_tag-accesorios-generales","8":"product_tag-montajes-y-brackets-para-camaras","9":"product_tag-syscom-video","11":"first","12":"outofstock","13":"sale","14":"shipping-taxable","15":"purchasable","16":"product-type-simple"},"_links":{"self":[{"href":"https:\/\/soydeaqui.ddns.net\/pachuca\/index.php\/wp-json\/wp\/v2\/product\/96747","targetHints":{"allow":["GET"]}}],"collection":[{"href":"https:\/\/soydeaqui.ddns.net\/pachuca\/index.php\/wp-json\/wp\/v2\/product"}],"about":[{"href":"https:\/\/soydeaqui.ddns.net\/pachuca\/index.php\/wp-json\/wp\/v2\/types\/product"}],"replies":[{"embeddable":true,"href":"https:\/\/soydeaqui.ddns.net\/pachuca\/index.php\/wp-json\/wp\/v2\/comments?post=96747"}],"wp:featuredmedia":[{"embeddable":true,"href":"https:\/\/soydeaqui.ddns.net\/pachuca\/index.php\/wp-json\/wp\/v2\/media\/96746"}],"wp:attachment":[{"href":"https:\/\/soydeaqui.ddns.net\/pachuca\/index.php\/wp-json\/wp\/v2\/media?parent=96747"}],"wp:term":[{"taxonomy":"product_brand","embeddable":true,"href":"https:\/\/soydeaqui.ddns.net\/pachuca\/index.php\/wp-json\/wp\/v2\/product_brand?post=96747"},{"taxonomy":"product_cat","embeddable":true,"href":"https:\/\/soydeaqui.ddns.net\/pachuca\/index.php\/wp-json\/wp\/v2\/product_cat?post=96747"},{"taxonomy":"product_tag","embeddable":true,"href":"https:\/\/soydeaqui.ddns.net\/pachuca\/index.php\/wp-json\/wp\/v2\/product_tag?post=96747"}],"curies":[{"name":"wp","href":"https:\/\/api.w.org\/{rel}","templated":true}]}}