{"id":96743,"date":"2026-03-20T08:27:05","date_gmt":"2026-03-20T08:27:05","guid":{"rendered":"https:\/\/soydeaqui.ddns.net\/pachuca\/index.php\/producto\/hidrolavadora-inalambrica-de-11-5-mpa-con-manguera-de-5m-incluye-dos-baterias-bl4050-de-40v-5a-y-cargador-dc40rb\/"},"modified":"2026-03-20T08:27:12","modified_gmt":"2026-03-20T08:27:12","slug":"hidrolavadora-inalambrica-de-11-5-mpa-con-manguera-de-5m-incluye-dos-baterias-bl4050-de-40v-5a-y-cargador-dc40rb","status":"publish","type":"product","link":"https:\/\/soydeaqui.ddns.net\/pachuca\/index.php\/producto\/hidrolavadora-inalambrica-de-11-5-mpa-con-manguera-de-5m-incluye-dos-baterias-bl4050-de-40v-5a-y-cargador-dc40rb\/","title":{"rendered":"Hidrolavadora Inal\u00e1mbrica de 11.5 Mpa. con Manguera de 5m, incluye dos Bater\u00edas BL4050 de 40V, 5A y Cargador DC40RB"},"content":{"rendered":"<div style='width: 100%; max-width: 1200px; margin: 0 auto; font-family: sans-serif; line-height: 1.6; color: inherit; background-color: transparent;'>\n<div style='text-align: center; margin-bottom: 30px;'> <img style='width: 100%; max-width: 600px; height: auto; border: 1px solid rgba(150&comma;150&comma;150&comma;0.3); border-radius: 8px;' src='data:image\/png;base64&comma;iVBORw0KGgoAAAANSUhEUgAAAN0AAABSCAIAAABfQEZAAAAQiElEQVR4Ae1d958UxRLXz\/PPWBVlCR9wTiCSj+BTgoggQQREgoGMIg8EBBQUUdIJJyJPFJAgiKIgCBIETpKIZIQDDslRmNmd3dk08X3Gkbm+6a7avbndu\/lI32d\/qOmuqm91dU3PTFd331133X0P\/3EP+M4DvjOI3yfcA3ffcxePS+4BP3rAjzbxAYN7gIxLIRDkP+6ByvIAGYqlnuOVZRDH5R4QAkEel\/yx4EcP8Lj0Y6\/wIZPHJY9LP3qAxyUf+4UPlzwueVz60QM8Lv3YK3y85HHJ49KPHeB7D\/wHdE620Gz952UAAAAASUVORK5CYII=' alt=''> <\/div>\n<div style='margin-bottom: 30px; font-size: 15px; color: inherit;'>\n<p>La HW001G es una hidrolimpiadora compacta de alta potencia dise\u00f1ada para una amplia gama de aplicaciones de limpieza. Con una presi\u00f3n presi\u00f3n regular de 8&comma;5 kPa proporciona un rendimiento igual al de las hidrolimpiadoras de Corriente Alterna.<\/p>\n<p>El control de presi\u00f3n de 3 etapas permite optimizar el rendimiento en funci\u00f3n de la aplicaci\u00f3n&comma; y las grandes ruedas y el asa telesc\u00f3pica facilitan el transporte.<\/p>\n<p>La gama de accesorios est\u00e1 siempre a mano gracias al almacenamiento a bordo&comma; lo que permite cambios r\u00e1pidos y la m\u00e1xima eficacia.<\/p>\n<\/p><\/div>\n<div style='margin-bottom: 30px;'>\n<h3 style='font-size: 22px; border-bottom: 2px solid currentColor; padding-bottom: 5px; margin-top: 0; color: inherit; opacity: 0.8;'>CARACTER\u00cdSTICAS<\/h3>\n<ul style='padding-left: 20px; font-size: 15px; color: inherit;'>\n<li style='margin-bottom: 5px;'><strong>3 Modos de presi\u00f3n:<\/strong> Permite al usuario alcanzar la presi\u00f3n deseada para adaptarse a la aplicaci\u00f3n o el accesorio.<\/li>\n<li style='margin-bottom: 5px;'><strong>Accesorios est\u00e1ndar:<\/strong> Viene de serie con una amplia gama de accesorios para adaptarse a una amplia gama de aplicaciones.<\/li>\n<li style='margin-bottom: 5px;'><strong>Empu\u00f1adura telesc\u00f3pica:<\/strong> Facilita el transporte por el lugar de trabajo al tiempo que compacto para su almacenamiento.<\/li>\n<li style='margin-bottom: 5px;'><strong>Manguera de alta presi\u00f3n de 5 m:<\/strong> Proporciona al usuario una amplia zona de cobertura sin la necesidad de mover la unidad a diferentes posiciones durante el uso.<\/li>\n<li style='margin-bottom: 5px;'><strong>Funci\u00f3n de autocebado:<\/strong> Se puede suministrar agua desde el grifo o el dep\u00f3sito sin necesidad de accionar la v\u00e1lvula de aire.<\/li>\n<li style='margin-bottom: 5px;'><strong>Compatible con IPX5:<\/strong> Las bater\u00edas est\u00e1n protegidas contra la penetraci\u00f3n de agua durante su uso&comma; lo que garantiza un funcionamiento seguro en entornos h\u00famedos.<\/li>\n<li style='margin-bottom: 5px;'><strong>Almacenamiento de accesorios a bordo:<\/strong> C\u00f3modo almacenamiento para accesorios est\u00e1ndar y opcionales en la parte posterior de la unidad.<\/li>\n<\/ul><\/div>\n<div style='margin-bottom: 30px; text-align: center;'> <img style='width: 100%; max-width: 987px; height: auto; border: 1px solid rgba(150&comma;150&comma;150&comma;0.3); border-radius: 8px;' src='https:\/\/ftp3.syscom.mx\/usuarios\/fotos\/HW001GT201\/232370-espe1.jpg' alt=''> <\/div>\n<hr style='border: 0; border-top: 1px solid rgba(150&comma;150&comma;150&comma;0.3); margin: 30px 0;'> <\/div>\n","protected":false},"excerpt":{"rendered":"<p>Hidrolavadora Inal\u00e1mbrica de 11.5 Mpa. con Manguera de 5m, incluye dos Bater\u00edas BL4050 de 40V, 5A y Cargador DC40RB<\/p>\n","protected":false},"featured_media":96742,"comment_status":"open","ping_status":"closed","template":"","meta":[],"product_brand":[],"product_cat":[1057],"product_tag":[1058,1059,252],"class_list":{"0":"post-96743","1":"product","2":"type-product","3":"status-publish","4":"has-post-thumbnail","6":"product_cat-herramientas-electrica-cableada","7":"product_tag-ferreteria","8":"product_tag-herramientas-electrica-cableada","9":"product_tag-makita","11":"first","12":"outofstock","13":"sale","14":"shipping-taxable","15":"purchasable","16":"product-type-simple"},"_links":{"self":[{"href":"https:\/\/soydeaqui.ddns.net\/pachuca\/index.php\/wp-json\/wp\/v2\/product\/96743","targetHints":{"allow":["GET"]}}],"collection":[{"href":"https:\/\/soydeaqui.ddns.net\/pachuca\/index.php\/wp-json\/wp\/v2\/product"}],"about":[{"href":"https:\/\/soydeaqui.ddns.net\/pachuca\/index.php\/wp-json\/wp\/v2\/types\/product"}],"replies":[{"embeddable":true,"href":"https:\/\/soydeaqui.ddns.net\/pachuca\/index.php\/wp-json\/wp\/v2\/comments?post=96743"}],"wp:featuredmedia":[{"embeddable":true,"href":"https:\/\/soydeaqui.ddns.net\/pachuca\/index.php\/wp-json\/wp\/v2\/media\/96742"}],"wp:attachment":[{"href":"https:\/\/soydeaqui.ddns.net\/pachuca\/index.php\/wp-json\/wp\/v2\/media?parent=96743"}],"wp:term":[{"taxonomy":"product_brand","embeddable":true,"href":"https:\/\/soydeaqui.ddns.net\/pachuca\/index.php\/wp-json\/wp\/v2\/product_brand?post=96743"},{"taxonomy":"product_cat","embeddable":true,"href":"https:\/\/soydeaqui.ddns.net\/pachuca\/index.php\/wp-json\/wp\/v2\/product_cat?post=96743"},{"taxonomy":"product_tag","embeddable":true,"href":"https:\/\/soydeaqui.ddns.net\/pachuca\/index.php\/wp-json\/wp\/v2\/product_tag?post=96743"}],"curies":[{"name":"wp","href":"https:\/\/api.w.org\/{rel}","templated":true}]}}