{"id":96568,"date":"2026-03-20T08:19:22","date_gmt":"2026-03-20T08:19:22","guid":{"rendered":"https:\/\/soydeaqui.ddns.net\/pachuca\/index.php\/producto\/multiherramienta-oscilante-inalambrica-de-18v-incluye-2-baterias-bl1850b-de-5-0-a-cargador-dc18rc-accesorios-y-estuche-makpac\/"},"modified":"2026-03-20T08:19:29","modified_gmt":"2026-03-20T08:19:29","slug":"multiherramienta-oscilante-inalambrica-de-18v-incluye-2-baterias-bl1850b-de-5-0-a-cargador-dc18rc-accesorios-y-estuche-makpac","status":"publish","type":"product","link":"https:\/\/soydeaqui.ddns.net\/pachuca\/index.php\/producto\/multiherramienta-oscilante-inalambrica-de-18v-incluye-2-baterias-bl1850b-de-5-0-a-cargador-dc18rc-accesorios-y-estuche-makpac\/","title":{"rendered":"Multiherramienta Oscilante Inal\u00e1mbrica de 18V, incluye 2 Bater\u00edas  BL1850B de 5.0 A, Cargador DC18RC, Accesorios y Estuche Makpac"},"content":{"rendered":"<p class='MsoNormal' style='margin-bottom: 12pt; line-height: normal; background: white; text-align: center;'> <img src='data:image\/png;base64&comma;iVBORw0KGgoAAAANSUhEUgAAAPMAAABcCAYAAAC7vIMEAAANOklEQVR4Ae1bsaotWRGd0C9wvkD8AMEPmMDYxNjI0MzQ0GQwFAZMjYwNzA38APEHRkXEQeQhIorIlQW3YK+munatPt199z1vNVx2V70+dWpXrVVVu+99n3zy+Rcv\/nEMjIEnwICT+ARJdEF2QwIGTGaT2Rh4Egw4kU+SSHdnd2eT2WQ2Bp4EA07kkyTSndmdOSPzH7729Rf\/OAbGwFoYyLhKOhJeq7uTuFYSnQ\/nAxjIuEo6EkxmTySeypbFQMZV0pFgMi+bSHdnd+eMq6QjwWQ2md2Zl8VAxlXSkWAyL5tId2Z35oyrpCPBZDaZ3ZmXxUDGVdKRYDIvm0h3ZnfmjKukI8FkNpndmZfFQMZV0pFgMi+bSHdmd+aMq6QjwWQ2md2Zl8VAxlXSkWAyL5tId2Z35oyrpCPBZDaZ3ZmXxUDGVdKRYDIvm0h3ZnfmjKukI8FkNpndmZfFQMZV0pFgMi+bSHdmd+aMq6QjwWQ2md2Zl8VAxlXSkWAyL5tId2Z35oyrpCPBZDaZ3ZmXxUDGVdKRYDIvm0h3ZnfmjKukI8FkNpndmZfFQMZV0pFgMi+bSHdmd+aMq6QjwWQ2md2Zl8VAxlXSkWAyL5tId2Z35oyrpCPBZDaZ3ZmXxUDGVdKRYDIvm0h3ZnfmjKukI8FkNpndmZfFQMZV0pFgMi+bSHdmd+aMq6QjwWQ2md2Zl8VAxlXSkWAyL5tId2Z35oyrpCPBZDaZ3ZmXxUDGVdKRYDIvm0h3ZnfmjKukI8FkNpndmZfFQMZV0pFgMi+bSHdmd+aMq6Qj4ZXMf\/3Od1\/e+udPn37DxDqpS\/7l25+18onn7igaV\/rTxe1dez0znhlXSUfCK5lfFrhM5vM60f8+fGhl9J+\/+OXlZEZeu5fqz1ff+37X9Mu\/fvXry\/d6JpFhK+Mq6UhYhMzvMdBnJ+4se3\/7wQ\/bAAcZzvrePTuKP2r3BG661x173YvBUX3GVdKRsAiZkfCjG\/bnuKP\/+ze\/beEb3fuO2HX9+e+Xf5T8+fM3v9XaJx66a69nxzPjKulIWITMHrGZkEdBoQBcHWmP+KT484+f\/Vwi84ef\/LRNZtX2kb1e8ZmMq6QjYQEye8Q+h8gAkwLwO8bOv\/\/ox23CgfgKIbrvBeCAOr4rflz5bMZV0pGwAJkxhgGEj\/6oYLgyCW9lG6Nq51JH2qP7+c\/vft9x5wXPKd+hnMNV24ofVz+bcZV0JCxA5la2Jw\/dBc6rk\/eIffyKpnvdMXaiG3YvdHBl791zOL5fta34cfWzGVdJR8KTkPkOcF6duEft4wzcve4YO5GT7qVMVco5HN\/\/nt\/HZFwlHQlPQuY7wPko2a78vPK73LumGIzCnaOT+psMpWi99\/cxGVdJR8IrmTtB7zyj\/N6vW7Vnz90FzivJ+Kht5QyJPD76fW\/1eRQt5cXXHS\/5roxFxlXSkfBK5rMcegsyv2dwnhX37osmFEZlpD3Lv7PsKEULe937U8+z\/LnaTsZV0pFwIpmVUW\/Wbd\/i35VRHXsFsFC88DJG6Rbq3mbkU86Q1Ztd7EkpCtjHnj1MS50rG4NVwna+Z3xmz+eRmCgCOPMjt929jN\/RvR+\/M7vPuEo6Ek4ks\/I7xe5m73quk+AINka3K8k77rnjl\/Kiae\/NLgqZClr4hgIQcYkV8eleIG58Ltarp7tqkkNhVN6Ud\/eZPZcVsohBrBlXSUfCiWRGct\/rtQfyCGqsdxesjl9KYcm6PIis2ECO94iMOClk3BYDyFdfexPYkTg84mtWyAJnsWZcJR0JJ5EZgVAuVL\/s560KQgbyCGisV49\/WfxmfildMOsERwBcERn+dq\/Mn6uL5d7L0iNx6O4zew7FM3BVrRlXSUfCSWRWRr0sibEhxU4WpCO6yp\/wSy1WR\/zYfqbjF57pXttOcATAFZERK4WM2Zvmq4s58BU5jRXTgHrE6MZ877nu38VnXCUdCSeRWRnTsiRGYO8OKoK9BXn4Mq53naPG5M\/8UkfScaS9gsiIVzd\/WWdSuvoYJ+Ue+x7zivu3aCCZH1u\/IGdcJR0JJ5BZGfWyJMYmFDtKAqtn4c8I8vBlXJU\/k6y+S\/23mV9KFxy7POKsFF\/4jU4y80eJU9aZriZVNmLfUUC2ec\/8GPE23mdcJR0JJ5BZGfWyMSecV\/6yZxugo3IGqvAn1lX96nZBxCa6PFb16sQIsVLilHUmYCN7j6JMRYjJ3h83ZRMhnr37qt6mB+ZizbhKOhIeJLNa2fB8OLpd1W5xRhKyBI9+qfs7wyfYmPkFMnSvmIauJDK6dvdSOhNyofgdRWvMYXWvFMTu\/mbPVRzY+ppxlXQkPEhmZdTDy42tsyErCUOwqoB0feqASq3ce34B7N1iFeSL2GSr0gXxrBpfxLjbkeFfN+awW01n2V6VyW92FBjtK8eCCiuKnYoDo29xn3GVdCQ8SGalslVVU0nYLCBdnzqg6toCSMdzaSQjVoVMHRJ1C0P4hVW5Oj7E3rAqcdoreKO9uMez3auKf9gbV+yxe6FYjZ8d7xU7FQdGm3GfcZV0JDxAZnXU26uayoiG4FcBUapkdm6LIGLFqKtc1Wis\/MoFexj92N4rhUHxP55ViazEfFaIt3tVJqMKF1u7yqSEuJyF3T07W\/9CzrhKOhIeILNSkSqAqOCsAtL1qQMqZVpAZ4oEbFel6FV2wq7yQigI2l2rPMX3b9duzOFD1eG2diF3O37naDLaVzBXxUQ5XqiTA\/zNuEo6Eh4gszLqVd1G6VpVYJVqOwOVMt4BpNUbSgXss9Ff9atLYjxXxXYkwnivxBzfoYzYSsdXfVcKYoXdbrHB3qvJbYzpeJ9xlXQkHCSzUtmqbqOCswqI4tMMVMp4V4FUBfts9Ff9gm+dSyVDAE6JudqZlCJY4SJ8jVXBXIVdpdiok0P4mnGVdCQcJLMyglZdUBlTqsBi890O3wGVUnErewrYO6O\/4leHxPEM\/AwAKWs35vge5TuUIjjDxXY\/SkGssKsUm6PFMuMq6Ug4QGalsiGJVRdUwFmNoMq5dAYqVHnlqrqCAvYKOACk0gngv1Jwj4BNiTk6Ewi6JdaerBTBCheZfQVzez5Dr1yziSvzE7qMq6Qj4QCZlcpWdS0FDAhcVRSQ0M7VAZVCgqornLk\/JFbpBNiDQohqH3tAU\/xRi4VSBBWiKAWx8vnMiXIvvreQWalsVRfsEhAknY2g3ZdxVYIQPHXqQGHbS4YC9tn+1E6AaUH9TFUst3uE7W7Mkb9qetnaVnIwi9vWtpKTs158VRjZ+reVs8ZLOhLEzqxUNiR769woK2CoioLSgWagUqYOgHSPACrYq\/0hZsoexy6rTBkzH8bcKf7McDDaxb1S5GdHk9G2kpMxhqMN3CscqDCytZvJGVdJR4JIZqWyVWcZkEq5kIhss9B1f81QJShsK1NHdYRQwI44VPuDb8rYOcZd8aPaT8Qn1qP+xOerVcnBXjHN7CuxqIqEwgF1ctj6nXGVdCQIZFYqGwBanWWUgODZ7SZDVkayEeTx+XFVC0zV5RWwz0ik7BFxHwGufLbbQRWbMxyM8ce9kgMU8e3nK7lb9KviCg4oFwpI5dPs3zKuko4EgcxKZasqkloUKtIoYzGqLUakvR8l2VWXV198zRKujJ0ZwJXCUhXgAJ7iTxWnsDeuSpGHH3u53OqVIlE1D+XFF0iP7936osgZV0lHgkBmBewVQJWiMAODMpIpFXX2LLoY4pH9vJVP8DmLuwJAEB97UgrALFbv7d+Rvyyv0Cnvec7Yd8ZV0pHQJLM6WlVnQOWlTDUaK9X2jMCubgNAy+KuTgqr7\/Nj8i\/jKulIaJJZGWerMUU9c4znv3Ecw71SFD4GAFRxf8tp4WOI\/VV7zLhKOhKaZFbAUJ1x1ZFvS+CQ1aIwCzZGqDMujKdnjahKzOF7dd5VzrlVHM7aW\/YdV9nGxHKG7ThaZb5fpcu4SjoSGmRWxlkAMAiXrUpQs\/Nf2FSKwizQsAW7ysuXzCYmBRSZM3xDnBQ7s7jjpcujV3T+K86NsH12gcZ+4SuKnPKeZi9OsKNwYc+Oos+4SjoSGmRWQF79tcuZ5261a2UBhI2xm6n+jTbHfT9iBzaDNMq0EAUpil22PkLC8Al2lSPXGKO9+\/G9yFkTBL4riAyfUSgewczYWJS87O25q8+4SjoSJmRWq2V1xlVAMIJnC8yzugz2trWt+BgJGRMd9o7Ygb3Yt1oQsr2EL7HC9pErfAo7WJUJq\/rOLHZH\/Ry\/ZyRy+I3CfaSgbX1ErM\/a\/+hzdp9xlXQkTMiMjXQvVKwIXLYqlbE6dz+SbCRzm5ytr93ukAFmtNW1E\/Edu6vy2dkfnYRPR0bEvVgB0I92qD3b8PdoMUQsq7ygSCp+7\/mI\/cPHI8Uh8t1ZM66SjoRXMlv3xfy\/mzlWjtFqGDBxTVxj4Ekw4EQ+SSJX6xL25\/7JxWQ2mY2BJ8GAE\/kkiXQnvL8TrhZzk9lkNgaeBANO5JMkcrUuYX\/unxRMZpPZGHgSDDiRT5JId8L7O+FiMf8\/Z1VBX\/llkKkAAAAASUVORK5CYII=' alt='' \/> <img src='data:image\/png;base64&comma;iVBORw0KGgoAAAANSUhEUgAAAjMAAABJCAIAAABHFjAbAAAgAElEQVR4Ae1dXW8cx5XNb9Af4Dg0kgAhHT4kQCABDJAnyZBfSdB5NCkGhozskqA\/doEAAz7YsgPQekmwWlByLMDZxdCxY1p2Rkkcxyt4uJadRFKGtmly+NHDD8kUqaFk0RQj14Y+u8d3q6uranqa1FguYkBUV1dX3bpVdc+9t25Xf02Fv8CBwIHAgcCBwIFm4sDXmomYQEvgQOBA4EDgQOCACsgUJkHgQOBA4EDgQHNxICBTc41HoCZwIHAgcCBwICBTmAOBA4EDgQOBA83FgYBMzTUegZrAgcCBwIHAgYBMYQ4EDgQOBA4EDjQXBwIyNdd4BGoCBwIHAgcCBwIyhTkQOBA4EDgQONBcHAjI1FzjEagJHAgcCBwIHAjIFOZA4EDgQOBA4EBzcSAgU3ONR6AmcCBwIHAgcCAgU5gDgQOBA4EDgQPNxYGATM01HoGawIHAgcCBwIGATGEOBA4EDgQO7DoHJkqlnq7udL8k4ibL5RQVsrZ0j6do0fLIRKlEemTCF5kuXLz4+uvFu+l34eJFyYhdSk+WyxOl0u79JsvlTCg\/\/875U6Ojdf1eHR\/PpGn\/ShpkY7yhBiv8sj9eq9XiPGkkJ4oiO09ki3UVtlDlrMdOkv\/dBtfa0MBgf2+ff3Mo2d\/b19\/bZ+l+a0vu5Oiof7Udbe0Ag8lyuaOt\/fjIiP+z2ZY8PjLS0dae1DU3Mr308vgr46\/dlb+XXh7\/3e9+n8SaxvMny+XWltze\/Dra2qGYDA0MjhUKUgQ4O\/Lq+Pi9uXvqpfOZY8ecNWdboHP\/gXqJlOU17WysUJB3v4LpBkWtNri1Wu3wwUN2No4VCnzq+MiIvbA2XnxQSzQ4K+w0yLtDA4Na0\/6XtVqttSWXguEdbe1ni0VLQ\/29fSdHRy0FtFs9Xd0nR0cBS430SKs2xWV\/b5+FAAcyvf568a7EJHbqod4jUx99lIKtzkeiKOpoa5cze4\/Tw\/m8Dz5Vq9Vvf\/Nb9dL24yNHnBzIvMDQwGC9dMrycgEHWDp88FC2AzScz0tuG9PHR0bYqBOZZGE+pSX2chwlrGpkOC9Pjo6mYPhYodC5\/4C98pOjoz1d3fYy8u7xkZGeru6OtnYLKsjyu5R2QrUDmcZefPmV8dfOvFY8\/96FjyrR9Ozd87tUnho9+fxDvUfy+eHMue+jPxqXbraZPouho\/2+ehv9YecPMueYT4Vni0WQWq8LAioClyLFGRTSbH0UTV4b8UDitA\/z7WU4NPa5NJzPsx7nIxwvPhJP7JnB1NqS89Hz4hQi5\/DBQ2R4T1e3nUuypBOe4ZhBKxOlUlLN9JuB7ZK3FksXlERRlFRtvfn0TDqh2oFMv37plVfGX7vwtw+qy6vR0pWFxctf6l+0dOV\/f4tXqsurJ0+dfqj3yCOP\/CRpPqXO7+\/tq3fMdqk8Z7mxLz\/s\/EG97X77m9+qVqvG2nY7E3pWa0tOCjifRiELgNMSllJ4V3yaa+YynJmNyFmtg7VazdM9ILV7ixjFnHTqVRzKeudwivIUqVrffS4BHmC4j5SXJaMocjYhPX6WgUBVURRJWLL4IWgj+ljDniylZ7Jz\/wHWb+ygFzItLO5g0vRM5Uv9m5uvVpdX+ZuZnX\/p5d\/sBjJlOJCe420pZtG5Hn\/0McuDxlv35u65U7CE6Qv9DjLLJ7IIs5+GgpSGuOVfSa1Ws4QYOW8N5\/NjhUKSoImiyFlDIwUgWAntUjYZ5UJdmUQ745yRmRKZfGS0nYy9NJjsYtRO59DAIBnOqSjZItOypGSXpYmhgUHqapaxICqwKh9YUkpZ0E5S7kzTbpNQTWK0hBcyVZdX5xYWv9SwND1TmanMVuYW+JueqbzxxzczR6a91OOcUwFxO9qQ4\/LU6KjP47LMvbl79j4eTyOeCxsiXpJnTGNtxweFsORcdZQU8UqMLTozhwYG4\/YK++V8PF0BSK6T\/zfonsEFGvONl6zTkzBZifMRi1Gb1XA4aUCB+JDJjtjT0qZxoinxw2lVsNGxQoH2pWU4NCXVE5acTldPBkpXh4Rq9kJLfFWQaT5aprWExExlLnNkSheMN5zPHx8ZSfphu9J\/+GXJjrZ2o5J+\/p3zKYLxHn\/0MW327P0ljR5Ai0VDBB+gpmnjkgKWlFLO7QHJeXv68MFDmqRzCix7hc67EPFoxbmp7j+sKcJ8ZOVOtYBiWj6F9G5zTLLU03aJE6mUklEMTinPoTlbLNLCMFYrM2F9YqVrUz2pF56wpJRyLjHZhD0NCuH7depGXxVkqszOzy0sfvGbr2ZuM\/l72+X4aYqMnHAybZlJsjYtbdxkSheM92B3HfE\/kvLM0xBnMGUsGiJZoVlX6WDJx\/XEFn0SctwJtz4PpihD5yeelU03ODqWzfMkOqUZ5AT7JFL32GAyriNP1vV0dbMXzlUsS9JY92no8MFDmNhKqSTMJtRZVg0rQaMZTntadRKqLV27+5Epbi0hmmOmMpuhzZQuGM9\/8jnndFwQJC2n73\/3e\/HC9pw7FYxnnLhQ4ozGkLEX0LshBOHU8tEhtKHJfO+Q2rFSKsXgGnualAlxw1aMZrSR1fbMdB5IqSw7kckYd+Acvv7ePs0DkcQZ5gM\/tKd4mZpj0prhJh8bjSdoVdT78tNwPs8Zy4E21m8BdQ2WlFJni0Xj7mYS+LW25Izle7q6af5KqLZMsF1EpiiqLi4tab8o2jFW+KvMzi2vrKytrW9sXL+5ubm2tr62ts4yxhpQIWtAQmtFXlYXl+PxhPPRcrY2k2U2xOcHcuIunaRxskympMrjkwyVP3D\/\/UmPJOXfwWA8I0Oo8UkPVRLxrS056KFcuj46RJx7lqVoadp+C73zEVj2epx3a5\/\/wdY0ynojn+2Zqe08yVsntkn8Jj32pzra2jVPqdOHVi8MkBJnAi8PoRjnbdJ40WfojKiOt3u2WCSvLOLCIqbkuMTr13KS6qFhpJXnpYRqZhoTu4VM166ZDz65ubkJLKnMzq2trd++fdtI1s3NzSiq3tzcNN5VSklkunzlSlKxf\/hJl69cjSPTQnUlQ5vJvlSMEzG+foxdqNVq9Vbeuf8A1ROtznTBeOffOa\/Vc2cv6UmHUZi0SMh2LHhqo04HVHyJ+og2NuefABudAsu\/QmNJqNKUVvHepRjNWq2WGqrpsFJK+cxtjTynwRTvoHOnhDJda6vxSxnF4D\/x5MtP\/jQQX1PoOnGmWdq11O+sZzif99SNskemKKpubW0ppa7d3HrqzLv8nZtaUkqtra1Pz1SiqLq9vY0yv3jj0sOn33zg2XH8nhh7e\/7qBviy+TkyvTDxISt56sy7uFuZnSM4oblfvHFJFkNzn27dMsDS529lzVRmz77xp8Zj87jmjXLBmNnR1i697fFJEEXRWKEwnM87t4hl\/R1t7UkePKXUq+PjsrBn+o4H48WZQ086priT\/5Q76awln03gs8UiXrAdKxSgJvuwF11zCiyfqixl4D1DK9xpMHLVPzNJG\/CZroxvhrPIQjluSe+fE8w41uyLRYyyaUkSH2w8IaMYqE6xUS3BoUFJzezzIQbHDqGk\/6SScYM+rSCmQyMel9S2La9AdLS1O9ELZGSMTGtr66j3zIXZ3NBz+46e4O+pM+\/uWDArK9MzFWBJvAwLPzH2tlLqs88+U0o98Ow48\/cdPQHIWVxaoh9PKXVuakmWYbHLq+tGZJqPli+W3\/\/tH95qEJlw\/JRxnCyZPONO88n6LGxjtTiZ0TKbq9XqlzQYz7haKBmVUj6iB+4s53I1rhln\/UYPhnNfipacNge0S+eU0MprlwBv7mNnIoItFqSPDUSflVLKxyUoB8VpMGkwppTyMUmTfAzGueefKWOjOWON67e1JSd3iZj2bws9pTninH4gw6kiGwlIWkckezifP3zwEHfptISxznhmZsg0N79AU+nh029qOEGoiKIq0OvMhdl4GZkDcFJKPTH2tswHwhGZbtz4RCn1oxNFWeaBZ3eOwf5065YWKf7F5dLHf3r73QaRyblOkmZhVvk4\/Mq5rtIF4z1w\/\/3x6dIkObSTpEFg4epEqeQUDVICym46RZvxQafMtVi3snU7MsVNBPks05RTdkud5S0Jy5yHypwktjg6EpmclgS3CUGSHflkzeyCkx4aK3wkkwQUGjDcwjSyhUOTwogBwZioSDunX2tLLh0sWYaMakHqLkjOZ4NMH6+uYsfo3NTSd376ggQJpuGFm56p3L59+9rNLc2iYjGZuHZzxyv41Jl3ZaZEprn5BaXU\/NUNWYAouHp1\/YswcRkyvrA4NTP32u\/\/q0Fkck56TrtsEz1d3ZbTBOToIp3iCKLvf\/d78XqaJ4d2DIwASt4kPtvle2tLzogu6K99Q4UeDI05xM4kkiCJkg7Zw66YsxLAm\/NLK+i+0bbTyHZeWqLpwENLAbBCQ4Ik\/jCfeOOU7\/EIOosYZf3U9J19r6uAjGJwjiOHxjOiOk4JmuA05gJhN7VEOlhSSiWtNSpJ0ocZp9M\/JwNk2ti4jh0jzbiRaJEbeu4f1s\/W1tbi0s5uk2YwdT754rmppYvRqtFx98LEh7IqIBP2qxBnobX7nZ++oJT6+99vf2EhiUOJmPn7P000gkxOHVybCtledrS19\/f2cSJaxvvBbsfxkXHCmi0Yz9g7qAVY0j4aYrybzLGw0SnakuSaXWuBtLWQDTvYuXUP\/60Td9FTSzeNHI5nWsxHCiYnMrW25GTNHIWkBJHMbjAZB8JnkTpdDpJa\/7SMfXDyhAa0Z0S1RgY+dESra7Jctk8\/sFqrxPMyabKxC\/29fZk4jTNAJoTGafghsWTf0RNwr21sXEdhzQy6GK2CL9p2EUBIy\/zRiZ2vlaytrVdm54zm1wsTHyqlrqxe5UFEWuLPFybfKr3XiM1kWaJJC2yX8jv3H+CMjM+tuyMYL94vqbtBOqdmr11eO0UbPRiSyCS9kkTiqaTKIeW5OcSntIRnAAieSrLtJNn2tB2kyUanFG5tyUnjxqe8jHrXmGDvXZIYZSWEPXvf670LXmFmOseRp5j7R1RLeoYGBqUB5L\/znQKSLcYfxjRdF2R3mM4AmaZnKgi0k348zVmHTSO8rhQPaiA1Ggj94o1LSqmL0arEOYDc2tq6ERE9Dabq8mpqm8myA8wZv5eJpNWV7nuAp+r5ChkHbu8TNDggE30EXHxQKE+N9DvdRzQU+HgURU5DBwYTBVZPVzd8elR3oHLaTYTWlpy0q\/Ch0iTf4ESpZFFfSLw9YVHDJR+cqNzakpNw7jNwE6WSnRsyEp29sIhRzgSGDPCpTBIy9sHJEFp7\/hHVJDI1LMlT7FibM5E0t8lG6cN01mYvkA0yIaiBltDDp99kGqACjFlcWjLaTGcuzIJKLZABYXhKqTgybWxcj8PhvqMnYDBdq20Yd5imKwvn\/zp5\/i\/lt89fSGcz+asknP2YBFqASvwSk0w+5Z+WSx2cvMuC8YyTGPzBwqZY92SaVDONlVuiY9mEdnCARXbzEVoMXOQ0ICjCkGPf39LsKkq3pL40mE\/aZEeYlgBvhxA8IrV1e80ob399QuKi7CY5TDrjCUm5fLaRNBQaLkn7OEqclg5AHwIagaXWlhw3t3zaUkpRl4qzkQNabxcsTWeDTNKxBhDSwvOAMZXZOcQsaGbQd376wrmppc4nX4wjEALHZX7nky8qpRhwIW\/lhp67dnPr9mefLV2+yv2kpETxj2\/Xu8+U7gXDuryuPgs1PjPiGnGKz9Q21RFElimLW9SIIZjsviaNYz6wpJTyRBqtcvslRCHNbokocD05t6BQv2ZXxSeAk4H+BWieGrumCTgfZJImjk95Y7vMpFiUPbKIUT5IN5p8sPG0jGLgQMtGZZqwWm\/gQIOwBBqoFfn0Ommk6LOZKJUadxqTkmyQaXqmgjgIviSrwQywBG8gwdbRgh0kwOw7eiI39Bw2nxCJrhUm9ZqNhX0po8E0O1+9UJ567+IH+JXevZjCZkohqmjnkmZ7ggJXTl97mpObNacIxutov4+PN39Ccgmyvi5k8pHjnqLNPjTaXeAQz+eWJ8GzR+hO0hYUK5R2VXwCZDiCTm1M+76wk3ItEJwdZ9fqSjByT+tykhiVlde7NrUmki5lFIPTbiNI+wcO1Gq1\/t6+wwcPEVcACbJrTB8+eMhCQ10mY5LxR81b+jCTmOOfnxkywRhiwxJpsPeDc4kqs3M4c+jazS0NvfjIA8+OA5Zu3PgEfkIjMmnB4jCYlFI+BlOKfSafJccJgYT\/yXjgWzpXoaYz\/vjIEY0M5+WXIhiPU0vKMsKSc69bMoFLmnXGE+mMV9mKlsYCludQSLmA7RaonM6QX4hj6uMMi4r3ovEci1zTOuh\/KeHEbpA566TTTOtpkhiVFUr+a4+nvoRCgwnmHEe6dlHSR2HC\/JGCRS4H2Tv462q1msXRLU12e5ctwyQ769MFe0O8mxkywWzCe69aIANiFq5dq1Vm52ADWV576nzyRcDS9vb29EwFyKTFhYN6LfPh028qpa7f+ETbYarM\/T9rCTbTO38p12UzWYZfmw289HQZcSRgzvNxzwQVFtTzzLFjng+yWDN8D5BMcCY4EHybLwWc+4ikuqCOzDQmeCKLhCUpFGifIZN9NNbGt6+oKlnO\/nDy017ASUkShfZ8iUx1GbtatZKHsiMWMSpr2A2+ySgGCySADBptnoEDKWBJKWXhMB1xknvGNCebZCBOFkd56cM01lBvZpbIND1TwetKWgQ5nGyXr1zxPP2BrrzFpaXllZX4y7bnppbi7+rCkbh8ZS1pY0nmVxaW\/feZPCe6NmZJ2pw2Qjgiz0fF0+qXJ5qgznTBeN\/\/7vce7O7e1V9WZ8LSjiHqp4Cl1pYcJYI2FrykORLneb05QwODUCony2WOskYAXU9QOe1OY0gT6uNaVexC4wl6HevtsrO8JhCd5Y0FpC9U62ySGJX1aNtjWg2pL2UIAIdbtivT1JDkU0lNp4Ml1GZRs3ysHE42STzS7EK6U2iTOquUyhiZjCYOQu+WV1aMrx89fPrN+asbWsQEzKwbNz4xQt25qSUN\/GAw3fhkU56SN7uw9OH0gvF36f0ZT5spneyzHBuFqLzhfL6nq9s5d+NTgTmawlitVr\/x9VbebZ5EVoEVFDcNwhLOZbEsCZ8jXJ3s7dx\/YDifp9twrFCgdOjp6ta0dUwDyEqLhotGMe7UxzVfrr1fdd31ied28iGpgKQkqYw9nzs0sirPcxRbW3K74QKVUQzOcSQ8o6T9w9bHR0YOHzxUlxNPssUylElslI9zsmkjwngHdEGb1bKGFOmMkQnePG1bCN45I8bAnALd2rYTgiaWVnZewtXcg3FnIAymL85vra7MzC0aMQmZk1OzPjaTdL9oo3IHL+nIkuOdIhhvD7qQ1Q5WHJakrE\/REYuqSN9aUrWd+w9oB6fiEjrH2WKRgIRDS6X+oXlf5XnbkJXsaVLr0q7avdgHmnFJZDSYL1lkkZtJrVAmyiWAtKcHUhIQryRdjoxicI4jZwLe1oq\/RqLlnBwdpehPggruLWn0W0ZTela1p3iZZMRTOZY+TD7VYCJjZMI2EmMZkFBKbW9vf7y6gzHae047Qd63bwPPtFsINF9YvBx\/2VYLyYOBxQ9ezEXLUzORBZZwyweZdmP7N2mxeeb39\/ZxgnLsU3wP0LO5Rordm7snEz8eFzmtJU\/pYyHeoipalj0qpAeD\/I8nJsvl4XxeYpJRn5AftMWw0rQyEq\/ZVZRucQIayXHq+0ba6sqUvu4UyGQZgiQxKsnbDVeejGJwvqPNbymlGCYuB9kjpKVRJWu270fE5Yl81jIZqN7hWwdJL3qnUwIyRqY4iuD1I3uUHV5O0iIaYGnNLSziroZ28hIYtnJ5tTJXvTj5EUPD7QlPb54cpJDeew5wHfIcJh9Ysst3uXMb75GEk\/jiZ\/icXIcnR0elkzb+1PGREeP6pwcf6qeza5pdlW7Nx7ssc\/bGTyCdkNw+jPPNmGPBFae9iwoteolkRV1pGcXgHEdLF+yNcjnEOZMES04PpxyLeOtJLdJenyyXjS6Enq5uaAlSC4nXn5STJTIZ\/XXYAVpbWzfaTE+MvY0DxTV\/3b6jJ3gq66dbt7RjICQswWC6tb0tAxyc6fnqFR+bKYlrIX8POFCr1ahNc9U51zxC13yEnREq7Nolo058yIBrRTph4kyjfQbpwP7G5Q5ypF3l44eJt+jMcbKOmrKxKicD49hg8TUZ+WCRdE7iUaG9C8Z+OTNlFIPTbktyCBtFPJGjVqtJfUhLG+czydYKy0u7fpN0kr39KbTbSMBelsgE7NFMH+wkLa+sRFE1vmMEjNF2mPYdPSFDwDc\/3fkWhrZ3RXBCeMVctGy3kLS79qhxiwFrXCq7kYlvL1kWIT5Tm+J7gLtBrVZn4992kpp7vbAkN280wuQlFzxXr\/StyZIyLbd5ZD7TPV3dw\/n8WKHgI\/4gwqB+OvV9za6yeLRkj+pKO4MSnf5DZy\/AKGm1eMI8HrTHIjpt5daWHJX9ujhjLyyPP\/DkACeMPWHZUbOT1Ax3GwnYyxKZcAyEBiFwtUVRlQe\/xnGIMMMEIho+vlqrLq9uXL+ZhEz+57fGraikE113L1jWMgWhQyE+B+qMc2Kl+x6ghYasbjX+bScjLPmowxTW9JJZOhUXss7tAQg1Ki7xGpyjJguwHohpp+kg7SpGdskKG0z7dN+umIMAC895Sxp8nmYWnrWo6k5YRQ0NjpqRyfL4A5+JSj44E4wymCyXtZiIpr0Ei4DQlvEycpKZWSITwh+0U8aBMTiXCC8nWU5\/ADLhVNbNzU\/x9Yr1a7V\/fNVCCyuXJT+cnnur9F69v6R9prPF4m4P+VihQGvaR7PmaMnEqdHRXX0JKXXl1eqOcZz6zwhLSc5uubABS5PlMhaDfbvIqDs7lXds81D0pF51YA475UOwZldRYKXmc\/xBZ7yP3YJnhXJQktISmYjQSYWZbwcVJ\/2oJ\/WKYwe1hHaEq4\/dxh45E6TW6el1VrU3BTiyDQbsZYlM8c\/L4oOBOJcI4IRv\/V27ufXUmXc1DNt39MSPThQR+HBre5uHDK2ub8SD+vYdPQGD6fZnn8XtIZ+cJJtJm3bhci85IGGJ7\/1QgluWFmGpo61dCxOwPKVBi3N7IMNtHhooWMlOfV+zqyiwshodyz42Y+I92zJulmiZmlNOu5t0abfYkp6S+Vq7nj2yF5O7Kc5xtMzG+C1KeX\/wjleyxzn0WyQFo9qZybuZIRPCH1ivTGxcvy6\/3bd+rYZwOyDZuakl\/BAKoZRavbr+54sfnP9LGb8PPpqTtWnpxeUrLOmfSPoKhsUQiZsCSVbF448+phGJ8JiJUmmsUDAaZBOlkiYllVJJ9TvztVhtbJzW1TRexDGSqmXS+It3ud4ceUoCbYJ6YYlHPDgNIB7zAzqdix9CjdVyBdbbTZTX6nF2U9pVqSO70pEanrJzQO6meNptnmjBOeacHp4V7nYx7orJl47t3Eu6myUy3dzcNP6uru1sF8nf0uWrG9dv3trelmR9unXr+ieb2FuShZevrH26dSvpR9NKPuKTNsbmWb5Nru3qW0rKc7txoqKnJd65\/8DQwCB9JqmnEb7+l6JpqYk7tz008hCyIWuQg+tMy7M2GoElHvHgRBpiGGijj07rFy+xzQPRwxXo7FdSAUwJ7aghtqUlNLsKRmFSzSF\/Lzkgd1OyjX1gpIbPpqk2Ye7UJVeufOk43XBkhkxw1sX\/l9\/\/8M8Xy3\/7YOavf\/tQC5DD5aUPZi59MGO8tXuZSV\/BsOBNa0vu1fFxcPn8O+ctQXFEpolSKWm3Ax6GJJc0\/Ompp9ep0dHUTTNoyohMNJiGBgaNcJtuZz4OSzjq38kB6cSThWFhJLGXJSW19sLZbvNQhGElM3achGkJdJP6uN2p5RQEWvCxDAvGd80Zg4OStPhRM+\/CsJbEoCoSgMdlAd66axJyN8U5jtqw2i\/tK9H+7J26C61aonXqgc4YmapLH\/vYK81QxrjPpCHTt7\/5LYlAhJyO9vs49vfm7tEOrEMxSh+WxAsumlVRq9WSMCA+qLJdVhsv5tl0FEWWpo23ZFuT5bJxY0aW8UkbYclYM7uMRByWaPfglhE7tUowHPStaXd5CV2BPNEG0aebsgzpRD1J6gta1+wqqqWywrrSWiyc5NJEqUTOHz54CCVPfq7otLbk5NcU4VGUn2Rlpzr3H4iiiDsuOLkDfWFcvvRdY7qiXz1d3bBHj4+MSMI4EPy46tliEcZEf18fvvlEdp0tFvksX9Du7+2jIsJxJM1KqeMjI9BOqBcCG2Qf43yWuyn2cWQXPBNE9Gyr9Ww9RTEaeRi7OK\/qyskGmaY+mv7rpclzE++9d+H93TN0Mqw56X0mDZk62u\/TPnf0+KOPaV+aeLC7WwMMIBNnvxzjJIlGccDCxr0ErSEUjo93Jk0bKyF5xsThg4eMLwnFKWSOhCVIBBkEYWwF\/jo0JB8HGuERiDmfLkD60BxJalFu83AFshf1JiBrMMROryPYQn28Xg4n0cYP3OFdfVhCQOjJchkBEeOvvEJuY1sOx+qAZmCPVJPxWnHn\/gPHR0Y69x\/ASVr9vX0EfqUUpL90SGKYABtAFLw+0dPVPVEqDQ0MEiOBjgDIoYFBVPv0U08BmVAMhyn3dHXDMQ5i6BA7WyyC+JOjo2QpOoVjXpFJ8AZq0sGuMVPbTeGea+MJCgrNwG285t2rgTTLl441jvlf+iLTfLQ0PVOZnY+awdxpnIakr2DEkUkpJQ9L1Sykb3y9dWexCRNqZyV\/\/n1YOe8p7zh42ghli0x1NR3XyLCr4SPW2S8IBa1Tzkv5SSrgCh1H9vUDnIjDklIKog1C32dVoyp7cxBMNAKkVHX2MV6A9aDLURTZW4fujGFqHBRJj0QmjqOm7UJAd+4\/gPkp7+KoNNoTKInK4anGrbFCAa8eowmcwzucz0vFC+DR2rL\/4OoAAASMSURBVJKDrYMRhLsYpgwmJGpAE0S+\/t4+TFQ5XdEo3hFEtWi3v7dvaGAQq4N8QLUwmJAJbAMkQ2VJQqbGd1NIxl2TkC8dN9IpL2SanV+KFi9Pz1QqcwsL1ZXZhaXp2arPqanOY1XvVAF8BeNXhZce6j0yMDhEDhqR6dToKJeulkCsgRGZjG\/sHj54SAOnpI9O0stM2uIQKNeqLObftFzP7BqaNt4CchhvMVxbUmJJU4\/WYuQsj8hbRliCIENH6AyRTzWSZnxUgzXTPvOvh3aVcVak65REJkYn02YC0vznr\/4DAAOW4m6tVovbTMiZKJXwdfbhfB7QFUXR4YOH6Ftj3\/k5V3YNJz+BKpSnhhRHJjyFTzICpfCdiIlSqb+3j2HimKgAqo629s79B+B8a23J1Wq1KIpIGLsGqw7oxXluRCaYU9ItmW4g7rKn5EvHjXTNgUzPn37hxV\/\/ZvTUL489\/bM\/\/PHN4h\/e+u3d8nvp1eI\/\/fPgQ71HTj33S3LQiExKqR92\/oCCmwl+eciITNgfTtpXx3JNugsHDqliQmsIlPCuTEhzhAQj4dk0l6V8nE1IYJAFhgYGfQSuhKWOtnaKEv8EWUdjC7TRIkE3\/St0lkQ3G3whhm6lunpNuzZDOSiRiSMo95ngTIMDDRJcOlph9PDB4yMjQB1I\/yiKINwxTAQAuN0QngOUhf00USoBzEAVhL4FmegVxF4pngJLO9raAU6onxYbd8tOP\/88UOrwwUOcRXi9DHMAqAlIhjpiRCajZ4IM+SonNOWbQqOuhAOZlFKPPPKTh3qP3K2\/J\/7lXyW\/kpCpWq3KUIjWlty9uXv4hpMGGAyUoIURd9YZJ67zrDytIVQi6ZdpxFakbtqOTOiasXIecyeJkWkJS0Y++GdqsASq\/B9PUbLBbZ5GxFmDoCiHAB\/hplOU7kRoFbgEMyGUtSA92EbQvVCYTtGxQoHwOVkunxwdxa4VWM0HkSnJQBPv\/Pc7eHysUMDg4i1ApRRqYC\/GCgW4VVGAXznCXheOWVFKjRUK\/\/5vJ2hrIp8n\/dBiAyXD+fxwPg\/BenxkJPr8Dwm2GxJ7wwE3MimlTj33y6ef\/tnd9xt78dcal7U3beU7s88cOyZfcX3m2DE++\/ijj8lb8imW4XaC9sYrVDnjm7Z8lgmtITTKu0mJdE1zqTNSnMtbNsQPQMhiccDgI8BLWTh1OgkkjCSlbkV7kB1Jl9BGX6vcfmnU3NOREZ4KHGhyDnghU5P3IZAXOBA4EDgQOHA3ccCGTF879vPwCxwIHAgcCBwIHNhrDlhgdq9JCUAYOBA4EDgQOBA4cOznwWYKdmHgQOBA4EDgQJNxINhMwTQMHAgcCBwIHGguDgRkaq7xCIZ84EDgQOBA4IAFmcKtwIHAgcCBwIHAgb3ngG2fae+pCS0GDgQOBA4EDgQOBGQKcyBwIHAgcCBwoLk4EJCpucYjUBM4EDgQOBA4EJApzIHAgcCBwIHAgebiQECm5hqPQE3gQOBA4EDgQECmMAcCBwIHAgcCB5qLAwGZmms8AjWBA4EDgQOBA\/8DhM\/AAXz7RswAAAAASUVORK5CYII=' alt='' \/><\/p>\n<p class='MsoNormal' style='margin-bottom: 12pt; line-height: normal; background: white; text-align: center;'>\n<p><span style='font-family: helvetica&comma; arial&comma; sans-serif;'>El Equipo <strong>Makita DTM52RTJX1<\/strong> es una <strong>herramienta multiusos oscilante<\/strong> dise\u00f1ada para ofrecerte la m\u00e1xima versatilidad y precisi\u00f3n en todo tipo de tareas y es indispensable para cortes&comma; lijados y trabajos en los lugares m\u00e1s dif\u00edciles de alcanzar.<\/span><\/p>\n<ul>\n<li><span style='font-family: helvetica&comma; arial&comma; sans-serif;'><span style='font-family: helvetica&comma; arial&comma; sans-serif;'>Compatible con STARLOCK&comma; STARLOCK PLUS y STARLOCK MAX. <\/span><\/span><\/li>\n<li><span style='font-family: helvetica&comma; arial&comma; sans-serif;'><span style='font-family: helvetica&comma; arial&comma; sans-serif;'>\u00c1ngulo de oscilaci\u00f3n de 3&comma;6\u00b0 dise\u00f1ado para un corte y lijado m\u00e1s r\u00e1pido y agresivo. \u00b7<\/span><\/span><\/li>\n<li><span style='font-family: helvetica&comma; arial&comma; sans-serif;'><span style='font-family: helvetica&comma; arial&comma; sans-serif;'>El dial de control de velocidad variable (10.000-20.000 o.p.m.) permite al usuario ajustar la velocidad al trabajo<\/span><\/span><\/li>\n<\/ul>\n<h3><span style='font-family: helvetica&comma; arial&comma; sans-serif;'>Caracter\u00edsticas destacadas:<\/span><\/h3>\n<ul>\n<li><span style='font-family: helvetica&comma; arial&comma; sans-serif;'><strong>Potente motor sin escobillas<\/strong>: Maximiza la eficiencia energ\u00e9tica para un rendimiento m\u00e1s prolongado y una vida \u00fatil del motor mayor.<\/span><\/li>\n<li><span style='font-family: helvetica&comma; arial&comma; sans-serif;'><strong>Sistema Star Protection<\/strong>: Proporciona protecci\u00f3n contra sobrecarga&comma; sobrecalentamiento y sobredescarga para garantizar la durabilidad y seguridad del equipo.<\/span><\/li>\n<li><span style='font-family: helvetica&comma; arial&comma; sans-serif;'><strong>Cambio r\u00e1pido de accesorios sin herramientas<\/strong>: Facilita el ajuste y reemplazo de accesorios sin necesidad de llaves&comma; lo que ahorra tiempo y esfuerzo.<\/span><\/li>\n<li><span style='font-family: helvetica&comma; arial&comma; sans-serif;'><strong>Multifuncionalidad<\/strong>: Ideal para cortes en madera&comma; metal&comma; pl\u00e1sticos y m\u00e1s&comma; adem\u00e1s de tareas de lijado y raspado.<\/span><\/li>\n<li><span style='font-family: helvetica&comma; arial&comma; sans-serif;'><strong>Dise\u00f1o ergon\u00f3mico<\/strong>: Ofrece una comodidad superior&comma; incluso durante largas sesiones de uso&comma; gracias a su mango antideslizante.<\/span><\/li>\n<li><span style='font-family: helvetica&comma; arial&comma; sans-serif;'><strong>Velocidad variable<\/strong>: Te permite ajustar la velocidad seg\u00fan la aplicaci\u00f3n para mayor control y precisi\u00f3n.<\/span><\/li>\n<\/ul>\n<h3><span style='font-family: helvetica&comma; arial&comma; sans-serif;'>Incluye:<\/span><\/h3>\n<ul>\n<li><span style='font-family: helvetica&comma; arial&comma; sans-serif;'>2 bater\u00edas de 18V de 5.0 Ah para largas jornadas de trabajo sin interrupciones.<\/span><\/li>\n<li><span style='font-family: helvetica&comma; arial&comma; sans-serif;'>Cargador r\u00e1pido.<\/span><\/li>\n<li><span style='font-family: helvetica&comma; arial&comma; sans-serif;'>Malet\u00edn Makpac para un almacenamiento y transporte conveniente.<\/span><\/li>\n<\/ul><\/p>\n","protected":false},"excerpt":{"rendered":"<p>Multiherramienta Oscilante Inal\u00e1mbrica de 18V, incluye 2 Bater\u00edas  BL1850B de 5.0 A, Cargador DC18RC, Accesorios y Estuche Makpac<\/p>\n","protected":false},"featured_media":96567,"comment_status":"open","ping_status":"closed","template":"","meta":[],"product_brand":[],"product_cat":[1227],"product_tag":[1058,1228,252],"class_list":{"0":"post-96568","1":"product","2":"type-product","3":"status-publish","4":"has-post-thumbnail","6":"product_cat-herramienta-electrica-a-bateria","7":"product_tag-ferreteria","8":"product_tag-herramienta-electrica-a-bateria","9":"product_tag-makita","11":"first","12":"outofstock","13":"sale","14":"shipping-taxable","15":"purchasable","16":"product-type-simple"},"_links":{"self":[{"href":"https:\/\/soydeaqui.ddns.net\/pachuca\/index.php\/wp-json\/wp\/v2\/product\/96568","targetHints":{"allow":["GET"]}}],"collection":[{"href":"https:\/\/soydeaqui.ddns.net\/pachuca\/index.php\/wp-json\/wp\/v2\/product"}],"about":[{"href":"https:\/\/soydeaqui.ddns.net\/pachuca\/index.php\/wp-json\/wp\/v2\/types\/product"}],"replies":[{"embeddable":true,"href":"https:\/\/soydeaqui.ddns.net\/pachuca\/index.php\/wp-json\/wp\/v2\/comments?post=96568"}],"wp:featuredmedia":[{"embeddable":true,"href":"https:\/\/soydeaqui.ddns.net\/pachuca\/index.php\/wp-json\/wp\/v2\/media\/96567"}],"wp:attachment":[{"href":"https:\/\/soydeaqui.ddns.net\/pachuca\/index.php\/wp-json\/wp\/v2\/media?parent=96568"}],"wp:term":[{"taxonomy":"product_brand","embeddable":true,"href":"https:\/\/soydeaqui.ddns.net\/pachuca\/index.php\/wp-json\/wp\/v2\/product_brand?post=96568"},{"taxonomy":"product_cat","embeddable":true,"href":"https:\/\/soydeaqui.ddns.net\/pachuca\/index.php\/wp-json\/wp\/v2\/product_cat?post=96568"},{"taxonomy":"product_tag","embeddable":true,"href":"https:\/\/soydeaqui.ddns.net\/pachuca\/index.php\/wp-json\/wp\/v2\/product_tag?post=96568"}],"curies":[{"name":"wp","href":"https:\/\/api.w.org\/{rel}","templated":true}]}}