{"id":96526,"date":"2026-03-20T08:17:34","date_gmt":"2026-03-20T08:17:34","guid":{"rendered":"https:\/\/soydeaqui.ddns.net\/pachuca\/index.php\/producto\/payload-zenmuse-h30-zoom-de-7-1-172-mm-telemetro-laser-alcance-de-3000m-gran-angular-48-mp-compatible-con-drone-matrice-350rtk-y-matrice400\/"},"modified":"2026-03-20T08:17:34","modified_gmt":"2026-03-20T08:17:34","slug":"payload-zenmuse-h30-zoom-de-7-1-172-mm-telemetro-laser-alcance-de-3000m-gran-angular-48-mp-compatible-con-drone-matrice-350rtk-y-matrice400","status":"publish","type":"product","link":"https:\/\/soydeaqui.ddns.net\/pachuca\/index.php\/producto\/payload-zenmuse-h30-zoom-de-7-1-172-mm-telemetro-laser-alcance-de-3000m-gran-angular-48-mp-compatible-con-drone-matrice-350rtk-y-matrice400\/","title":{"rendered":"Payload Zenmuse H30, Zoom de 7.1- 172 mm \/Tel\u00e9metro Laser Alcance de 3000m\/ Gran angular 48 MP Compatible con Drone Matrice 350RTK y MATRICE400"},"content":{"rendered":"<div style='width: 100%; max-width: 1200px; margin: 0 auto; font-family: sans-serif; line-height: 1.6; color: inherit; background-color: transparent;'>\n<div style='display: flex; flex-wrap: wrap; gap: 30px; margin-bottom: 30px;'>\n<div style='flex: 1 1 300px; min-width: 280px;'>\n<h3 style='font-size: 22px; border-bottom: 2px solid currentColor; padding-bottom: 5px; margin-top: 0; color: inherit; opacity: 0.8;'>Caracter\u00edsticas principales<\/h3>\n<ul style='padding-left: 20px; font-size: 15px; color: inherit;'>\n<li style='margin-bottom: 5px;'>C\u00e1mara Zoom de 7.1 mm a 172 mm de 40 MP.<\/li>\n<li style='margin-bottom: 5px;'>C\u00e1mara Gran Angular de 6.72 mm de 48 MP.<\/li>\n<li style='margin-bottom: 5px;'>Modo de exposici\u00f3n: Manual y Autom\u00e1tico.<\/li>\n<li style='margin-bottom: 5px;'>Tel\u00e9metro L\u00e1ser de 3 a 3000 metros.<\/li>\n<li style='margin-bottom: 5px;'>Luz NIR auxiliar con longitud de onda de 850 nm.<\/li>\n<li style='margin-bottom: 5px; font-weight: bold;'>GARANTIA DE 1 A\u00d1O CONTRA DEFECTOS DE FABRICACI\u00d3N<\/li>\n<\/ul><\/div>\n<div style='flex: 1 1 300px; min-width: 280px;'>\n<h3 style='font-size: 22px; border-bottom: 2px solid currentColor; padding-bottom: 5px; margin-top: 0; color: inherit; opacity: 0.8;'>Caracter\u00edsticas F\u00edsicas y El\u00e9ctricas<\/h3>\n<ul style='padding-left: 20px; font-size: 15px; color: inherit;'>\n<li style='margin-bottom: 5px;'>Consumo el\u00e9ctrico suministrado por el drone.<\/li>\n<li style='margin-bottom: 5px;'>Extendido: 170 x 145 x 165 mm (Largo x Ancho x Alto)<\/li>\n<li style='margin-bottom: 5px;'>Temperatura de Funcionamiento: -20 a 50 \u00b0C.<\/li>\n<li style='margin-bottom: 5px;'>Soporte de microSD de hasta 512 GB.<\/li>\n<\/ul>\n<p style='margin-top: 15px; margin-bottom: 0; color: inherit;'>C\u00e1mara compatible con drone Serie Matrice350RTK y MATRICE400<\/p>\n<\/p><\/div>\n<\/p><\/div>\n<div style='width: 100%; margin: 30px 0;'> <img style='width: 100%; height: auto; border: 1px solid rgba(150&comma;150&comma;150&comma;0.3); border-radius: 8px;' src='https:\/\/ftp3.syscom.mx\/usuarios\/ivan.reyes\/DJI\/Payloads\/ZMH20\/10.PNG' alt=''> <\/div>\n<\/p><\/div>\n","protected":false},"excerpt":{"rendered":"<p>Payload Zenmuse H30, Zoom de 7.1- 172 mm \/Tel\u00e9metro Laser Alcance de 3000m\/ Gran angular 48 MP Compatible con Drone Matrice 350RTK y MATRICE400<\/p>\n","protected":false},"featured_media":96525,"comment_status":"open","ping_status":"closed","template":"","meta":[],"product_brand":[],"product_cat":[2223,2225],"product_tag":[2228,2226,2227],"class_list":{"0":"post-96526","1":"product","2":"type-product","3":"status-publish","4":"has-post-thumbnail","6":"product_cat-drones","7":"product_cat-drones-robots-e-industrial","8":"product_tag-dji","9":"product_tag-drones","10":"product_tag-robots-e-industrial","12":"first","13":"instock","14":"sale","15":"shipping-taxable","16":"purchasable","17":"product-type-simple"},"_links":{"self":[{"href":"https:\/\/soydeaqui.ddns.net\/pachuca\/index.php\/wp-json\/wp\/v2\/product\/96526","targetHints":{"allow":["GET"]}}],"collection":[{"href":"https:\/\/soydeaqui.ddns.net\/pachuca\/index.php\/wp-json\/wp\/v2\/product"}],"about":[{"href":"https:\/\/soydeaqui.ddns.net\/pachuca\/index.php\/wp-json\/wp\/v2\/types\/product"}],"replies":[{"embeddable":true,"href":"https:\/\/soydeaqui.ddns.net\/pachuca\/index.php\/wp-json\/wp\/v2\/comments?post=96526"}],"wp:featuredmedia":[{"embeddable":true,"href":"https:\/\/soydeaqui.ddns.net\/pachuca\/index.php\/wp-json\/wp\/v2\/media\/96525"}],"wp:attachment":[{"href":"https:\/\/soydeaqui.ddns.net\/pachuca\/index.php\/wp-json\/wp\/v2\/media?parent=96526"}],"wp:term":[{"taxonomy":"product_brand","embeddable":true,"href":"https:\/\/soydeaqui.ddns.net\/pachuca\/index.php\/wp-json\/wp\/v2\/product_brand?post=96526"},{"taxonomy":"product_cat","embeddable":true,"href":"https:\/\/soydeaqui.ddns.net\/pachuca\/index.php\/wp-json\/wp\/v2\/product_cat?post=96526"},{"taxonomy":"product_tag","embeddable":true,"href":"https:\/\/soydeaqui.ddns.net\/pachuca\/index.php\/wp-json\/wp\/v2\/product_tag?post=96526"}],"curies":[{"name":"wp","href":"https:\/\/api.w.org\/{rel}","templated":true}]}}