{"id":96460,"date":"2026-03-20T08:14:37","date_gmt":"2026-03-20T08:14:37","guid":{"rendered":"https:\/\/soydeaqui.ddns.net\/pachuca\/index.php\/producto\/camara-de-retrovisor-camara-frontal-de-2-megapixel-1080p-y-trasera-de-2-megapixel-1080p-h-265-pantalla-9-35-g-sensor-microfono-y-bocina-integrada-micro-sd-facil-de-instalar-recono\/"},"modified":"2026-03-20T08:14:47","modified_gmt":"2026-03-20T08:14:47","slug":"camara-de-retrovisor-camara-frontal-de-2-megapixel-1080p-y-trasera-de-2-megapixel-1080p-h-265-pantalla-9-35-g-sensor-microfono-y-bocina-integrada-micro-sd-facil-de-instalar-recono","status":"publish","type":"product","link":"https:\/\/soydeaqui.ddns.net\/pachuca\/index.php\/producto\/camara-de-retrovisor-camara-frontal-de-2-megapixel-1080p-y-trasera-de-2-megapixel-1080p-h-265-pantalla-9-35-g-sensor-microfono-y-bocina-integrada-micro-sd-facil-de-instalar-recono\/","title":{"rendered":"C\u00e1mara de Retrovisor \/ C\u00e1mara Frontal de 2 Megapixel (1080p) y Trasera de 2 Megapixel (1080p) \/ H.265 \/ Pantalla 9.35&#8243; \/ G-Sensor \/ Micr\u00f3fono y Bocina Integrada \/ Micro SD \/ F\u00e1cil de Instalar \/ Reconocimiento de voz"},"content":{"rendered":"<div style='width: 100%; max-width: 1200px; margin: 0 auto; font-family: sans-serif; line-height: 1.6; color: inherit; background-color: transparent;'>\n<p style='text-align: center; margin-bottom: 20px;'> <img style='width: 45%; height: auto; border: 1px solid rgba(150&comma;150&comma;150&comma;0.3); border-radius: 8px;' src='https:\/\/ftp3.syscom.mx\/usuarios\/jsosa\/HIKVISION\/imagenes\/logo\/hikvision%20see%20far.png' alt='Logo Hikvision'> <\/p>\n<div style='position: relative; padding-bottom: 56.25%; height: 0; overflow: hidden; margin-bottom: 30px;'>   <\/div>\n<div style='display: flex; flex-wrap: wrap; gap: 30px; margin-bottom: 30px;'>\n<div style='flex: 1 1 300px; min-width: 280px;'>\n<h3 style='font-size: 22px; border-bottom: 2px solid currentColor; padding-bottom: 5px; margin-top: 0; color: inherit; opacity: 0.8;'>Caracter\u00edsticas principales<\/h3>\n<ul style='padding-left: 20px; font-size: 15px; color: inherit;'>\n<li style='margin-bottom: 5px;'>C\u00e1mara frontal 2 Megapixel (1920*1080p) de alta resoluci\u00f3n&comma; gran angular 103\u00b0 de visi\u00f3n<\/li>\n<li style='margin-bottom: 5px;'>C\u00e1mara trasera 2 Megapixel (1080p)&comma; gran angular 111\u00b0<\/li>\n<li style='margin-bottom: 5px;'>Compresi\u00f3n de video H.265<\/li>\n<li style='margin-bottom: 5px;'>Micr\u00f3fono y altavoz integrados<\/li>\n<li style='margin-bottom: 5px;'>Pantalla de 9.35&#8242; 1280*320p<\/li>\n<li style='margin-bottom: 5px;'>Soporta tarjeta micro SD hasta 128 GB (No incluida)<\/li>\n<li style='margin-bottom: 5px;'>F\u00e1cil instalaci\u00f3n y f\u00e1cil de usar&comma; plug and play (grabaci\u00f3n autom\u00e1tica despu\u00e9s de encender)<\/li>\n<\/ul><\/div>\n<div style='flex: 1 1 300px; min-width: 280px;'>\n<h3 style='font-size: 22px; border-bottom: 2px solid currentColor; padding-bottom: 5px; margin-top: 0; color: inherit; opacity: 0.8;'>Caracter\u00edsticas F\u00edsicas y El\u00e9ctricas<\/h3>\n<ul style='padding-left: 20px; font-size: 15px; color: inherit;'>\n<li style='margin-bottom: 5px;'>Puerto Mini-USB para alimentaci\u00f3n. (incluye adaptador y cable 3.4 mts)<\/li>\n<li style='margin-bottom: 5px;'>Temperatura de operaci\u00f3n: -20\u00b0C a 45\u00b0C<\/li>\n<li style='margin-bottom: 5px;'>Alimentaci\u00f3n: 5 Vcc \/ 2 A \/ 5 Watts<\/li>\n<li style='margin-bottom: 5px;'>Dimensiones: 264.34 x 84.20 x 20 mm<\/li>\n<li style='margin-bottom: 5px;'>Peso: 342 gramos<\/li>\n<\/ul><\/div>\n<\/p><\/div>\n<hr style='border: 0; border-top: 1px solid rgba(150&comma; 150&comma; 150&comma; 0.3); margin: 30px 0;'>\n<div style='margin-bottom: 30px;'>\n<h3 style='font-size: 22px; border-bottom: 2px solid currentColor; padding-bottom: 5px; margin-top: 0; color: inherit; opacity: 0.8;'>Consideraciones<\/h3>\n<ul style='padding-left: 20px; font-size: 15px; color: inherit;'>\n<li style='margin-bottom: 5px;'>Conector Mini-USB (3.4 metros de longitud)<\/li>\n<li style='margin-bottom: 5px;'>Cable de 5.5 mts para la c\u00e1mara trasera con cable de alarma de reversa<\/li>\n<\/ul><\/div>\n<hr style='border: 0; border-top: 1px solid rgba(150&comma; 150&comma; 150&comma; 0.3); margin: 30px 0;'>\n<div style='display: flex; flex-wrap: wrap; gap: 20px; margin-bottom: 30px;'>\n<div style='flex: 1 1 300px; min-width: 280px;'> <img style='width: 100%; height: auto; border: 1px solid rgba(150&comma;150&comma;150&comma;0.3); border-radius: 8px;' src='http:\/\/ftp3.syscom.mx\/usuarios\/ftp\/2025\/10\/02\/1313\/N6N6pro_preview.jpg_froala_68deafc4765c5' alt='Vista del producto'> <\/div>\n<div style='flex: 1 1 300px; min-width: 280px;'>\n<div style='position: relative; padding-bottom: 174%; height: 0; overflow: hidden;'>   <\/div>\n<\/p><\/div>\n<\/p><\/div>\n<\/p><\/div>\n","protected":false},"excerpt":{"rendered":"<p>C\u00e1mara de Retrovisor \/ C\u00e1mara Frontal de 2 Megapixel (1080p) y Trasera de 2 Megapixel (1080p) \/ H.265 \/ Pantalla 9.35&#8243; \/ G-Sensor \/ Micr\u00f3fono y Bocina Integrada \/ Micro SD \/ F\u00e1cil de Instalar \/ Reconocimiento de voz<\/p>\n","protected":false},"featured_media":96459,"comment_status":"open","ping_status":"closed","template":"","meta":[],"product_brand":[],"product_cat":[2316,1406],"product_tag":[2317,1409,54,1345],"class_list":{"0":"post-96460","1":"product","2":"type-product","3":"status-publish","4":"has-post-thumbnail","6":"product_cat-dash-cams","7":"product_cat-videograbadoras-moviles-videovigilancia","8":"product_tag-dash-cams","9":"product_tag-dash-cams-y-body-cams","10":"product_tag-hikvision","11":"product_tag-videograbadoras-moviles","13":"first","14":"instock","15":"sale","16":"shipping-taxable","17":"purchasable","18":"product-type-simple"},"_links":{"self":[{"href":"https:\/\/soydeaqui.ddns.net\/pachuca\/index.php\/wp-json\/wp\/v2\/product\/96460","targetHints":{"allow":["GET"]}}],"collection":[{"href":"https:\/\/soydeaqui.ddns.net\/pachuca\/index.php\/wp-json\/wp\/v2\/product"}],"about":[{"href":"https:\/\/soydeaqui.ddns.net\/pachuca\/index.php\/wp-json\/wp\/v2\/types\/product"}],"replies":[{"embeddable":true,"href":"https:\/\/soydeaqui.ddns.net\/pachuca\/index.php\/wp-json\/wp\/v2\/comments?post=96460"}],"wp:featuredmedia":[{"embeddable":true,"href":"https:\/\/soydeaqui.ddns.net\/pachuca\/index.php\/wp-json\/wp\/v2\/media\/96459"}],"wp:attachment":[{"href":"https:\/\/soydeaqui.ddns.net\/pachuca\/index.php\/wp-json\/wp\/v2\/media?parent=96460"}],"wp:term":[{"taxonomy":"product_brand","embeddable":true,"href":"https:\/\/soydeaqui.ddns.net\/pachuca\/index.php\/wp-json\/wp\/v2\/product_brand?post=96460"},{"taxonomy":"product_cat","embeddable":true,"href":"https:\/\/soydeaqui.ddns.net\/pachuca\/index.php\/wp-json\/wp\/v2\/product_cat?post=96460"},{"taxonomy":"product_tag","embeddable":true,"href":"https:\/\/soydeaqui.ddns.net\/pachuca\/index.php\/wp-json\/wp\/v2\/product_tag?post=96460"}],"curies":[{"name":"wp","href":"https:\/\/api.w.org\/{rel}","templated":true}]}}