{"id":96450,"date":"2026-03-20T08:14:11","date_gmt":"2026-03-20T08:14:11","guid":{"rendered":"https:\/\/soydeaqui.ddns.net\/pachuca\/index.php\/producto\/camara-de-tablero-camara-frontal-de-2-megapixel-1080p-y-trasera-de-2-megapixel-1080p-h-265-pantalla-3-wifi-g-sensor-microfono-y-bocina-integrada-micro-sd-soporta-app-facil-de-i\/"},"modified":"2026-03-20T08:14:29","modified_gmt":"2026-03-20T08:14:29","slug":"camara-de-tablero-camara-frontal-de-2-megapixel-1080p-y-trasera-de-2-megapixel-1080p-h-265-pantalla-3-wifi-g-sensor-microfono-y-bocina-integrada-micro-sd-soporta-app-facil-de-i","status":"publish","type":"product","link":"https:\/\/soydeaqui.ddns.net\/pachuca\/index.php\/producto\/camara-de-tablero-camara-frontal-de-2-megapixel-1080p-y-trasera-de-2-megapixel-1080p-h-265-pantalla-3-wifi-g-sensor-microfono-y-bocina-integrada-micro-sd-soporta-app-facil-de-i\/","title":{"rendered":"C\u00e1mara de Tablero \/ C\u00e1mara Frontal de 2 Megapixel (1080p) y Trasera de 2 Megapixel (1080p) \/ H.265 \/  Pantalla 3&#8243; \/ WiFi \/ G-Sensor \/ Micr\u00f3fono y Bocina Integrada \/ Micro SD \/ Soporta App \/ F\u00e1cil de Instalar"},"content":{"rendered":"<div style='width: 100%; max-width: 1200px; margin: 0 auto; font-family: sans-serif; line-height: 1.6; color: inherit; background-color: transparent;'>\n<div style='display: flex; flex-direction: column; align-items: center; margin-bottom: 30px;'> <img style='width: 100%; max-width: 45%; height: auto; border: 1px solid rgba(150&comma;150&comma;150&comma;0.3); border-radius: 8px;' src='https:\/\/ftp3.syscom.mx\/usuarios\/jsosa\/HIKVISION\/imagenes\/logo\/hikvision%20see%20far.png' alt='Logo Hikvision'> <\/div>\n<div style='position: relative; padding-bottom: 56.25%; height: 0; overflow: hidden; margin-bottom: 30px;'>   <\/div>\n<div style='display: flex; flex-wrap: wrap; gap: 30px; margin-bottom: 30px;'>\n<div style='flex: 1 1 300px; min-width: 280px;'>\n<h3 style='font-size: 22px; border-bottom: 2px solid currentColor; padding-bottom: 5px; margin-top: 0; color: inherit; opacity: 0.8;'>Caracter\u00edsticas principales<\/h3>\n<ul style='padding-left: 20px; font-size: 15px; color: inherit;'>\n<li style='margin-bottom: 5px;'>C\u00e1mara frontal 2 Megapixel de alta resoluci\u00f3n&comma; gran angular 128\u00b0 de visi\u00f3n en diagonal.<\/li>\n<li style='margin-bottom: 5px;'>C\u00e1mara interior 2 Megapixel (1080p).<\/li>\n<li style='margin-bottom: 5px;'>Compresi\u00f3n de video H.264.<\/li>\n<li style='margin-bottom: 5px;'>Micr\u00f3fono y altavoz integrados.<\/li>\n<li style='margin-bottom: 5px;'>Pantalla de 3&#8242;.<\/li>\n<li style='margin-bottom: 5px;'>Incluye m\u00f3dulo Wi-Fi (genera un AP con la App para revisar grabaciones).<\/li>\n<li style='margin-bottom: 5px;'>M\u00f3dulo G-Sensor incorporado&comma; compatible con el enlace de grabaci\u00f3n de video en caso de un accidente automovil\u00edstico o vibraci\u00f3n fuerte.<\/li>\n<li style='margin-bottom: 5px;'>Soporta tarjeta micro SD hasta 256 GB (No incluida).<\/li>\n<li style='margin-bottom: 5px;'>Aplicaci\u00f3n de tel\u00e9fono: visualizaci\u00f3n en vivo&comma; reproducci\u00f3n de grabaciones y configuraci\u00f3n de par\u00e1metros. (no soporta visualizaci\u00f3n remota&comma; solo de manera local).<\/li>\n<li style='margin-bottom: 5px;'>F\u00e1cil instalaci\u00f3n y f\u00e1cil de usar&comma; plug and play (grabaci\u00f3n autom\u00e1tica despu\u00e9s de encender).<\/li>\n<\/ul><\/div>\n<div style='flex: 1 1 300px; min-width: 280px;'>\n<h3 style='font-size: 22px; border-bottom: 2px solid currentColor; padding-bottom: 5px; margin-top: 0; color: inherit; opacity: 0.8;'>Caracter\u00edsticas F\u00edsicas y El\u00e9ctricas<\/h3>\n<ul style='padding-left: 20px; font-size: 15px; color: inherit;'>\n<li style='margin-bottom: 5px;'>Puerto USB Tipo C para alimentaci\u00f3n. (incluye adaptador y cable 3.4 mts).<\/li>\n<li style='margin-bottom: 5px;'>Cable de 5.5 mts para c\u00e1mara interior adicional.<\/li>\n<li style='margin-bottom: 5px;'>Temperatura de operaci\u00f3n: -20\u00b0C a 65\u00b0C.<\/li>\n<li style='margin-bottom: 5px;'>Alimentaci\u00f3n: 5 Vcc \/ 2 A \/ 3 Watts.<\/li>\n<li style='margin-bottom: 5px;'>Dimensiones: 85 x 82 x 65 mm.<\/li>\n<li style='margin-bottom: 5px;'>Peso: 100 gramos.<\/li>\n<\/ul><\/div>\n<\/p><\/div>\n<hr style='border: 0; border-top: 1px solid rgba(150&comma; 150&comma; 150&comma; 0.3); margin: 30px 0;'>\n<div style='display: flex; flex-wrap: wrap; gap: 30px; margin-bottom: 30px;'>\n<div style='flex: 1 1 300px; min-width: 280px;'>\n<h3 style='font-size: 22px; border-bottom: 2px solid currentColor; padding-bottom: 5px; margin-top: 0; color: inherit; opacity: 0.8;'>Consideraciones<\/h3>\n<ul style='padding-left: 20px; font-size: 15px; color: inherit;'>\n<li style='margin-bottom: 5px;'>Conector micro USB (3.4 metros de longitud) y adaptador para el cenicero (incluido).<\/li>\n<li style='margin-bottom: 5px;'>Cable de 5.5 mts para la c\u00e1mara trasera.<\/li>\n<li style='margin-bottom: 5px;'>La aplicaci\u00f3n m\u00f3vil es Hik-Dashcam&comma; en el <a href='https:\/\/ftp3.syscom.mx\/usuarios\/jmolinar\/JonathanMolinar\/Hikvision\/UD25220B_Baseline_Dashcam%20K5_User%20Manual_V1.0.0_20210831.pdf' style='color: #005cb9; text-decoration: none; font-weight: normal;'>manual de usuario<\/a> del producto viene un c\u00f3digo QR para poder descargar la App.<\/li>\n<li style='margin-bottom: 5px;'>No soporta transmisi\u00f3n de manera remota&comma; la App se usa para una red local para su visualizaci\u00f3n y configuraci\u00f3n.<\/li>\n<\/ul><\/div>\n<\/p><\/div>\n<hr style='border: 0; border-top: 1px solid rgba(150&comma; 150&comma; 150&comma; 0.3); margin: 30px 0;'>\n<div style='display: flex; flex-wrap: wrap; gap: 30px; margin-bottom: 30px;'>\n<div style='flex: 1 1 300px; min-width: 280px;'>\n<div style='width: 100%; border: 1px solid rgba(150&comma; 150&comma; 150&comma; 0.4); border-radius: 8px; overflow: hidden; display: flex; flex-direction: column;'>\n<div style='padding: 15px; border-bottom: 1px solid rgba(150&comma; 150&comma; 150&comma; 0.2); font-weight: bold; font-size: 18px; color: inherit;'>Especificaciones Adicionales<\/div>\n<div style='padding: 15px; color: inherit;'>\n<ul style='padding-left: 20px; margin: 0; font-size: 14px; list-style-type: disc;'>\n<li style='margin-bottom: 5px;'><strong>Compresi\u00f3n de video:<\/strong> H.264<\/li>\n<li style='margin-bottom: 5px;'><strong>Resoluci\u00f3n:<\/strong> 2 Megapixel (1080p) frontal y trasera<\/li>\n<li style='margin-bottom: 5px;'><strong>\u00c1ngulo de visi\u00f3n:<\/strong> 128\u00b0 diagonal (frontal)<\/li>\n<li style='margin-bottom: 5px;'><strong>Conectividad:<\/strong> WiFi (AP para conexi\u00f3n local)<\/li>\n<li style='margin-bottom: 5px;'><strong>Almacenamiento:<\/strong> Micro SD hasta 256 GB<\/li>\n<\/ul><\/div>\n<\/p><\/div>\n<\/p><\/div>\n<div style='flex: 1 1 300px; min-width: 280px;'>\n<div style='width: 100%; border: 1px solid rgba(150&comma; 150&comma; 150&comma; 0.4); border-radius: 8px; overflow: hidden; display: flex; flex-direction: column;'>\n<div style='padding: 15px; border-bottom: 1px solid rgba(150&comma; 150&comma; 150&comma; 0.2); font-weight: bold; font-size: 18px; color: inherit;'>Contenido del Paquete<\/div>\n<div style='padding: 15px; color: inherit;'>\n<ul style='padding-left: 20px; margin: 0; font-size: 14px; list-style-type: disc;'>\n<li style='margin-bottom: 5px;'>C\u00e1mara de tablero AEDC2328C200S(2CH)<\/li>\n<li style='margin-bottom: 5px;'>Cable micro USB de 3.4 mts con adaptador<\/li>\n<li style='margin-bottom: 5px;'>Cable de extensi\u00f3n para c\u00e1mara trasera de 5.5 mts<\/li>\n<li style='margin-bottom: 5px;'>Manual de usuario<\/li>\n<\/ul><\/div>\n<\/p><\/div>\n<\/p><\/div>\n<\/p><\/div>\n<div style='display: flex; flex-wrap: wrap; gap: 30px; margin-bottom: 30px;'>\n<div style='flex: 1 1 300px; min-width: 280px;'> <img style='width: 100%; height: auto; border: 1px solid rgba(150&comma;150&comma;150&comma;0.3); border-radius: 8px;' src='http:\/\/ftp3.syscom.mx\/usuarios\/ftp\/2025\/10\/02\/1313\/C200S_preview.jpg_froala_68dea08bcbf40' alt='Vista previa del producto'> <\/div>\n<div style='flex: 1 1 300px; min-width: 280px;'>\n<div style='position: relative; padding-bottom: 56.25%; height: 0; overflow: hidden;'>   <\/div>\n<\/p><\/div>\n<\/p><\/div>\n<\/p><\/div>\n","protected":false},"excerpt":{"rendered":"<p>C\u00e1mara de Tablero \/ C\u00e1mara Frontal de 2 Megapixel (1080p) y Trasera de 2 Megapixel (1080p) \/ H.265 \/  Pantalla 3&#8243; \/ WiFi \/ G-Sensor \/ Micr\u00f3fono y Bocina Integrada \/ Micro SD \/ Soporta App \/ F\u00e1cil de Instalar<\/p>\n","protected":false},"featured_media":96449,"comment_status":"open","ping_status":"closed","template":"","meta":[],"product_brand":[],"product_cat":[1343],"product_tag":[54,1345,1344],"class_list":{"0":"post-96450","1":"product","2":"type-product","3":"status-publish","4":"has-post-thumbnail","6":"product_cat-videograbadoras-moviles","7":"product_tag-hikvision","8":"product_tag-videograbadoras-moviles","9":"product_tag-videograbadoras-moviles-y-portatiles","11":"first","12":"instock","13":"sale","14":"shipping-taxable","15":"purchasable","16":"product-type-simple"},"_links":{"self":[{"href":"https:\/\/soydeaqui.ddns.net\/pachuca\/index.php\/wp-json\/wp\/v2\/product\/96450","targetHints":{"allow":["GET"]}}],"collection":[{"href":"https:\/\/soydeaqui.ddns.net\/pachuca\/index.php\/wp-json\/wp\/v2\/product"}],"about":[{"href":"https:\/\/soydeaqui.ddns.net\/pachuca\/index.php\/wp-json\/wp\/v2\/types\/product"}],"replies":[{"embeddable":true,"href":"https:\/\/soydeaqui.ddns.net\/pachuca\/index.php\/wp-json\/wp\/v2\/comments?post=96450"}],"wp:featuredmedia":[{"embeddable":true,"href":"https:\/\/soydeaqui.ddns.net\/pachuca\/index.php\/wp-json\/wp\/v2\/media\/96449"}],"wp:attachment":[{"href":"https:\/\/soydeaqui.ddns.net\/pachuca\/index.php\/wp-json\/wp\/v2\/media?parent=96450"}],"wp:term":[{"taxonomy":"product_brand","embeddable":true,"href":"https:\/\/soydeaqui.ddns.net\/pachuca\/index.php\/wp-json\/wp\/v2\/product_brand?post=96450"},{"taxonomy":"product_cat","embeddable":true,"href":"https:\/\/soydeaqui.ddns.net\/pachuca\/index.php\/wp-json\/wp\/v2\/product_cat?post=96450"},{"taxonomy":"product_tag","embeddable":true,"href":"https:\/\/soydeaqui.ddns.net\/pachuca\/index.php\/wp-json\/wp\/v2\/product_tag?post=96450"}],"curies":[{"name":"wp","href":"https:\/\/api.w.org\/{rel}","templated":true}]}}