{"id":96427,"date":"2026-03-20T08:13:05","date_gmt":"2026-03-20T08:13:05","guid":{"rendered":"https:\/\/soydeaqui.ddns.net\/pachuca\/index.php\/producto\/adaptador-en-la-nube-soporta-maximo-16-canales-de-video-dvrnvrcam-ip-plataforma-epcom-cloud-2mp-4mp-8mp-video-audio-ptz-grabacion-por-movimiento-grabacion-continua\/"},"modified":"2026-03-20T08:13:18","modified_gmt":"2026-03-20T08:13:18","slug":"adaptador-en-la-nube-soporta-maximo-16-canales-de-video-dvrnvrcam-ip-plataforma-epcom-cloud-2mp-4mp-8mp-video-audio-ptz-grabacion-por-movimiento-grabacion-continua","status":"publish","type":"product","link":"https:\/\/soydeaqui.ddns.net\/pachuca\/index.php\/producto\/adaptador-en-la-nube-soporta-maximo-16-canales-de-video-dvrnvrcam-ip-plataforma-epcom-cloud-2mp-4mp-8mp-video-audio-ptz-grabacion-por-movimiento-grabacion-continua\/","title":{"rendered":"Adaptador en la Nube \/ Soporta M\u00e1ximo 16 Canales de Video (DVR,NVR,CAM IP) \/ Plataforma Epcom Cloud \/ 2MP \/ 4MP \/ 8MP \/ Video \/ Audio \/ PTZ \/ Grabaci\u00f3n por Movimiento \/ Grabaci\u00f3n Continua"},"content":{"rendered":"<div style='width: 100%; max-width: 1200px; margin: 0 auto; font-family: sans-serif; line-height: 1.6; color: inherit; background-color: transparent;'>\n<div style='display: flex; flex-wrap: wrap; gap: 30px; margin-bottom: 30px;'>\n<div style='flex: 1 1 300px; min-width: 280px;'> <img style='width: 80%; margin-left: 10%; height: auto; border: 1px solid rgba(150&comma;150&comma;150&comma;0.3); border-radius: 8px;' src='https:\/\/ftp3.syscom.mx\/usuarios\/xguereque\/epcomcloud\/logo_solo.png' alt='Logo Epcom Cloud'> <\/div>\n<div style='flex: 1 1 300px; min-width: 280px;'>\n<h2 style='font-size: 22px; border-bottom: 2px solid currentColor; padding-bottom: 5px; margin-top: 0; color: inherit; opacity: 0.8;'>\u00bfPor qu\u00e9 usar EPCOM Cloud&comma; Grabaci\u00f3n Nube?<\/h2>\n<p>Tener nuestras c\u00e1maras funcionando por Epcom Cloud nos asegura:<\/p>\n<ul style='padding-left: 20px; font-size: 15px; color: inherit;'>\n<li style='margin-bottom: 5px;'>Video <strong style='color: inherit;'>extremo<\/strong> fluido para b\u00fasqueda de grabaciones<\/li>\n<li style='margin-bottom: 5px;'>B\u00fasqueda de video <strong style='color: inherit;'>r\u00e1pida<\/strong>&comma; encontrar evidencia r\u00e1pido<\/li>\n<li style='margin-bottom: 5px;'>Una aplicaci\u00f3n de lujo y una p\u00e1gina <strong style='color: inherit;'>web<\/strong> que puede accederse con cualquier navegador<\/li>\n<li style='margin-bottom: 5px;'><strong style='color: inherit;'>Alta seguridad<\/strong>: Toda su informaci\u00f3n fuera de acceso de cualquier intruso&comma; protegida por los m\u00e1s altos niveles de seguridad.<\/li>\n<li style='margin-bottom: 5px;'>Redundancia: Todas sus grabaciones en la nube&comma; todos sus equipos respaldados.<\/li>\n<li style='margin-bottom: 5px;'>M\u00e1s de 75&comma;000 c\u00e1maras respaldadas.<\/li>\n<\/ul><\/div>\n<\/p><\/div>\n<div style='display: flex; flex-wrap: wrap; gap: 30px; margin-bottom: 30px;'>\n<div style='flex: 1 1 300px; min-width: 280px;'>\n<h3 style='font-size: 22px; border-bottom: 2px solid currentColor; padding-bottom: 5px; margin-top: 0; color: inherit; opacity: 0.8;'>Adaptador para Epcom Cloud<\/h3>\n<p>Este dispositivo es un adaptador para hacer compatibles todos aquellos DVR&comma; NVR y c\u00e1maras IP de la marca Epcom&comma; Hikvision y Hilook.<\/p>\n<p>Combinamos nuestro software con la tecnolog\u00eda de Raspberry&comma; cada adaptador puede soportar el flujo de hasta 16 canales de video (ver secci\u00f3n <strong style='color: inherit;'>nota importante<\/strong>).<\/p>\n<p>El dispositivo s\u00f3lo debe estar conectado en a misma red lan que los dispositivos a grabar en la nube.<\/p>\n<\/p><\/div>\n<div style='flex: 1 1 300px; min-width: 280px;'> <img style='width: 100%; height: auto; object-fit: cover; border: 1px solid rgba(150&comma;150&comma;150&comma;0.3); border-radius: 8px;' src='https:\/\/ftp3.syscom.mx\/usuarios\/xguereque\/epcomcloud\/adaptercloud16\/adaptercloud16-vista1.png' alt='Adaptador Epcom Cloud'> <\/div>\n<\/p><\/div>\n<div style='display: flex; flex-wrap: wrap; gap: 20px; margin-bottom: 30px;'>\n<div style='flex: 1 1 250px; border: 1px solid rgba(150&comma; 150&comma; 150&comma; 0.4); border-radius: 8px; overflow: hidden; display: flex; flex-direction: column;'>\n<div style='padding: 15px; border-bottom: 1px solid rgba(150&comma; 150&comma; 150&comma; 0.2); font-weight: bold; font-size: 18px; color: inherit;'>Caracter\u00edsticas principales:<\/div>\n<div style='padding: 15px; color: inherit;'>\n<ul style='padding-left: 20px; margin: 0; font-size: 14px; list-style-type: disc;'>\n<li style='margin-bottom: 5px;'>Soporta hasta 16 canales de grabaci\u00f3n<\/li>\n<li style='margin-bottom: 5px;'>Resoluci\u00f3n de 2mp&comma; 4mp y 8mp<\/li>\n<li style='margin-bottom: 5px;'>Grabaci\u00f3n por detecci\u00f3n de movimiento<\/li>\n<li style='margin-bottom: 5px;'>Grabaci\u00f3n continua<\/li>\n<li style='margin-bottom: 5px;'><strong style='color: inherit;'>No incluye licencias<\/strong>&comma; deben ser adquiridas por separado.<\/li>\n<\/ul><\/div>\n<\/p><\/div>\n<div style='flex: 1 1 250px; border: 1px solid rgba(150&comma; 150&comma; 150&comma; 0.4); border-radius: 8px; overflow: hidden; display: flex; flex-direction: column;'>\n<div style='padding: 15px; border-bottom: 1px solid rgba(150&comma; 150&comma; 150&comma; 0.2); font-weight: bold; font-size: 18px; color: inherit;'>Compatibilidad:<\/div>\n<div style='padding: 15px; color: inherit;'>\n<ul style='padding-left: 20px; margin: 0; font-size: 14px; list-style-type: disc;'>\n<li style='margin-bottom: 5px;'>Hikvision&comma; Epcom y Hi-Look<\/li>\n<li style='margin-bottom: 5px;'>Dahua<\/li>\n<li style='margin-bottom: 5px;'>Axis<\/li>\n<li style='margin-bottom: 5px;'>Uniview<\/li>\n<li style='margin-bottom: 5px;'>Vivotek<\/li>\n<li style='margin-bottom: 5px;'>Onvif (s\u00f3lo c\u00e1maras IP)<\/li>\n<\/ul><\/div>\n<\/p><\/div>\n<div style='flex: 1 1 250px; border: 1px solid rgba(150&comma; 150&comma; 150&comma; 0.4); border-radius: 8px; overflow: hidden; display: flex; flex-direction: column;'>\n<div style='padding: 15px; border-bottom: 1px solid rgba(150&comma; 150&comma; 150&comma; 0.2); font-weight: bold; font-size: 18px; color: inherit;'>Caracter\u00edsticas F\u00edsicas y El\u00e9ctricas:<\/div>\n<div style='padding: 15px; color: inherit;'>\n<ul style='padding-left: 20px; margin: 0; font-size: 14px; list-style-type: disc;'>\n<li style='margin-bottom: 5px;'>Alimentaci\u00f3n: 5v<\/li>\n<li style='margin-bottom: 5px;'>Consumo: 3A<\/li>\n<li style='margin-bottom: 5px;'>Procesador: Broadcom BCM2711&comma; Cortex-A72 de cuatro n\u00facleos (ARM v8) SoC de 64 bits a 1.5GHz<\/li>\n<\/ul><\/div>\n<\/p><\/div>\n<\/p><\/div>\n<div style='border: 1px solid rgba(150&comma; 150&comma; 150&comma; 0.4); border-radius: 8px; padding: 15px; margin-bottom: 30px; background-color: rgba(255&comma; 255&comma; 255&comma; 0.05);'>\n<h3 style='font-size: 22px; margin-top: 0; margin-bottom: 15px; color: inherit; opacity: 0.8;'>Nota Importante:<\/h3>\n<p>El adaptador soporta hasta un m\u00e1ximo de 16 canales a 2MP&comma; 16 canales a 4MP o 16 canales a 8MP.<\/p>\n<p>Para aumentar el rendimiento utilice una memoria USB modelo <a href='https:\/\/www.syscom.mx\/producto\/HS-USB-M200\/32G-HIKSEMI-by-HIKVISION-219002.html' target='_blank' rel='noopener' style='color: inherit; text-decoration: underline;'>HS-USB-M200\/32G<\/a>: brindan protecci\u00f3n contra la p\u00e9rdida de red o red deficiente&comma; ya que almacena el video en el USB y lo env\u00eda a la nube cuando se restablece la red.<\/p>\n<\/p><\/div>\n<div style='margin-bottom: 30px;'>\n<h3 style='font-size: 22px; border-bottom: 2px solid currentColor; padding-bottom: 5px; margin-top: 0; margin-bottom: 15px; color: inherit; opacity: 0.8;'>Diagrama de uso:<\/h3>\n<p> <img style='width: 100%; height: auto; border: 1px solid rgba(150&comma;150&comma;150&comma;0.3); border-radius: 8px;' src='https:\/\/ftp3.syscom.mx\/usuarios\/xguereque\/epcomcloud\/diagrama-adaptercloud08.svg' alt='Diagrama de uso'> <\/div>\n<\/p><\/div>\n","protected":false},"excerpt":{"rendered":"<p>Adaptador en la Nube \/ Soporta M\u00e1ximo 16 Canales de Video (DVR,NVR,CAM IP) \/ Plataforma Epcom Cloud \/ 2MP \/ 4MP \/ 8MP \/ Video \/ Audio \/ PTZ \/ Grabaci\u00f3n por Movimiento \/ Grabaci\u00f3n Continua<\/p>\n","protected":false},"featured_media":96426,"comment_status":"open","ping_status":"closed","template":"","meta":[],"product_brand":[],"product_cat":[2315],"product_tag":[93,935,2065],"class_list":{"0":"post-96427","1":"product","2":"type-product","3":"status-publish","4":"has-post-thumbnail","6":"product_cat-accesorios-servidores-almacenamiento","7":"product_tag-accesorios","8":"product_tag-epcom","9":"product_tag-servidores-almacenamiento","11":"first","12":"outofstock","13":"sale","14":"shipping-taxable","15":"purchasable","16":"product-type-simple"},"_links":{"self":[{"href":"https:\/\/soydeaqui.ddns.net\/pachuca\/index.php\/wp-json\/wp\/v2\/product\/96427","targetHints":{"allow":["GET"]}}],"collection":[{"href":"https:\/\/soydeaqui.ddns.net\/pachuca\/index.php\/wp-json\/wp\/v2\/product"}],"about":[{"href":"https:\/\/soydeaqui.ddns.net\/pachuca\/index.php\/wp-json\/wp\/v2\/types\/product"}],"replies":[{"embeddable":true,"href":"https:\/\/soydeaqui.ddns.net\/pachuca\/index.php\/wp-json\/wp\/v2\/comments?post=96427"}],"wp:featuredmedia":[{"embeddable":true,"href":"https:\/\/soydeaqui.ddns.net\/pachuca\/index.php\/wp-json\/wp\/v2\/media\/96426"}],"wp:attachment":[{"href":"https:\/\/soydeaqui.ddns.net\/pachuca\/index.php\/wp-json\/wp\/v2\/media?parent=96427"}],"wp:term":[{"taxonomy":"product_brand","embeddable":true,"href":"https:\/\/soydeaqui.ddns.net\/pachuca\/index.php\/wp-json\/wp\/v2\/product_brand?post=96427"},{"taxonomy":"product_cat","embeddable":true,"href":"https:\/\/soydeaqui.ddns.net\/pachuca\/index.php\/wp-json\/wp\/v2\/product_cat?post=96427"},{"taxonomy":"product_tag","embeddable":true,"href":"https:\/\/soydeaqui.ddns.net\/pachuca\/index.php\/wp-json\/wp\/v2\/product_tag?post=96427"}],"curies":[{"name":"wp","href":"https:\/\/api.w.org\/{rel}","templated":true}]}}