{"id":9614,"date":"2026-03-18T07:24:43","date_gmt":"2026-03-18T07:24:43","guid":{"rendered":"https:\/\/soydeaqui.ddns.net\/pachuca\/index.php\/producto\/cable-de-fibra-ptica-6-hilos-osp-planta-externa-no-armada-dielctrica-mdpe-polietileno-de-media-densidad-multimodo-om4-50-125-optimizada-precio-por-metro\/"},"modified":"2026-03-18T07:24:44","modified_gmt":"2026-03-18T07:24:44","slug":"cable-de-fibra-ptica-6-hilos-osp-planta-externa-no-armada-dielctrica-mdpe-polietileno-de-media-densidad-multimodo-om4-50-125-optimizada-precio-por-metro","status":"publish","type":"product","link":"https:\/\/soydeaqui.ddns.net\/pachuca\/index.php\/producto\/cable-de-fibra-ptica-6-hilos-osp-planta-externa-no-armada-dielctrica-mdpe-polietileno-de-media-densidad-multimodo-om4-50-125-optimizada-precio-por-metro\/","title":{"rendered":"Cable de Fibra ?ptica 6 Hilos, OSP (Planta Externa), No Armada (Diel?ctrica), MDPE (Polietileno de Media Densidad), Multimodo OM4 50\/125 Optimizada, Precio Por Metro"},"content":{"rendered":"<div style='width: 100%; max-width: 1200px; margin: 0 auto; font-family: sans-serif; line-height: 1.6; color: inherit; background-color: transparent;'>\n<div style='display: flex; flex-wrap: wrap; gap: 30px; margin-bottom: 30px;'>\n<div style='flex: 1 1 300px; min-width: 280px;'>\n<h3 style='font-size: 22px; border-bottom: 2px solid currentColor; padding-bottom: 5px; margin-top: 0; color: inherit; opacity: 0.8;'>Descripci\u00f3n<\/h3>\n<p style='font-size: 15px; color: inherit;'>El cable de planta externa sin gel Opti-Core\u00ae ofrece tecnolog\u00eda de bloqueo de agua en seco&comma; resistencia a los rayos UV y alta densidad para proporcionar cumplimiento de normas y flexibilidad para uso en exteriores. El cable de planta exterior sin gel Opti-Core\u00ae est\u00e1 disponible en dise\u00f1os de cables totalmente diel\u00e9ctricos y armados para satisfacer sus requisitos de instalaci\u00f3n espec\u00edficos. El cable totalmente diel\u00e9ctrico de planta exterior sin gel Opti-Core\u00ae&comma; para aplicaciones a\u00e9reas y de conductos&comma; presenta una construcci\u00f3n no met\u00e1lica que elimina la necesidad de conexi\u00f3n a tierra o uniones. Opti-Core\u00ae Gel Free Exterior Plant Cable cumple con los requisitos RUS 7 CFR 1755.900 para cables de entrada de servicio de fibra \u00f3ptica. Tambi\u00e9n cumple o supera los requisitos de rendimiento de Telcordia GR-20&comma; Issue 2 e ICEA 640 para soportar las duras demandas ambientales al aire libre. El cable de planta exterior sin gel Opti-Core\u00ae est\u00e1 disponible en tipos de fibra monomodo (cumple con los est\u00e1ndares OS1 y OS2 propuestos) y multimodo (OM1&comma; OM2&comma; OM3 y OM4 optimizados para l\u00e1ser)&comma; y en fibra cuenta hasta 144 fibras como \u201cdise\u00f1o de tubo holgado\u201d. Todo el cable de fibra \u00f3ptica Opti-Core\u00ae cumple con RoHS.<\/p>\n<\/p><\/div>\n<\/p><\/div>\n<div style='display: flex; flex-wrap: wrap; gap: 20px; margin-bottom: 30px;'>\n<div style='flex: 1 1 250px; border: 1px solid rgba(150&comma; 150&comma; 150&comma; 0.4); border-radius: 8px; overflow: hidden; display: flex; flex-direction: column;'>\n<div style='padding: 15px; border-bottom: 1px solid rgba(150&comma; 150&comma; 150&comma; 0.2); font-weight: bold; font-size: 18px; color: inherit;'>Especificaciones t\u00e9cnicas<\/div>\n<div style='padding: 15px; color: inherit;'>\n<ul style='padding-left: 20px; margin: 0; font-size: 14px; list-style-type: disc; color: inherit;'>\n<li style='margin-bottom: 5px;'>Loose Tube: 250\u03bcm<\/li>\n<li style='margin-bottom: 5px;'>Revestimiento de Fibra \u00d3ptica: 125\u03bcm<\/li>\n<li style='margin-bottom: 5px;'>Marcas de longitud de incremento cada 2 pies.<\/li>\n<li style='margin-bottom: 5px;'>C\u00f3digo de colores: TIA-598-C<\/li>\n<li style='margin-bottom: 5px;'>Fibra \u00d3ptica No Armada (Diel\u00e9ctrica)<\/li>\n<li style='margin-bottom: 5px;'>Diametro nominal: .40 in (10.16 mm)<\/li>\n<\/ul><\/div>\n<\/p><\/div>\n<div style='flex: 1 1 250px; border: 1px solid rgba(150&comma; 150&comma; 150&comma; 0.4); border-radius: 8px; overflow: hidden; display: flex; flex-direction: column;'>\n<div style='padding: 15px; border-bottom: 1px solid rgba(150&comma; 150&comma; 150&comma; 0.2); font-weight: bold; font-size: 18px; color: inherit;'>Cumplimiento de Est\u00e1ndares<\/div>\n<div style='padding: 15px; color: inherit;'>\n<ul style='padding-left: 20px; margin: 0; font-size: 14px; list-style-type: disc; color: inherit;'>\n<li style='margin-bottom: 5px;'>TIA 455 series<\/li>\n<li style='margin-bottom: 5px;'>FOTPS<\/li>\n<li style='margin-bottom: 5px;'>ICEA 640<\/li>\n<li style='margin-bottom: 5px;'>Telcordia GR-20<\/li>\n<li style='margin-bottom: 5px;'>IEC 60794-3-11<\/li>\n<li style='margin-bottom: 5px;'>RUS 7 DVR 1755 (Listado PE90)<\/li>\n<\/ul><\/div>\n<\/p><\/div>\n<\/p><\/div>\n<\/p><\/div>\n","protected":false},"excerpt":{"rendered":"<p>Cable de Fibra ?ptica 6 Hilos, OSP (Planta Externa), No Armada (Diel?ctrica), MDPE (Polietileno de Media Densidad), Multimodo OM4 50\/125 Optimizada, Precio Por Metro<\/p>\n","protected":false},"featured_media":9613,"comment_status":"open","ping_status":"closed","template":"","meta":[],"product_brand":[],"product_cat":[610],"product_tag":[612,611,445],"class_list":{"0":"post-9614","1":"product","2":"type-product","3":"status-publish","4":"has-post-thumbnail","6":"product_cat-cable","7":"product_tag-cable","8":"product_tag-fibra-optica","9":"product_tag-panduit","11":"first","12":"instock","13":"sale","14":"shipping-taxable","15":"purchasable","16":"product-type-simple"},"_links":{"self":[{"href":"https:\/\/soydeaqui.ddns.net\/pachuca\/index.php\/wp-json\/wp\/v2\/product\/9614","targetHints":{"allow":["GET"]}}],"collection":[{"href":"https:\/\/soydeaqui.ddns.net\/pachuca\/index.php\/wp-json\/wp\/v2\/product"}],"about":[{"href":"https:\/\/soydeaqui.ddns.net\/pachuca\/index.php\/wp-json\/wp\/v2\/types\/product"}],"replies":[{"embeddable":true,"href":"https:\/\/soydeaqui.ddns.net\/pachuca\/index.php\/wp-json\/wp\/v2\/comments?post=9614"}],"wp:featuredmedia":[{"embeddable":true,"href":"https:\/\/soydeaqui.ddns.net\/pachuca\/index.php\/wp-json\/wp\/v2\/media\/9613"}],"wp:attachment":[{"href":"https:\/\/soydeaqui.ddns.net\/pachuca\/index.php\/wp-json\/wp\/v2\/media?parent=9614"}],"wp:term":[{"taxonomy":"product_brand","embeddable":true,"href":"https:\/\/soydeaqui.ddns.net\/pachuca\/index.php\/wp-json\/wp\/v2\/product_brand?post=9614"},{"taxonomy":"product_cat","embeddable":true,"href":"https:\/\/soydeaqui.ddns.net\/pachuca\/index.php\/wp-json\/wp\/v2\/product_cat?post=9614"},{"taxonomy":"product_tag","embeddable":true,"href":"https:\/\/soydeaqui.ddns.net\/pachuca\/index.php\/wp-json\/wp\/v2\/product_tag?post=9614"}],"curies":[{"name":"wp","href":"https:\/\/api.w.org\/{rel}","templated":true}]}}