{"id":96101,"date":"2026-03-20T07:58:14","date_gmt":"2026-03-20T07:58:14","guid":{"rendered":"https:\/\/soydeaqui.ddns.net\/pachuca\/index.php\/producto\/matricial-4x4-hdmi-4k60hz-soporta-hdr10-configuracion-edid-multiples-modos-de-conmutacion\/"},"modified":"2026-03-20T07:58:34","modified_gmt":"2026-03-20T07:58:34","slug":"matricial-4x4-hdmi-4k60hz-soporta-hdr10-configuracion-edid-multiples-modos-de-conmutacion","status":"publish","type":"product","link":"https:\/\/soydeaqui.ddns.net\/pachuca\/index.php\/producto\/matricial-4x4-hdmi-4k60hz-soporta-hdr10-configuracion-edid-multiples-modos-de-conmutacion\/","title":{"rendered":"Matricial 4&#215;4 HDMI | 4K@60Hz | Soporta HDR10 | Configuraci\u00f3n EDID | M\u00faltiples Modos de Conmutaci\u00f3n"},"content":{"rendered":"<div style='width: 100%; max-width: 1200px; margin: 0 auto; font-family: sans-serif; line-height: 1.6; color: inherit; background-color: transparent;'> <!-- Imagen principal --> <\/p>\n<div style='width: 100%; margin-bottom: 20px;'> <img style='width: 100%; height: auto; border: 1px solid rgba(150&comma;150&comma;150&comma;0.3); border-radius: 8px;' src='https:\/\/ftp3.syscom.mx\/usuarios\/luis.vargas\/EpcomTitanium\/titaniumup.jpg' alt=''> <\/div>\n<p> <!-- Informaci\u00f3n principal --> <\/p>\n<div style='margin-bottom: 30px;'>\n<h1 style='font-size: 26px; text-align: center; margin: 0 0 10px 0; color: inherit; opacity: 0.9;'>TT414PRO<\/h1>\n<p style='text-align: center; margin: 0 70px; font-size: 14px; color: inherit;'>El Switch matricial HDMI de 4&#215;4 permite cambiar f\u00e1cilmente las se\u00f1ales de entrada HDMI a 4 pantallas HDMI. Admite una resoluci\u00f3n HDR UHD de hasta 4096&#215;2160 a 60 Hz y cuenta con varios m\u00e9todos de conmutaci\u00f3n y dos salidas HDMI con reducci\u00f3n autom\u00e1tica de escala. Es una soluci\u00f3n confiable y de alta definici\u00f3n para transmitir video en aplicaciones como monitoreo de seguridad&comma; educaci\u00f3n&comma; exhibici\u00f3n y transmisi\u00f3n&comma; y centros de comando.<\/p>\n<\/p><\/div>\n<p> <!-- Secci\u00f3n de caracter\u00edsticas --> <\/p>\n<div style='display: flex; flex-wrap: wrap; gap: 20px; margin-bottom: 30px;'>\n<div style='flex: 1 1 300px; min-width: 280px;'>\n<h3 style='font-size: 20px; border-bottom: 2px solid currentColor; padding-bottom: 5px; margin-top: 0; margin-bottom: 15px; color: inherit; opacity: 0.8;'>Caracter\u00edsticas<\/h3>\n<ul style='padding-left: 20px; font-size: 14px; color: inherit; list-style-type: disc;'>\n<li style='margin-bottom: 5px;'><strong>HDMI:<\/strong> 2.0<\/li>\n<li style='margin-bottom: 5px;'><strong>HDCP:<\/strong> 2.2<\/li>\n<li style='margin-bottom: 5px;'><strong>Velocidad de transmisi\u00f3n:<\/strong> 18Gbps<\/li>\n<li style='margin-bottom: 5px;'><strong>Ancho de banda de Video:<\/strong> 600MHZ<\/li>\n<li style='margin-bottom: 5px;'><strong>YUV:<\/strong> 4:4:4<\/li>\n<li style='margin-bottom: 5px;'><strong>Soporte de resoluci\u00f3n:<\/strong> 480i@60Hz&comma; 480p@60Hz&comma; 576i@50Hz&comma; 576p@50Hz&comma; 720p@50\/60Hz&comma; 1080i@50\/60Hz&comma; 1080p@50\/60Hz&comma; 4K\u00d72K@24\/25\/30\/60Hz<\/li>\n<\/ul><\/div>\n<div style='flex: 1 1 300px; min-width: 280px;'>\n<h3 style='font-size: 20px; border-bottom: 2px solid currentColor; padding-bottom: 5px; margin-top: 0; margin-bottom: 15px; color: inherit; opacity: 0.8;'>Audio y Conexiones<\/h3>\n<ul style='padding-left: 20px; font-size: 14px; color: inherit; list-style-type: disc;'>\n<li style='margin-bottom: 5px;'><strong>Formato de audio:<\/strong> LPCM\/DTS-HD\/DTS-Audio\/Dolby Digital plus\/Dolby TrueHD 7.1\/Dolby Digital 7.1CH\/Dolby Atmos<\/li>\n<li style='margin-bottom: 5px;'><strong>Entrada:<\/strong> HDMI\u00d74 (Tipo A&comma; 19 pin&comma; hembra)<\/li>\n<li style='margin-bottom: 5px;'><strong>Salida:<\/strong> HDMI\u00d74 (Tipo A&comma; 19 pin&comma; hembra)<\/li>\n<li style='margin-bottom: 5px;'><strong>Longitud de cable de entrada y salida:<\/strong> \u22645m (AWG26 HDMI2.0 Cable standards)&comma; \u226410m (AWG23 HDMI2.0 Cable standards)<\/li>\n<li style='margin-bottom: 5px;'><strong>Configuraci\u00f3n EDID:<\/strong> Interruptor DIP EDID<\/li>\n<\/ul><\/div>\n<div style='flex: 1 1 300px; min-width: 280px;'>\n<h3 style='font-size: 20px; border-bottom: 2px solid currentColor; padding-bottom: 5px; margin-top: 0; margin-bottom: 15px; color: inherit; opacity: 0.8;'>Especificaciones F\u00edsicas<\/h3>\n<ul style='padding-left: 20px; font-size: 14px; color: inherit; list-style-type: disc;'>\n<li style='margin-bottom: 5px;'><strong>Dimensiones:<\/strong> 210.0(L) x 80.0(W) x 21.0(H) mm<\/li>\n<li style='margin-bottom: 5px;'><strong>Peso Neto:<\/strong> 375g<\/li>\n<li style='margin-bottom: 5px;'><strong>Fuente de alimentaci\u00f3n:<\/strong> 5V\/1A<\/li>\n<li style='margin-bottom: 5px;'><strong>Consumo:<\/strong> <4W<\/li>\n<li style='margin-bottom: 5px;'><strong>Temperatura de operaci\u00f3n:<\/strong> 0~60\u00b0<\/li>\n<li style='margin-bottom: 5px;'><strong>Incluye:<\/strong><\/li>\n<ul style='padding-left: 40px; margin-top: 5px; margin-bottom: 0; color: inherit;'>\n<li style='margin-bottom: 3px;'>1x Unidad Matricial<\/li>\n<li style='margin-bottom: 3px;'>1x Fuente 5v\/1A<\/li>\n<li style='margin-bottom: 3px;'>1x Manual de usuario<\/li>\n<li style='margin-bottom: 3px;'>1x Control remoto<\/li>\n<li style='margin-bottom: 3px;'>El control remoto requiere bater\u00eda (no incluida). Se recomienda el modelo: <a href='https:\/\/www.syscom.mx\/producto\/CR2025-EPCOM-POWERLINE-13901.html' style='color: #439cc7; text-decoration: none;'>CR2025<\/a><\/li>\n<\/ul>\n<\/ul><\/div>\n<\/p><\/div>\n<p> <!-- Imagen secundaria --> <\/p>\n<div style='width: 100%; margin: 30px 0;'> <img style='width: 100%; height: auto; border: 1px solid rgba(150&comma;150&comma;150&comma;0.3); border-radius: 8px;' src='https:\/\/ftp3.syscom.mx\/usuarios\/luis.vargas\/EpcomTitanium\/TT414PRO\/TT414PRO_News_Letter.jpg' alt=''> <\/div>\n<p> <!-- PDF --> <\/p>\n<div style='width: 100%; margin: 30px 0;'>   <\/div>\n<\/p><\/div>\n","protected":false},"excerpt":{"rendered":"<p>Matricial 4&#215;4 HDMI | 4K@60Hz | Soporta HDR10 | Configuraci\u00f3n EDID | M\u00faltiples Modos de Conmutaci\u00f3n<\/p>\n","protected":false},"featured_media":96100,"comment_status":"open","ping_status":"closed","template":"","meta":[],"product_brand":[],"product_cat":[2073,2074,2077,2075,2072,2076],"product_tag":[417,2079,2080,2083,507,2081,2078,2082],"class_list":{"0":"post-96101","1":"product","2":"type-product","3":"status-publish","4":"has-post-thumbnail","6":"product_cat-convertidores","7":"product_cat-divisores","8":"product_cat-dvi","9":"product_cat-hdmi","10":"product_cat-kits-extensores","11":"product_cat-vga","12":"product_tag-accesorios-generales","13":"product_tag-convertidores","14":"product_tag-divisores","15":"product_tag-dvi","16":"product_tag-epcom-titanium","17":"product_tag-hdmi","18":"product_tag-kits-extensores","19":"product_tag-vga","21":"first","22":"instock","23":"sale","24":"shipping-taxable","25":"purchasable","26":"product-type-simple"},"_links":{"self":[{"href":"https:\/\/soydeaqui.ddns.net\/pachuca\/index.php\/wp-json\/wp\/v2\/product\/96101","targetHints":{"allow":["GET"]}}],"collection":[{"href":"https:\/\/soydeaqui.ddns.net\/pachuca\/index.php\/wp-json\/wp\/v2\/product"}],"about":[{"href":"https:\/\/soydeaqui.ddns.net\/pachuca\/index.php\/wp-json\/wp\/v2\/types\/product"}],"replies":[{"embeddable":true,"href":"https:\/\/soydeaqui.ddns.net\/pachuca\/index.php\/wp-json\/wp\/v2\/comments?post=96101"}],"wp:featuredmedia":[{"embeddable":true,"href":"https:\/\/soydeaqui.ddns.net\/pachuca\/index.php\/wp-json\/wp\/v2\/media\/96100"}],"wp:attachment":[{"href":"https:\/\/soydeaqui.ddns.net\/pachuca\/index.php\/wp-json\/wp\/v2\/media?parent=96101"}],"wp:term":[{"taxonomy":"product_brand","embeddable":true,"href":"https:\/\/soydeaqui.ddns.net\/pachuca\/index.php\/wp-json\/wp\/v2\/product_brand?post=96101"},{"taxonomy":"product_cat","embeddable":true,"href":"https:\/\/soydeaqui.ddns.net\/pachuca\/index.php\/wp-json\/wp\/v2\/product_cat?post=96101"},{"taxonomy":"product_tag","embeddable":true,"href":"https:\/\/soydeaqui.ddns.net\/pachuca\/index.php\/wp-json\/wp\/v2\/product_tag?post=96101"}],"curies":[{"name":"wp","href":"https:\/\/api.w.org\/{rel}","templated":true}]}}