{"id":95996,"date":"2026-03-20T07:53:33","date_gmt":"2026-03-20T07:53:33","guid":{"rendered":"https:\/\/soydeaqui.ddns.net\/pachuca\/index.php\/producto\/camara-de-estacionamiento-indicador-led-1-3-mp-lente-2-8-mm-anpr-deteccion-de-estado-de-estacionamiento2-espacios-poe-ip54\/"},"modified":"2026-03-20T07:53:34","modified_gmt":"2026-03-20T07:53:34","slug":"camara-de-estacionamiento-indicador-led-1-3-mp-lente-2-8-mm-anpr-deteccion-de-estado-de-estacionamiento2-espacios-poe-ip54","status":"publish","type":"product","link":"https:\/\/soydeaqui.ddns.net\/pachuca\/index.php\/producto\/camara-de-estacionamiento-indicador-led-1-3-mp-lente-2-8-mm-anpr-deteccion-de-estado-de-estacionamiento2-espacios-poe-ip54\/","title":{"rendered":"CAMARA DE ESTACIONAMIENTO\/Indicador Led\/ 1.3 MP \/ LENTE 2.8 MM \/ ANPR \/ DETECCION DE ESTADO DE ESTACIONAMIENTO(2 ESPACIOS) \/ POE \/ IP54"},"content":{"rendered":"<div style='width: 100%; max-width: 1200px; margin: 0 auto; font-family: sans-serif; line-height: 1.6; color: inherit; background-color: transparent;'> <!-- Logo --> <\/p>\n<p style='text-align: center; margin: 20px 0;'> <img style='width: 45%; height: auto; border: 1px solid rgba(150&comma;150&comma;150&comma;0.3); border-radius: 8px;' src='https:\/\/ftp3.syscom.mx\/usuarios\/jsosa\/HIKVISION\/imagenes\/logo\/hikvision%20see%20far.png' alt='Logo Hikvision'> <\/p>\n<p> <!-- Video YouTube --> <\/p>\n<div style='position: relative; padding-bottom: 56.25%; height: 0; overflow: hidden; margin: 20px 0;'>   <\/div>\n<p> <!-- Secci\u00f3n de caracter\u00edsticas --> <\/p>\n<div style='display: flex; flex-wrap: wrap; gap: 30px; margin: 30px 0;'>\n<div style='flex: 1 1 300px; min-width: 280px;'>\n<h3 style='font-size: 22px; border-bottom: 2px solid currentColor; padding-bottom: 5px; margin-top: 0; color: inherit; opacity: 0.8;'>Caracter\u00edsticas Generales:<\/h3>\n<ul style='padding-left: 20px; font-size: 15px; color: inherit;'>\n<li style='margin-bottom: 5px;'>C\u00e1mara con lente \u00fanico para 1 o 2 espacios de estacionamiento.<\/li>\n<li style='margin-bottom: 5px;'>ANPR con precisi\u00f3n \u2265 99.5%<\/li>\n<li style='margin-bottom: 5px;'>Resoluci\u00f3n m\u00e1xima: 1 MP.<\/li>\n<li style='margin-bottom: 5px;'>Iluminaci\u00f3n m\u00ednima a color:0.0165 Lux @(F2.0&comma;AGC ON).<\/li>\n<li style='margin-bottom: 5px;'>Iluminaci\u00f3n m\u00ednima B\/W: 0.0092 Lux @(F2.0&comma;AGC ON).<\/li>\n<li style='margin-bottom: 5px;'>N\u00famero de colores 6 (rojo&comma; verde&comma; amarillo&comma; azul&comma; cian&comma; magenta).<\/li>\n<li style='margin-bottom: 5px;'>Reconocimiento r\u00e1pido de espacios&comma; LED de bajo consumo<\/li>\n<\/ul><\/div>\n<div style='flex: 1 1 300px; min-width: 280px;'>\n<h3 style='font-size: 22px; border-bottom: 2px solid currentColor; padding-bottom: 5px; margin-top: 0; color: inherit; opacity: 0.8;'>Caracter\u00edsticas Fisicas y Electricas:<\/h3>\n<ul style='padding-left: 20px; font-size: 15px; color: inherit;'>\n<li style='margin-bottom: 5px;'>Voltaje de operaci\u00f3n: 12 Vcd a 6.5 Watts \/POE HIKVISION<\/li>\n<li style='margin-bottom: 5px;'>Temperatura de Operaci\u00f3n: -20\u00b0 C a 50\u00b0 C.<\/li>\n<li style='margin-bottom: 5px;'>Grado de Protecci\u00f3n: IP54<\/li>\n<li style='margin-bottom: 5px;'>Peso: 500 Gramos.<\/li>\n<\/ul><\/div>\n<\/p><\/div>\n<p> <!-- Caracter\u00edsticas destacadas --> <\/p>\n<div style='margin: 30px 0;'>\n<h3 style='font-size: 22px; border-bottom: 2px solid currentColor; padding-bottom: 5px; margin-top: 0; color: inherit; opacity: 0.8;'>Caracter\u00edsticas destacadas:<\/h3>\n<p style='font-size: 15px; color: inherit; margin: 0 0 15px 0;'>Est\u00e1 dise\u00f1ada para sistemas de gu\u00eda de estacionamiento&comma; detectando con alta precisi\u00f3n el estado de ocupaci\u00f3n de espacios y reconociendo placas vehiculares. Equipada con un chip AI avanzado&comma; esta c\u00e1mara presenta un rendimiento superior en iluminaci\u00f3n baja ofreciendo im\u00e1genes de alta definici\u00f3n. Tambi\u00e9n integra un m\u00f3dulo iBeacon para posicionamiento interior y navegaci\u00f3n&comma; junto con un indicador de estado de espacio que puede mostrar m\u00faltiples colores seg\u00fan la disponibilidad del espacio<\/p>\n<\/p><\/div>\n<p> <!-- Separador --> <\/p>\n<hr style='border: 0; border-top: 1px solid rgba(150&comma; 150&comma; 150&comma; 0.3); margin: 30px 0;'> <!-- Escenario de aplicaci\u00f3n --> <\/p>\n<h3 style='font-size: 20px; text-align: center; margin: 20px 0; color: inherit; opacity: 0.8;'>Escenario de aplicaci\u00f3n<\/h3>\n<p style='margin: 20px 0; text-align: center;'> <img style='width: 100%; height: auto; border: 1px solid rgba(150&comma;150&comma;150&comma;0.3); border-radius: 8px;' src='https:\/\/ftp3.syscom.mx\/usuarios\/rcovarrubias\/Imagenes\/Diagrama%20de%20DSTVL.png' alt='Escenario de aplicaci\u00f3n'> <\/p>\n<p> <!-- Banner final --> <\/p>\n<p style='margin: 20px 0; text-align: center;'> <img style='width: 100%; height: auto; border: 1px solid rgba(150&comma;150&comma;150&comma;0.3); border-radius: 8px;' src='https:\/\/ftp3.syscom.mx\/usuarios\/jsosa\/HIKVISION\/imagenes\/banners\/solution%20complete.png' alt='Banner Hikvision'> <\/p>\n<\/p><\/div>\n","protected":false},"excerpt":{"rendered":"<p>CAMARA DE ESTACIONAMIENTO\/Indicador Led\/ 1.3 MP \/ LENTE 2.8 MM \/ ANPR \/ DETECCION DE ESTADO DE ESTACIONAMIENTO(2 ESPACIOS) \/ POE \/ IP54<\/p>\n","protected":false},"featured_media":95995,"comment_status":"open","ping_status":"closed","template":"","meta":[],"product_brand":[],"product_cat":[2056],"product_tag":[122,2057,54],"class_list":{"0":"post-95996","1":"product","2":"type-product","3":"status-publish","4":"has-post-thumbnail","6":"product_cat-domo-eyeball-turret","7":"product_tag-camaras-ip-y-nvrs","8":"product_tag-domo-eyeball-turret","9":"product_tag-hikvision","11":"first","12":"outofstock","13":"sale","14":"shipping-taxable","15":"purchasable","16":"product-type-simple"},"_links":{"self":[{"href":"https:\/\/soydeaqui.ddns.net\/pachuca\/index.php\/wp-json\/wp\/v2\/product\/95996","targetHints":{"allow":["GET"]}}],"collection":[{"href":"https:\/\/soydeaqui.ddns.net\/pachuca\/index.php\/wp-json\/wp\/v2\/product"}],"about":[{"href":"https:\/\/soydeaqui.ddns.net\/pachuca\/index.php\/wp-json\/wp\/v2\/types\/product"}],"replies":[{"embeddable":true,"href":"https:\/\/soydeaqui.ddns.net\/pachuca\/index.php\/wp-json\/wp\/v2\/comments?post=95996"}],"wp:featuredmedia":[{"embeddable":true,"href":"https:\/\/soydeaqui.ddns.net\/pachuca\/index.php\/wp-json\/wp\/v2\/media\/95995"}],"wp:attachment":[{"href":"https:\/\/soydeaqui.ddns.net\/pachuca\/index.php\/wp-json\/wp\/v2\/media?parent=95996"}],"wp:term":[{"taxonomy":"product_brand","embeddable":true,"href":"https:\/\/soydeaqui.ddns.net\/pachuca\/index.php\/wp-json\/wp\/v2\/product_brand?post=95996"},{"taxonomy":"product_cat","embeddable":true,"href":"https:\/\/soydeaqui.ddns.net\/pachuca\/index.php\/wp-json\/wp\/v2\/product_cat?post=95996"},{"taxonomy":"product_tag","embeddable":true,"href":"https:\/\/soydeaqui.ddns.net\/pachuca\/index.php\/wp-json\/wp\/v2\/product_tag?post=95996"}],"curies":[{"name":"wp","href":"https:\/\/api.w.org\/{rel}","templated":true}]}}