{"id":95987,"date":"2026-03-20T07:53:07","date_gmt":"2026-03-20T07:53:07","guid":{"rendered":"https:\/\/soydeaqui.ddns.net\/pachuca\/index.php\/producto\/panel-led-full-color-para-videowall-pixel-pitch-2-5-mm-resolucion-384-x-216-pixeles-uso-en-interior\/"},"modified":"2026-03-20T07:53:23","modified_gmt":"2026-03-20T07:53:23","slug":"panel-led-full-color-para-videowall-pixel-pitch-2-5-mm-resolucion-384-x-216-pixeles-uso-en-interior","status":"publish","type":"product","link":"https:\/\/soydeaqui.ddns.net\/pachuca\/index.php\/producto\/panel-led-full-color-para-videowall-pixel-pitch-2-5-mm-resolucion-384-x-216-pixeles-uso-en-interior\/","title":{"rendered":"Panel LED Full Color para Videowall \/ Pixel Pitch 2.5 mm \/ Resoluci\u00f3n 384 x 216 pixeles \/ Uso en Interior"},"content":{"rendered":"<div style='width: 100%; max-width: 1200px; margin: 0 auto; font-family: sans-serif; line-height: 1.6; color: inherit; background-color: transparent;'>\n<div style='display: flex; flex-wrap: wrap; gap: 30px; margin-bottom: 30px;'>\n<div style='flex: 1 1 300px; min-width: 280px;'>\n<h3 style='font-size: 22px; border-bottom: 2px solid currentColor; padding-bottom: 5px; margin-top: 0; color: inherit; opacity: 0.8;'>Caracter\u00edsticas principales<\/h3>\n<ul style='padding-left: 20px; font-size: 15px; color: inherit;'>\n<li style='margin-bottom: 5px;'><strong>Pixel Pitch:<\/strong> 2.5mm<\/li>\n<li style='margin-bottom: 5px;'><strong>Resoluci\u00f3n:<\/strong> 384 x 216 pixeles \/ 60 Hz<\/li>\n<li style='margin-bottom: 5px;'><strong>Angulo de visi\u00f3n:<\/strong> Horizontal: 150\u00b0&comma; vertical: 150\u00b0<\/li>\n<li style='margin-bottom: 5px;'><strong>Tiempo de respuesta:<\/strong> en nanosegundos<\/li>\n<li style='margin-bottom: 5px;'><strong>Distancia de visualizaci\u00f3n recomendada:<\/strong> \u2265 7.5 m<\/li>\n<li style='margin-bottom: 5px;'><strong>Tiempo de vida \u00fatil:<\/strong> 100&comma;000 horas<\/li>\n<li style='margin-bottom: 5px;'><strong>Brillo:<\/strong> 500 nits<\/li>\n<li style='margin-bottom: 5px;'><strong>Contraste:<\/strong> 5000 : 1<\/li>\n<li style='margin-bottom: 5px;'><strong>HDR:<\/strong> LED HDR \/ HDR10+ \/ Multi-link HDR<\/li>\n<\/ul><\/div>\n<div style='flex: 1 1 300px; min-width: 280px;'>\n<h3 style='font-size: 22px; border-bottom: 2px solid currentColor; padding-bottom: 5px; margin-top: 0; color: inherit; opacity: 0.8;'>Caracter\u00edsticas F\u00edsicas y El\u00e9ctricas<\/h3>\n<ul style='padding-left: 20px; font-size: 15px; color: inherit;'>\n<li style='margin-bottom: 5px;'><strong>Alimentaci\u00f3n:<\/strong> 100 &#8211; 240 VAC 50 \/ 60 Hz<\/li>\n<li style='margin-bottom: 5px;'><strong>Consumo:<\/strong> M\u00e1ximo 180 Watts por gabinete<\/li>\n<li style='margin-bottom: 5px;'><strong>Generaci\u00f3n de calor:<\/strong> 614 BTU por gabinete<\/li>\n<li style='margin-bottom: 5px;'><strong>Temperatura de operaci\u00f3n:<\/strong> 0\u00b0 a 40\u00b0 C<\/li>\n<li style='margin-bottom: 5px;'><strong>Dimensiones:<\/strong> 960 x 540 x 79.5 mm<\/li>\n<li style='margin-bottom: 5px;'><strong>Uso:<\/strong> en interior<\/li>\n<li style='margin-bottom: 5px;'><strong>Garant\u00eda:<\/strong> 3 a\u00f1os<\/li>\n<\/ul><\/div>\n<\/p><\/div>\n<div style='margin: 30px 0; text-align: center;'>\n<p style='margin: 0 0 15px 0; font-size: 18px; font-weight: bold; color: inherit; opacity: 0.9;'>La tecnologia LED HDR nos permite tener imagenes mas refinadas y tener una presentacion de imagen real.<\/p>\n<p> <img style='width: 100%; height: auto; border: 1px solid rgba(150&comma;150&comma;150&comma;0.3); border-radius: 8px;' src='https:\/\/displaysolutions.samsung.com\/static\/images\/feature_new\/led\/indoor\/PC_IEA_Series_04_01.jpg' alt=''> <\/div>\n<div style='margin: 30px 0; text-align: center;'>\n<p style='margin: 0 0 15px 0; font-size: 18px; font-weight: bold; color: inherit; opacity: 0.9;'>Color mas real en baja iluminacion<\/p>\n<p> <img style='width: 100%; height: auto; border: 1px solid rgba(150&comma;150&comma;150&comma;0.3); border-radius: 8px;' src='https:\/\/displaysolutions.samsung.com\/static\/images\/feature_new\/led\/indoor\/PC_IEA_Series_05.jpg' alt=''> <\/div>\n<div style='margin: 30px 0; text-align: center;'>\n<p style='margin: 0 0 15px 0; font-size: 18px; font-weight: bold; color: inherit; opacity: 0.9;'>Compatible con la plataforma Magic Info<\/p>\n<p> <img style='width: 100%; height: auto; border: 1px solid rgba(150&comma;150&comma;150&comma;0.3); border-radius: 8px;' src='https:\/\/displaysolutions.samsung.com\/static\/images\/feature_new\/led\/indoor\/PC_IEA-Series_08.jpg' alt=''> <\/div>\n<\/p><\/div>\n","protected":false},"excerpt":{"rendered":"<p>Panel LED Full Color para Videowall \/ Pixel Pitch 2.5 mm \/ Resoluci\u00f3n 384 x 216 pixeles \/ Uso en Interior<\/p>\n","protected":false},"featured_media":95986,"comment_status":"open","ping_status":"closed","template":"","meta":[],"product_brand":[],"product_cat":[2312],"product_tag":[2193,2313,2242],"class_list":{"0":"post-95987","1":"product","2":"type-product","3":"status-publish","4":"has-post-thumbnail","6":"product_cat-videowall-led-interior-fijo","7":"product_tag-samsung-electronics","8":"product_tag-videowall-led-interior-fijo","9":"product_tag-videowalls","11":"first","12":"outofstock","13":"sale","14":"shipping-taxable","15":"purchasable","16":"product-type-simple"},"_links":{"self":[{"href":"https:\/\/soydeaqui.ddns.net\/pachuca\/index.php\/wp-json\/wp\/v2\/product\/95987","targetHints":{"allow":["GET"]}}],"collection":[{"href":"https:\/\/soydeaqui.ddns.net\/pachuca\/index.php\/wp-json\/wp\/v2\/product"}],"about":[{"href":"https:\/\/soydeaqui.ddns.net\/pachuca\/index.php\/wp-json\/wp\/v2\/types\/product"}],"replies":[{"embeddable":true,"href":"https:\/\/soydeaqui.ddns.net\/pachuca\/index.php\/wp-json\/wp\/v2\/comments?post=95987"}],"wp:featuredmedia":[{"embeddable":true,"href":"https:\/\/soydeaqui.ddns.net\/pachuca\/index.php\/wp-json\/wp\/v2\/media\/95986"}],"wp:attachment":[{"href":"https:\/\/soydeaqui.ddns.net\/pachuca\/index.php\/wp-json\/wp\/v2\/media?parent=95987"}],"wp:term":[{"taxonomy":"product_brand","embeddable":true,"href":"https:\/\/soydeaqui.ddns.net\/pachuca\/index.php\/wp-json\/wp\/v2\/product_brand?post=95987"},{"taxonomy":"product_cat","embeddable":true,"href":"https:\/\/soydeaqui.ddns.net\/pachuca\/index.php\/wp-json\/wp\/v2\/product_cat?post=95987"},{"taxonomy":"product_tag","embeddable":true,"href":"https:\/\/soydeaqui.ddns.net\/pachuca\/index.php\/wp-json\/wp\/v2\/product_tag?post=95987"}],"curies":[{"name":"wp","href":"https:\/\/api.w.org\/{rel}","templated":true}]}}