{"id":95859,"date":"2026-03-20T07:47:17","date_gmt":"2026-03-20T07:47:17","guid":{"rendered":"https:\/\/soydeaqui.ddns.net\/pachuca\/index.php\/producto\/jaula-de-acero-antivandalismo-serie-damage-stopper-multiusos-dimensiones-18x15x13-pulgadas\/"},"modified":"2026-03-20T07:47:21","modified_gmt":"2026-03-20T07:47:21","slug":"jaula-de-acero-antivandalismo-serie-damage-stopper-multiusos-dimensiones-18x15x13-pulgadas","status":"publish","type":"product","link":"https:\/\/soydeaqui.ddns.net\/pachuca\/index.php\/producto\/jaula-de-acero-antivandalismo-serie-damage-stopper-multiusos-dimensiones-18x15x13-pulgadas\/","title":{"rendered":"Jaula De Acero Antivandalismo Serie Damage Stopper\u00ae Multiusos. Dimensiones 18x15x13 pulgadas"},"content":{"rendered":"<div style='width: 100%; max-width: 1200px; margin: 0 auto; font-family: sans-serif; line-height: 1.6; color: inherit; background-color: transparent;'>\n<div style='display: flex; flex-direction: column; align-items: center; margin-bottom: 30px;'>\n<h1 style='font-size: 24px; margin: 0; padding: 0; color: inherit; text-align: center;'> <span style='font-weight: bold;'>Jaulas de Protecci\u00f3n Damage Stopper<\/span> <span style='font-weight: bold; font-style: italic;'>\u00ae Multiusos<\/span> <\/h1>\n<\/p><\/div>\n<div style='display: flex; flex-direction: column; align-items: center; margin-bottom: 30px;'>\n<h2 style='font-size: 18px; margin: 0; padding: 0; color: inherit; text-align: center;'> Ayudan a prevenir el vandalismo en c\u00e1maras de seguridad y dispositivos electr\u00f3nicos <\/h2>\n<\/p><\/div>\n<div style='display: flex; flex-wrap: wrap; gap: 30px; margin-bottom: 30px;'>\n<div style='flex: 1 1 300px; min-width: 280px;'>\n<h3 style='font-size: 22px; border-bottom: 2px solid currentColor; padding-bottom: 5px; margin-top: 0; color: inherit; opacity: 0.8;'>Caracter\u00edsticas Generales<\/h3>\n<ul style='padding-left: 20px; font-size: 15px; color: inherit;'>\n<li style='margin-bottom: 5px;'>Protege una gran variedad de dispositivos contra el robo y vandalismo<\/li>\n<li style='margin-bottom: 5px;'>Construido con alambre de acero resistente de calibre 9<\/li>\n<li style='margin-bottom: 5px;'>Recubierto con poli\u00e9ster blanco resistente a la corrosi\u00f3n<\/li>\n<li style='margin-bottom: 5px;'>Instalaci\u00f3n r\u00e1pida y sencilla con abrazaderas de montaje y accesorios incluidos<\/li>\n<li style='margin-bottom: 5px;'>Garant\u00eda de 3 a\u00f1os de contra roturas en uso normal<\/li>\n<li style='margin-bottom: 5px;'>Dimensiones: 18 in (457 mm) altura x 15 in (381 mm) ancho x 13 in (330 mm) profundidad<\/li>\n<\/ul><\/div>\n<\/p><\/div>\n<div style='display: flex; flex-wrap: wrap; gap: 30px; margin-bottom: 30px;'>\n<div style='flex: 1 1 300px; min-width: 280px;'>\n<h3 style='font-size: 22px; border-bottom: 2px solid currentColor; padding-bottom: 5px; margin-top: 0; color: inherit; opacity: 0.8;'>Aplicaciones<\/h3>\n<ul style='padding-left: 20px; font-size: 15px; color: inherit;'>\n<li style='margin-bottom: 5px;'>Protecci\u00f3n de c\u00e1maras de seguridad<\/li>\n<li style='margin-bottom: 5px;'>Protecci\u00f3n de dispositivos electr\u00f3nicos<\/li>\n<li style='margin-bottom: 5px;'>\u00c1reas con alto riesgo de vandalismo<\/li>\n<li style='margin-bottom: 5px;'>\u00c1reas donde es cr\u00edtico mantener la operaci\u00f3n de c\u00e1maras<\/li>\n<\/ul><\/div>\n<\/p><\/div>\n<hr style='border: 0; border-top: 1px solid rgba(150&comma; 150&comma; 150&comma; 0.3); margin: 30px 0;'> <\/div>\n","protected":false},"excerpt":{"rendered":"<p>Jaula De Acero Antivandalismo Serie Damage Stopper\u00ae Multiusos. Dimensiones 18x15x13 pulgadas<\/p>\n","protected":false},"featured_media":95858,"comment_status":"open","ping_status":"closed","template":"","meta":[],"product_brand":[],"product_cat":[416],"product_tag":[417,418,169],"class_list":{"0":"post-95859","1":"product","2":"type-product","3":"status-publish","4":"has-post-thumbnail","6":"product_cat-montajes-y-brackets-para-camaras","7":"product_tag-accesorios-generales","8":"product_tag-montajes-y-brackets-para-camaras","9":"product_tag-sti","11":"first","12":"outofstock","13":"sale","14":"shipping-taxable","15":"purchasable","16":"product-type-simple"},"_links":{"self":[{"href":"https:\/\/soydeaqui.ddns.net\/pachuca\/index.php\/wp-json\/wp\/v2\/product\/95859","targetHints":{"allow":["GET"]}}],"collection":[{"href":"https:\/\/soydeaqui.ddns.net\/pachuca\/index.php\/wp-json\/wp\/v2\/product"}],"about":[{"href":"https:\/\/soydeaqui.ddns.net\/pachuca\/index.php\/wp-json\/wp\/v2\/types\/product"}],"replies":[{"embeddable":true,"href":"https:\/\/soydeaqui.ddns.net\/pachuca\/index.php\/wp-json\/wp\/v2\/comments?post=95859"}],"wp:featuredmedia":[{"embeddable":true,"href":"https:\/\/soydeaqui.ddns.net\/pachuca\/index.php\/wp-json\/wp\/v2\/media\/95858"}],"wp:attachment":[{"href":"https:\/\/soydeaqui.ddns.net\/pachuca\/index.php\/wp-json\/wp\/v2\/media?parent=95859"}],"wp:term":[{"taxonomy":"product_brand","embeddable":true,"href":"https:\/\/soydeaqui.ddns.net\/pachuca\/index.php\/wp-json\/wp\/v2\/product_brand?post=95859"},{"taxonomy":"product_cat","embeddable":true,"href":"https:\/\/soydeaqui.ddns.net\/pachuca\/index.php\/wp-json\/wp\/v2\/product_cat?post=95859"},{"taxonomy":"product_tag","embeddable":true,"href":"https:\/\/soydeaqui.ddns.net\/pachuca\/index.php\/wp-json\/wp\/v2\/product_tag?post=95859"}],"curies":[{"name":"wp","href":"https:\/\/api.w.org\/{rel}","templated":true}]}}