{"id":95817,"date":"2026-03-20T07:45:37","date_gmt":"2026-03-20T07:45:37","guid":{"rendered":"https:\/\/soydeaqui.ddns.net\/pachuca\/index.php\/producto\/servidor-de-trafico-vehicular-8-ch-de-video-h-265-interfaz-optica-2-hasta-4-tb-hdd\/"},"modified":"2026-03-20T07:45:39","modified_gmt":"2026-03-20T07:45:39","slug":"servidor-de-trafico-vehicular-8-ch-de-video-h-265-interfaz-optica-2-hasta-4-tb-hdd","status":"publish","type":"product","link":"https:\/\/soydeaqui.ddns.net\/pachuca\/index.php\/producto\/servidor-de-trafico-vehicular-8-ch-de-video-h-265-interfaz-optica-2-hasta-4-tb-hdd\/","title":{"rendered":"Servidor De Trafico Vehicular \/ 8 CH de Video \/  H.265 \/ Interfaz Optica 2 \/ Hasta 4 TB HDD"},"content":{"rendered":"<div style='width: 100%; max-width: 1200px; margin: 0 auto; font-family: sans-serif; line-height: 1.6; color: inherit; background-color: transparent;'> <!-- Banner principal --> <\/p>\n<p style='text-align: center; margin: 0; padding: 20px 0;'> <img style='width: 45%; height: auto; border: 1px solid rgba(150&comma;150&comma;150&comma;0.3); border-radius: 8px;' src='https:\/\/ftp3.syscom.mx\/usuarios\/jsosa\/HIKVISION\/imagenes\/logo\/hikvision%20see%20far.png' alt='Logo Hikvision'> <\/p>\n<p> <!-- Secci\u00f3n de caracter\u00edsticas --> <\/p>\n<div style='display: flex; flex-wrap: wrap; gap: 30px; margin: 30px 0;'>\n<div style='flex: 1 1 300px; min-width: 280px;'>\n<h3 style='font-size: 22px; border-bottom: 2px solid currentColor; padding-bottom: 5px; margin-top: 0; color: inherit; opacity: 0.8;'>Caracter\u00edsticas Generales:<\/h3>\n<ul style='padding-left: 20px; font-size: 15px; color: inherit;'>\n<li style='margin-bottom: 5px;'>Conexi\u00f3n directa con 4 c\u00e1maras de red (bitrate \u00fanico: 10M)<\/li>\n<li style='margin-bottom: 5px;'>Conexi\u00f3n mediante switches a 4 c\u00e1maras adicionales<\/li>\n<li style='margin-bottom: 5px;'>Almacenamiento de registros de veh\u00edculos&comma; im\u00e1genes y videos<\/li>\n<li style='margin-bottom: 5px;'>Decodificaci\u00f3n de video\/audio: H.264&comma; H.265<\/li>\n<li style='margin-bottom: 5px;'>Almacenamiento HDD de hasta 4 TB<\/li>\n<li style='margin-bottom: 5px;'>Operaciones web y soporte SDK<\/li>\n<\/ul><\/div>\n<div style='flex: 1 1 300px; min-width: 280px;'>\n<h3 style='font-size: 22px; border-bottom: 2px solid currentColor; padding-bottom: 5px; margin-top: 0; color: inherit; opacity: 0.8;'>Funcionalidades:<\/h3>\n<ul style='padding-left: 20px; font-size: 15px; color: inherit;'>\n<li style='margin-bottom: 5px;'>Almacenamiento y carga de datos<\/li>\n<li style='margin-bottom: 5px;'>Reenv\u00edo de flujo de video<\/li>\n<li style='margin-bottom: 5px;'>Dise\u00f1o s\u00f3lido&comma; compacto y sin ventilador<\/li>\n<li style='margin-bottom: 5px;'>Soporta c\u00e1maras normales&comma; c\u00e1maras de monitoreo inteligente&comma; c\u00e1maras de tr\u00e1fico y m\u00e1s<\/li>\n<li style='margin-bottom: 5px;'>Todas las interfaces en un solo panel<\/li>\n<\/ul><\/div>\n<div style='flex: 1 1 300px; min-width: 280px;'>\n<h3 style='font-size: 22px; border-bottom: 2px solid currentColor; padding-bottom: 5px; margin-top: 0; color: inherit; opacity: 0.8;'>Interfaces y Conectividad:<\/h3>\n<ul style='padding-left: 20px; font-size: 15px; color: inherit;'>\n<li style='margin-bottom: 5px;'>4 puertos Ethernet RJ45 100 M auto-adaptativos<\/li>\n<li style='margin-bottom: 5px;'>2 puertos Ethernet RJ45 10\/100\/1000 M auto-adaptativos<\/li>\n<li style='margin-bottom: 5px;'>1 entrada y salida de alarma<\/li>\n<li style='margin-bottom: 5px;'>1 interfaz RS-485<\/li>\n<li style='margin-bottom: 5px;'>2 interfaces RS-232<\/li>\n<li style='margin-bottom: 5px;'>1 interfaz USB<\/li>\n<li style='margin-bottom: 5px;'>4 indicadores (alimentaci\u00f3n&comma; alarma&comma; SATA&comma; listo)<\/li>\n<\/ul><\/div>\n<div style='flex: 1 1 300px; min-width: 280px;'>\n<h3 style='font-size: 22px; border-bottom: 2px solid currentColor; padding-bottom: 5px; margin-top: 0; color: inherit; opacity: 0.8;'>Requisitos y Compatibilidad:<\/h3>\n<ul style='padding-left: 20px; font-size: 15px; color: inherit;'>\n<li style='margin-bottom: 5px;'>Alimentaci\u00f3n: 12 VDC \u00b1 10%&comma; m\u00e1x. 30 W<\/li>\n<li style='margin-bottom: 5px;'>Dimensiones: 245 mm \u00d7 170 mm \u00d7 55 mm (9.6&#8242; \u00d7 6.7&#8242; \u00d7 2.1&#8242;)<\/li>\n<li style='margin-bottom: 5px;'>Condiciones de operaci\u00f3n: -30 \u00b0C a 70 \u00b0C (-22 \u00b0F a 158\u00b0F)&comma; humedad del 5% al 95% (no condensante)<\/li>\n<\/ul><\/div>\n<div style='flex: 1 1 300px; min-width: 280px;'>\n<h3 style='font-size: 22px; border-bottom: 2px solid currentColor; padding-bottom: 5px; margin-top: 0; color: inherit; opacity: 0.8;'>Aplicaciones y Casos de Uso:<\/h3>\n<ul style='padding-left: 20px; font-size: 15px; color: inherit;'>\n<li style='margin-bottom: 5px;'>Sistema de control de puntos de verificaci\u00f3n<\/li>\n<li style='margin-bottom: 5px;'>Sistema de infracci\u00f3n en intersecciones<\/li>\n<li style='margin-bottom: 5px;'>Sistema de vigilancia de tr\u00e1fico<\/li>\n<\/ul><\/div>\n<\/p><\/div>\n<p> <!-- Banner final --> <\/p>\n<div style='margin-top: 40px;'> <img style='width: 100%; height: auto; border: 1px solid rgba(150&comma;150&comma;150&comma;0.3); border-radius: 8px;' src='https:\/\/ftp3.syscom.mx\/usuarios\/jsosa\/HIKVISION\/imagenes\/banners\/solution%20complete.png' alt='Banner final'> <\/div>\n<\/p><\/div>\n","protected":false},"excerpt":{"rendered":"<p>Servidor De Trafico Vehicular \/ 8 CH de Video \/  H.265 \/ Interfaz Optica 2 \/ Hasta 4 TB HDD<\/p>\n","protected":false},"featured_media":95816,"comment_status":"open","ping_status":"closed","template":"","meta":[],"product_brand":[],"product_cat":[2234],"product_tag":[122,54,2235],"class_list":{"0":"post-95817","1":"product","2":"type-product","3":"status-publish","4":"has-post-thumbnail","6":"product_cat-nvrs-network-video-recorders","7":"product_tag-camaras-ip-y-nvrs","8":"product_tag-hikvision","9":"product_tag-nvrs-network-video-recorders","11":"first","12":"outofstock","13":"sale","14":"shipping-taxable","15":"purchasable","16":"product-type-simple"},"_links":{"self":[{"href":"https:\/\/soydeaqui.ddns.net\/pachuca\/index.php\/wp-json\/wp\/v2\/product\/95817","targetHints":{"allow":["GET"]}}],"collection":[{"href":"https:\/\/soydeaqui.ddns.net\/pachuca\/index.php\/wp-json\/wp\/v2\/product"}],"about":[{"href":"https:\/\/soydeaqui.ddns.net\/pachuca\/index.php\/wp-json\/wp\/v2\/types\/product"}],"replies":[{"embeddable":true,"href":"https:\/\/soydeaqui.ddns.net\/pachuca\/index.php\/wp-json\/wp\/v2\/comments?post=95817"}],"wp:featuredmedia":[{"embeddable":true,"href":"https:\/\/soydeaqui.ddns.net\/pachuca\/index.php\/wp-json\/wp\/v2\/media\/95816"}],"wp:attachment":[{"href":"https:\/\/soydeaqui.ddns.net\/pachuca\/index.php\/wp-json\/wp\/v2\/media?parent=95817"}],"wp:term":[{"taxonomy":"product_brand","embeddable":true,"href":"https:\/\/soydeaqui.ddns.net\/pachuca\/index.php\/wp-json\/wp\/v2\/product_brand?post=95817"},{"taxonomy":"product_cat","embeddable":true,"href":"https:\/\/soydeaqui.ddns.net\/pachuca\/index.php\/wp-json\/wp\/v2\/product_cat?post=95817"},{"taxonomy":"product_tag","embeddable":true,"href":"https:\/\/soydeaqui.ddns.net\/pachuca\/index.php\/wp-json\/wp\/v2\/product_tag?post=95817"}],"curies":[{"name":"wp","href":"https:\/\/api.w.org\/{rel}","templated":true}]}}