{"id":95711,"date":"2026-03-20T07:40:46","date_gmt":"2026-03-20T07:40:46","guid":{"rendered":"https:\/\/soydeaqui.ddns.net\/pachuca\/index.php\/producto\/switch-poe-para-exterior-no-administrable-con-4-puertos-10-100-mbsp-poe-af-at-1-puertos-uplink-10-100-mbps-presupuesto-60-w-ideal-para-aplicaciones-cctv\/"},"modified":"2026-03-20T07:40:54","modified_gmt":"2026-03-20T07:40:54","slug":"switch-poe-para-exterior-no-administrable-con-4-puertos-10-100-mbsp-poe-af-at-1-puertos-uplink-10-100-mbps-presupuesto-60-w-ideal-para-aplicaciones-cctv","status":"publish","type":"product","link":"https:\/\/soydeaqui.ddns.net\/pachuca\/index.php\/producto\/switch-poe-para-exterior-no-administrable-con-4-puertos-10-100-mbsp-poe-af-at-1-puertos-uplink-10-100-mbps-presupuesto-60-w-ideal-para-aplicaciones-cctv\/","title":{"rendered":"Switch PoE para exterior \/ No administrable \/ Con 4 puertos 10\/100 Mbsp PoE af\/at \/ 1 Puertos Uplink 10\/100 MBPS \/  Presupuesto 60 W \/ Ideal para Aplicaciones CCTV"},"content":{"rendered":"<div style='width: 100%; max-width: 1200px; margin: 0 auto; font-family: sans-serif; line-height: 1.6; color: inherit; background-color: transparent;'>\n<div style='display: flex; flex-direction: column; gap: 30px;'>\n<div style='text-align: center;'> <img style='width: 100%; height: auto; border: 1px solid rgba(150&comma;150&comma;150&comma;0.3); border-radius: 8px;' src='https:\/\/ftp3.syscom.mx\/usuarios\/fotos\/WIPS205O\/217568-captura_de_pantalla_2024-08-05_a_la(s)_10.04.31%E2%80%AFa.m..png' alt=''> <\/div>\n<div style='text-align: center;'>\n<h2 style='font-size: 24px; margin-top: 0; margin-bottom: 10px; color: inherit;'>Switch PoE af\/at&comma; Presupuesto 60W<\/h2>\n<p style='font-size: 18px; color: inherit; opacity: 0.8; margin: 10px 0;'>Los puertos PoE <strong>NO pueden energizar equipos con PoE 24V pasivo<\/strong>&comma; la aplicaci\u00f3n es ideal para la instalaci\u00f3n de c\u00e1maras de seguridad que acepten el PoE estandarizado.<\/p>\n<p> <img style='width: 100%; height: auto; border: 1px solid rgba(150&comma;150&comma;150&comma;0.3); border-radius: 8px; margin: 20px 0;' src='https:\/\/ftp3.syscom.mx\/usuarios\/fotos\/WIPS205O\/217568-captura_de_pantalla_2024-08-05_a_la(s)_10.04.49%E2%80%AFa.m..png' alt=''> <\/div>\n<div style='text-align: center;'>\n<h2 style='font-size: 24px; margin-top: 0; margin-bottom: 10px; color: inherit;'>Ideal para instalaci\u00f3n de CCTV a larga distancia&comma; hasta 250 metros.<\/h2>\n<p style='font-size: 18px; color: inherit; opacity: 0.8; margin: 10px 0;'>Se adapta a cualquier aplicaci\u00f3n de CCTV&comma; esto para que sea m\u00e1s practico el medio de instalaci\u00f3n del Switch.<\/p>\n<p> <img style='width: 100%; height: auto; border: 1px solid rgba(150&comma;150&comma;150&comma;0.3); border-radius: 8px; margin: 20px 0;' src='https:\/\/ftp3.syscom.mx\/usuarios\/fotos\/WIPS205O\/217568-captura_de_pantalla_2024-08-05_a_la(s)_10.04.57%E2%80%AFa.m..png' alt=''> <\/div>\n<div style='text-align: center;'>\n<h2 style='font-size: 24px; margin-top: 0; margin-bottom: 10px; color: inherit;'>Todo en un mismo dispositvo<\/h2>\n<p style='font-size: 18px; color: inherit; opacity: 0.8; margin: 10px 0;'>Plug and play&comma; el equipo ya cuenta con todo lo necesario para solamente llegar&comma; instalar y conectar las c\u00e1maras. En las aplicaciones tradicionales&comma; es necesario contar con una mayor cantidad de elementos&comma; esto para la misma aplicaci\u00f3n.<\/p>\n<p> <img style='width: 100%; height: auto; border: 1px solid rgba(150&comma;150&comma;150&comma;0.3); border-radius: 8px; margin: 20px 0;' src='https:\/\/ftp3.syscom.mx\/usuarios\/fotos\/WIPS205O\/217568-captura_de_pantalla_2024-08-05_a_la(s)_10.05.28%E2%80%AFa.m..png' alt=''> <\/div>\n<hr style='border: 0; border-top: 1px solid rgba(150&comma; 150&comma; 150&comma; 0.3); margin: 30px 0;'>\n<div style='display: flex; flex-wrap: wrap; gap: 20px;'>\n<div style='flex: 1 1 250px; border: 1px solid rgba(150&comma; 150&comma; 150&comma; 0.4); border-radius: 8px; overflow: hidden; display: flex; flex-direction: column;'>\n<div style='padding: 15px; border-bottom: 1px solid rgba(150&comma; 150&comma; 150&comma; 0.2); font-weight: bold; font-size: 18px; color: inherit;'>Especificaciones<\/div>\n<div style='padding: 15px; color: inherit;'>\n<ul style='padding-left: 20px; margin: 0; font-size: 14px; list-style-type: disc;'>\n<li style='margin-bottom: 5px;'><strong>Dimensiones:<\/strong> 341 x 215 x 77 mm<\/li>\n<li style='margin-bottom: 5px;'><strong>Interfaces de Red:<\/strong> (4) 10\/100 Mbps<br \/>(1) Uplink 10\/100 Mbps<\/li>\n<li style='margin-bottom: 5px;'><strong>Fuente de alimentaci\u00f3n interna:<\/strong> AC 110-240 V&comma; 50\/60Hz<\/li>\n<li style='margin-bottom: 5px;'><strong>Puertos PoE (RJ45):<\/strong> Puertos 1-4: Hasta 30W&comma; larga distancia 250 metros.<br \/>Presupuesto de PoE: 60W<\/li>\n<li style='margin-bottom: 5px;'><strong>Bandwidth:<\/strong> 1 Gbps<\/li>\n<li style='margin-bottom: 5px;'><strong>Mac Address Table:<\/strong> 4K<\/li>\n<li style='margin-bottom: 5px;'><strong>Packet Forwarding Rate:<\/strong> 0.74 Mpps<\/li>\n<li style='margin-bottom: 5px;'><strong>Nivel de protecci\u00f3n:<\/strong> Proteccion sobretensiones 6KV<br \/>6KV ESD Contact discharge<\/li>\n<li style='margin-bottom: 5px;'><strong>Temperatura de operaci\u00f3n:<\/strong> -30 to 70\u00b0 C<\/li>\n<li style='margin-bottom: 5px;'><strong>Certificaciones:<\/strong> CE&comma; FCC&comma; RoHS<\/li>\n<\/ul><\/div>\n<\/p><\/div>\n<div style='flex: 1 1 250px; border: 1px solid rgba(150&comma; 150&comma; 150&comma; 0.4); border-radius: 8px; overflow: hidden; display: flex; flex-direction: column;'>\n<div style='padding: 15px; border-bottom: 1px solid rgba(150&comma; 150&comma; 150&comma; 0.2); font-weight: bold; font-size: 18px; color: inherit;'>Caracter\u00edsticas<\/div>\n<div style='padding: 15px; color: inherit;'>\n<ul style='padding-left: 20px; margin: 0; font-size: 14px; list-style-type: disc;'>\n<li style='margin-bottom: 5px;'><strong>M\u00e9todo de Transmisi\u00f3n:<\/strong> Store-And-Forward<\/li>\n<li style='margin-bottom: 5px;'><strong>Funciones Avanzadas:<\/strong> PoE hasta 250 metros<br \/>Aislamiento de puertos<br \/>Protecci\u00f3n contra descargas<\/li>\n<\/ul><\/div>\n<\/p><\/div>\n<div style='flex: 1 1 250px; border: 1px solid rgba(150&comma; 150&comma; 150&comma; 0.4); border-radius: 8px; overflow: hidden; display: flex; flex-direction: column;'>\n<div style='padding: 15px; border-bottom: 1px solid rgba(150&comma; 150&comma; 150&comma; 0.2); font-weight: bold; font-size: 18px; color: inherit;'>Otros<\/div>\n<div style='padding: 15px; color: inherit;'>\n<ul style='padding-left: 20px; margin: 0; font-size: 14px; list-style-type: disc;'>\n<li style='margin-bottom: 5px;'><strong>Contenido del Paquete:<\/strong> Switch PoE<br \/>2 x Correas Met\u00e1licas<br \/>Gu\u00eda de Usuario\/Garant\u00eda<\/li>\n<\/ul><\/div>\n<\/p><\/div>\n<\/p><\/div>\n<\/p><\/div>\n<\/p><\/div>\n","protected":false},"excerpt":{"rendered":"<p>Switch PoE para exterior \/ No administrable \/ Con 4 puertos 10\/100 Mbsp PoE af\/at \/ 1 Puertos Uplink 10\/100 MBPS \/  Presupuesto 60 W \/ Ideal para Aplicaciones CCTV<\/p>\n","protected":false},"featured_media":95710,"comment_status":"open","ping_status":"closed","template":"","meta":[],"product_brand":[],"product_cat":[1986],"product_tag":[664,1987,1262],"class_list":{"0":"post-95711","1":"product","2":"type-product","3":"status-publish","4":"has-post-thumbnail","6":"product_cat-switches-poe","7":"product_tag-networking","8":"product_tag-switches-poe","9":"product_tag-wi-tek","11":"first","12":"outofstock","13":"sale","14":"shipping-taxable","15":"purchasable","16":"product-type-simple"},"_links":{"self":[{"href":"https:\/\/soydeaqui.ddns.net\/pachuca\/index.php\/wp-json\/wp\/v2\/product\/95711","targetHints":{"allow":["GET"]}}],"collection":[{"href":"https:\/\/soydeaqui.ddns.net\/pachuca\/index.php\/wp-json\/wp\/v2\/product"}],"about":[{"href":"https:\/\/soydeaqui.ddns.net\/pachuca\/index.php\/wp-json\/wp\/v2\/types\/product"}],"replies":[{"embeddable":true,"href":"https:\/\/soydeaqui.ddns.net\/pachuca\/index.php\/wp-json\/wp\/v2\/comments?post=95711"}],"wp:featuredmedia":[{"embeddable":true,"href":"https:\/\/soydeaqui.ddns.net\/pachuca\/index.php\/wp-json\/wp\/v2\/media\/95710"}],"wp:attachment":[{"href":"https:\/\/soydeaqui.ddns.net\/pachuca\/index.php\/wp-json\/wp\/v2\/media?parent=95711"}],"wp:term":[{"taxonomy":"product_brand","embeddable":true,"href":"https:\/\/soydeaqui.ddns.net\/pachuca\/index.php\/wp-json\/wp\/v2\/product_brand?post=95711"},{"taxonomy":"product_cat","embeddable":true,"href":"https:\/\/soydeaqui.ddns.net\/pachuca\/index.php\/wp-json\/wp\/v2\/product_cat?post=95711"},{"taxonomy":"product_tag","embeddable":true,"href":"https:\/\/soydeaqui.ddns.net\/pachuca\/index.php\/wp-json\/wp\/v2\/product_tag?post=95711"}],"curies":[{"name":"wp","href":"https:\/\/api.w.org\/{rel}","templated":true}]}}