{"id":95634,"date":"2026-03-20T07:37:30","date_gmt":"2026-03-20T07:37:30","guid":{"rendered":"https:\/\/soydeaqui.ddns.net\/pachuca\/index.php\/producto\/pantalla-principal-de-guia-de-estacionamiento-2-modulos-mensaje-de-bienvenida-uso-con-aplicacion-de-guia-de-estacionamiento\/"},"modified":"2026-03-20T07:37:32","modified_gmt":"2026-03-20T07:37:32","slug":"pantalla-principal-de-guia-de-estacionamiento-2-modulos-mensaje-de-bienvenida-uso-con-aplicacion-de-guia-de-estacionamiento","status":"publish","type":"product","link":"https:\/\/soydeaqui.ddns.net\/pachuca\/index.php\/producto\/pantalla-principal-de-guia-de-estacionamiento-2-modulos-mensaje-de-bienvenida-uso-con-aplicacion-de-guia-de-estacionamiento\/","title":{"rendered":"Pantalla Principal de Gu\u00eda de Estacionamiento \/ 2 M\u00f3dulos \/ Mensaje de Bienvenida \/ Uso con Aplicaci\u00f3n de Gu\u00eda de Estacionamiento"},"content":{"rendered":"<div style='width: 100%; max-width: 1200px; margin: 0 auto; font-family: sans-serif; line-height: 1.6; color: inherit; background-color: transparent;'>\n<p style='text-align: center; margin: 20px 0;'><img style='width: 45%; height: auto; border: 1px solid rgba(150&comma;150&comma;150&comma;0.3); border-radius: 8px;' src='https:\/\/ftp3.syscom.mx\/usuarios\/jsosa\/HIKVISION\/imagenes\/logo\/hikvision%20see%20far.png' alt='Logo Hikvision'><\/p>\n<div style='display: flex; flex-wrap: wrap; gap: 30px; margin-top: 30px;'>\n<div style='flex: 1 1 300px; min-width: 280px;'>\n<h3 style='font-size: 22px; border-bottom: 2px solid currentColor; padding-bottom: 5px; margin-top: 0; color: inherit; opacity: 0.8;'>Caracter\u00edsticas principales<\/h3>\n<ul style='padding-left: 20px; font-size: 15px; color: inherit;'>\n<li style='margin-bottom: 5px;'>Display principal para sistema de estacionamiento.<\/li>\n<li style='margin-bottom: 5px;'>Muestra mensaje de bienvenida y mensaje de informaci\u00f3n de espacios disponibles.<\/li>\n<li style='margin-bottom: 5px;'>Display modular (2 Segmentos).<\/li>\n<li style='margin-bottom: 5px;'>Comunicaci\u00f3n RS485&comma; TCP\/IP&comma; RS232.<\/li>\n<li style='margin-bottom: 5px;'>Se puede utilizar de forma independiente mediante red.<\/li>\n<li style='margin-bottom: 5px;'>Contiene informaci\u00f3n de todo el estacionamiento&comma; y por cada nivel.<\/li>\n<li style='margin-bottom: 5px;'>Color customizado por proyecto.<\/li>\n<\/ul><\/div>\n<div style='flex: 1 1 300px; min-width: 280px;'>\n<h3 style='font-size: 22px; border-bottom: 2px solid currentColor; padding-bottom: 5px; margin-top: 0; color: inherit; opacity: 0.8;'>Caracter\u00edsticas F\u00edsicas y El\u00e9ctricas<\/h3>\n<ul style='padding-left: 20px; font-size: 15px; color: inherit;'>\n<li style='margin-bottom: 5px;'>Voltaje de operaci\u00f3n: 110 VCA.<\/li>\n<li style='margin-bottom: 5px;'>Dimensiones: 700 \u00d7 2000 \u00d7 150 mm (ver ficha t\u00e9cnica)<\/li>\n<\/ul><\/div>\n<div style='flex: 1 1 300px; min-width: 280px;'>\n<h3 style='font-size: 22px; border-bottom: 2px solid currentColor; padding-bottom: 5px; margin-top: 0; color: inherit; opacity: 0.8;'>Caracter\u00edsticas Destacadas<\/h3>\n<ul style='padding-left: 20px; font-size: 15px; color: inherit;'>\n<li style='margin-bottom: 5px;'>Muestra en tiempo real los lugares disponibles para proporcionar un servicio r\u00e1pido y preciso a los conductores que buscan estacionamiento.<\/li>\n<li style='margin-bottom: 5px;'>El sistema soporta hasta 8 m\u00f3dulos (Diferentes modelos).<\/li>\n<\/ul><\/div>\n<\/p><\/div>\n<hr style='border: 0; border-top: 1px solid rgba(150&comma; 150&comma; 150&comma; 0.3); margin: 30px 0;'> <\/div>\n","protected":false},"excerpt":{"rendered":"<p>Pantalla Principal de Gu\u00eda de Estacionamiento \/ 2 M\u00f3dulos \/ Mensaje de Bienvenida \/ Uso con Aplicaci\u00f3n de Gu\u00eda de Estacionamiento<\/p>\n","protected":false},"featured_media":95633,"comment_status":"open","ping_status":"closed","template":"","meta":[],"product_brand":[],"product_cat":[777],"product_tag":[401,93,54],"class_list":{"0":"post-95634","1":"product","2":"type-product","3":"status-publish","4":"has-post-thumbnail","6":"product_cat-accesorios-acceso-vehicular","7":"product_tag-acceso-vehicular","8":"product_tag-accesorios","9":"product_tag-hikvision","11":"first","12":"outofstock","13":"sale","14":"shipping-taxable","15":"purchasable","16":"product-type-simple"},"_links":{"self":[{"href":"https:\/\/soydeaqui.ddns.net\/pachuca\/index.php\/wp-json\/wp\/v2\/product\/95634","targetHints":{"allow":["GET"]}}],"collection":[{"href":"https:\/\/soydeaqui.ddns.net\/pachuca\/index.php\/wp-json\/wp\/v2\/product"}],"about":[{"href":"https:\/\/soydeaqui.ddns.net\/pachuca\/index.php\/wp-json\/wp\/v2\/types\/product"}],"replies":[{"embeddable":true,"href":"https:\/\/soydeaqui.ddns.net\/pachuca\/index.php\/wp-json\/wp\/v2\/comments?post=95634"}],"wp:featuredmedia":[{"embeddable":true,"href":"https:\/\/soydeaqui.ddns.net\/pachuca\/index.php\/wp-json\/wp\/v2\/media\/95633"}],"wp:attachment":[{"href":"https:\/\/soydeaqui.ddns.net\/pachuca\/index.php\/wp-json\/wp\/v2\/media?parent=95634"}],"wp:term":[{"taxonomy":"product_brand","embeddable":true,"href":"https:\/\/soydeaqui.ddns.net\/pachuca\/index.php\/wp-json\/wp\/v2\/product_brand?post=95634"},{"taxonomy":"product_cat","embeddable":true,"href":"https:\/\/soydeaqui.ddns.net\/pachuca\/index.php\/wp-json\/wp\/v2\/product_cat?post=95634"},{"taxonomy":"product_tag","embeddable":true,"href":"https:\/\/soydeaqui.ddns.net\/pachuca\/index.php\/wp-json\/wp\/v2\/product_tag?post=95634"}],"curies":[{"name":"wp","href":"https:\/\/api.w.org\/{rel}","templated":true}]}}